-- Table structure for table `menus`
CREATE TABLE `menus` (
  `id` bigint unsigned NOT NULL AUTO_INCREMENT,
  `branch_id` bigint unsigned DEFAULT NULL,
  `menu_name` text COLLATE utf8mb4_unicode_ci,
  `sort_order` int unsigned NOT NULL DEFAULT '0',
  `created_at` timestamp NULL DEFAULT NULL,
  `updated_at` timestamp NULL DEFAULT NULL,
  PRIMARY KEY (`id`),
  KEY `menus_branch_id_foreign` (`branch_id`),
  CONSTRAINT `menus_branch_id_foreign` FOREIGN KEY (`branch_id`) REFERENCES `branches` (`id`) ON DELETE CASCADE ON UPDATE CASCADE
) ENGINE=InnoDB AUTO_INCREMENT=4 DEFAULT CHARSET=utf8mb4 COLLATE=utf8mb4_unicode_ci;

-- Dumping data for table `menus`
INSERT INTO `menus` VALUES
('1', '3', '{\"en\":\"Main Menu\"}', '0', '2025-11-27 01:34:35', '2025-11-27 01:34:35'),
('2', '4', '{\"en\":\"Menu\"}', '0', '2025-11-27 10:26:31', '2025-11-27 10:26:31'),
('3', '5', '{\"en\":\"Menu\"}', '0', '2025-12-01 11:44:14', '2025-12-01 11:44:14');


-- Table structure for table `migrations`
CREATE TABLE `migrations` (
  `id` int unsigned NOT NULL AUTO_INCREMENT,
  `migration` varchar(191) COLLATE utf8mb4_unicode_ci NOT NULL,
  `batch` int NOT NULL,
  PRIMARY KEY (`id`)
) ENGINE=InnoDB AUTO_INCREMENT=303 DEFAULT CHARSET=utf8mb4 COLLATE=utf8mb4_unicode_ci;

-- Dumping data for table `migrations`
INSERT INTO `migrations` VALUES
('1', '0001_01_01_000000_create_users_table', '1'),
('2', '0001_01_01_000001_create_cache_table', '1'),
('3', '0001_01_01_000002_create_jobs_table', '1'),
('4', '2014_04_02_193005_create_translations_table', '1'),
('5', '2024_01_01_create_printers_table', '1'),
('6', '2024_03_13_000002_create_expense_categories_table', '1'),
('7', '2024_07_01_060651_add_two_factor_columns_to_users_table', '1'),
('8', '2024_07_01_060707_create_personal_access_tokens_table', '1'),
('9', '2024_07_02_064204_create_menus_table', '1'),
('10', '2024_07_12_070634_create_areas_table', '1'),
('11', '2024_07_16_103816_create_orders_table', '1'),
('12', '2024_07_21_083459_add_user_type_column', '1'),
('13', '2024_07_24_131631_create_payments_table', '1'),
('14', '2024_07_31_081306_add_email_otp_column', '1'),
('15', '2024_08_02_061808_create_countries_table', '1'),
('16', '2024_08_02_071637_create_restaurant_settings_table', '1'),
('17', '2024_08_04_104258_create_razorpay_payments_table', '1'),
('18', '2024_08_05_092258_create_stripe_payments_table', '1'),
('19', '2024_08_05_110157_create_payment_gateway_credentials_table', '1'),
('20', '2024_08_13_033139_create_global_settings_table', '1'),
('21', '2024_08_13_073129_update_settings_add_envato_key', '1'),
('22', '2024_08_13_073129_update_settings_add_support_key', '1'),
('23', '2024_08_14_073129_update_settings_add_email', '1'),
('24', '2024_08_14_073129_update_settings_add_last_verified_key', '1'),
('25', '2024_09_13_081726_create_modules_table', '1'),
('26', '2024_09_14_130619_create_permission_tables', '1'),
('27', '2024_09_27_071339_create_reservations_table', '1'),
('28', '2024_10_02_090924_create_email_settings_table', '1'),
('29', '2024_10_03_073837_create_notification_settings_table', '1'),
('30', '2024_10_11_100539_create_branches_table', '1'),
('31', '2024_10_14_121135_create_onboarding_steps_table', '1'),
('32', '2024_10_15_071238_add_restaurant_hash_column', '1'),
('33', '2024_10_15_071238_storage', '1'),
('34', '2024_10_15_100639_create_restaurant_payments_table', '1'),
('35', '2024_10_27_101326_create_packages_table', '1'),
('36', '2024_11_02_112920_create_language_settings_table', '1'),
('37', '2024_11_02_120314_create_flags_table', '1'),
('38', '2024_11_02_120314_email_settings_table', '1'),
('39', '2024_11_08_071617_add_customer_login_required_column', '1'),
('40', '2024_11_08_093032_create_superadmin_payment_gateways_table', '1'),
('41', '2024_11_08_133506_add_stripe_column_for_license', '1'),
('42', '2024_11_12_055119_create_delivery_executives_table', '1'),
('43', '2024_11_12_055632_add_order_types_column', '1'),
('44', '2024_11_12_060500_create_order_histories_table', '1'),
('45', '2024_11_12_060500_global_license_type_table', '1'),
('46', '2024_11_12_060500_global_purchase_on_table', '1'),
('47', '2024_11_12_060500_global_setting_timezone_table', '1'),
('48', '2024_11_17_052707_currency_position', '1'),
('49', '2024_11_17_052707_move_qr_code', '1'),
('50', '2024_11_19_113852_add_is_active_to_restaurants_table', '1'),
('51', '2024_11_20_114816_add_staff_welcome_email_notification', '1'),
('52', '2024_11_25_061322_create_pusher_settings_table', '1'),
('53', '2024_11_26_090216_create_global_currencies_table', '1'),
('54', '2024_12_03_085842_add_about_us_column', '1'),
('55', '2024_12_03_104817_add_currency_id_packages', '1'),
('56', '2024_12_04_080223_add_allow_customer_delivery_orders', '1'),
('57', '2024_12_04_115601_add_preparation_time_column', '1'),
('58', '2024_12_11_110000_create_tables_for_subscription_table', '1'),
('59', '2024_12_11_131225_add_disable_landing_site_columns', '1'),
('60', '2024_12_12_090840_create_waiter_requests_table', '1'),
('61', '2024_12_13_090840_add_domain_global_setting', '1'),
('62', '2024_12_16_080201_create_lifetime_subscriptions_for_paid_restaurants', '1'),
('63', '2024_12_23_124452_add_payment_enabled_columns_to_payment_settings_table', '1'),
('64', '2024_12_27_054246_add_table_reservation_default_status_to_restaurants_table', '1'),
('65', '2024_12_30_074018_create_split_orders_table', '1'),
('66', '2024_12_30_200942_create_restaurant_settings_table', '1'),
('67', '2025_01_03_050139_add_social_media_links_to_reataurants_table', '1'),
('68', '2025_01_03_093938_add_social_media_links_to_global_settings_table', '1'),
('69', '2025_01_06_111550_create_receipt_settings_table', '1'),
('70', '2025_01_09_073145_generate_qr_codes_for_existing_branches', '1'),
('71', '2025_01_09_115652_update_receipt_settings_for_existing_restaurants', '1'),
('72', '2025_01_10_064103_add_table_required_column_to_customer_settings_table', '1'),
('73', '2025_01_10_100552_insert_to_file_storage_settings_default_values', '1'),
('74', '2025_01_11_063817_add_default_currency_column', '1'),
('75', '2025_01_15_000000_create_cart_header_settings_table', '1'),
('76', '2025_01_15_000001_create_cart_header_images_table', '1'),
('77', '2025_01_16_000000_add_is_header_disabled_to_cart_header_settings_table', '1'),
('78', '2025_01_16_125322_add_is_enabled_to_menu_items_table', '1'),
('79', '2025_01_16_131100_regenrate_qr_codes', '1'),
('80', '2025_01_20_000000_add_restaurant_id_to_roles', '1'),
('81', '2025_01_20_071544_add_branch_limit_to_packages_table', '1'),
('82', '2025_01_20_091630_update_item_type', '1'),
('83', '2025_01_20_125429_add_discount_columns_to_orders_table', '1'),
('84', '2025_01_21_064139_add_show_logo_text_column', '1'),
('85', '2025_01_21_064256_add_offline_payment', '1'),
('86', '2025_01_21_132218_fix_user_roles', '1'),
('87', '2025_01_22_114720_add_show_tax_to_receipt_setting', '1'),
('88', '2025_01_23_065746_create_modifier_groups_table', '1'),
('89', '2025_01_23_085333_create_restaurant_taxes_table', '1'),
('90', '2025_01_23_090554_create_modifier_options_table', '1'),
('91', '2025_01_23_094318_create_item_modifiers_table', '1'),
('92', '2025_01_23_121154_create_order_item_modifier_options_table', '1'),
('93', '2025_01_27_065822_add_balance_column_to_payment', '1'),
('94', '2025_01_28_111039_add_allow_dine_in_orders_to_restaurant', '1'),
('95', '2025_01_30_050755_add_yelp_icon_to_global_settings', '1'),
('96', '2025_01_30_055744_add_yelp_link_to_restaurants', '1'),
('97', '2025_01_30_100556_fix_package_price_length', '1'),
('98', '2025_01_30_104043_add_meta_data_to_global_settings', '1'),
('99', '2025_01_31_000001_create_predefined_amounts_table', '1'),
('100', '2025_02_03_062109_add_is_cash_payment_enabled_to_payment', '1'),
('101', '2025_02_04_140538_add_transaction_id_kot', '1'),
('102', '2025_02_15_121956_add_hide_new_orders_option_to_restaurant', '1'),
('103', '2025_02_17_052801_create_restaurant_charges_settings_table', '1'),
('104', '2025_02_17_093729_add_favicon_to_restaurant', '1'),
('105', '2025_02_19_091730_update_menu_name_to_json', '1'),
('106', '2025_02_20_095321_add_waiter_request_options_to_restaurant', '1'),
('107', '2025_02_21_051534_add_hash_to_global_settings_table', '1'),
('108', '2025_02_21_102116_add_column_to_settings', '1'),
('109', '2025_02_24_063827_add_payment_qr_to_receipt_settings', '1'),
('110', '2025_02_24_111946_add_permissions_to_customers', '1'),
('111', '2025_03_04_114535_add_is_enabled_to_restaurant_charges', '1'),
('112', '2025_03_10_055100_add_tip_column_to_orders_table', '1'),
('113', '2025_03_10_100727_add_is_pwa_intall_alert_show_column_in_restaurants_table', '1'),
('114', '2025_03_17_090450_add_meta_title_to_global_settings', '1'),
('115', '2025_03_18_044410_create_expenses_table', '1'),
('116', '2025_03_19_092459_create_custom_menus_table', '1'),
('117', '2025_03_19_103047_update_additional_modules', '1'),
('118', '2025_03_24_084350_add_show_payments_column_to_receipt_settings_table', '1'),
('119', '2025_04_01_050059_add_branch_id_to_expense_category', '1'),
('120', '2025_04_01_051356_add_branch_id_to_expenses', '1'),
('121', '2025_04_02_071911_update_kot_status_enum', '1'),
('122', '2025_04_07_112351_add_payment_recived_status_to_orders_table', '1'),
('123', '2025_04_08_063624_update_meta_keywords', '1'),
('124', '2025_04_10_065753_add_flutterwave_payment_gateway_columns_and_tables', '1'),
('125', '2025_04_15_084543_create_front_details_table', '1'),
('126', '2025_04_22_065157_create_front_reviews_setting_table', '1'),
('127', '2025_04_22_091055_create_branch_delivery_settings_table', '1'),
('128', '2025_04_22_091146_create_customer_addresses_table', '1'),
('129', '2025_04_22_091223_create_delivery_fee_tiers_table', '1'),
('130', '2025_04_22_091258_add_delivery_columns_to_orders_table', '1'),
('131', '2025_04_29_102014_add_landing_type_column_in_global_settings_table', '1'),
('132', '2025_04_29_114538_add_front_data_in_front_details_table', '1'),
('133', '2025_05_14_094039_update_printers_settings_columns_to_printers_table', '1'),
('134', '2025_05_15_071027_create_kot_places_table', '1'),
('135', '2025_05_23_124746_add_in_stock_column', '1'),
('136', '2025_05_26_105151_relocate_map_api_key_to_superadmin_settings', '1'),
('137', '2025_05_26_114443_modify_kot_places_table', '1'),
('138', '2025_05_30_081624_add_show_item_on_customer_site_to_menu_items', '1'),
('139', '2025_06_02_081928_add_session_driver_column_to_global_settings', '1'),
('140', '2025_06_02_112147_add_columns_to_superadmin_payment_gateways_table', '1'),
('141', '2025_06_02_112903_add_paypal_payment_column_to_payment_gateway_credentials', '1'),
('142', '2025_06_02_113108_create_paypal_payments_table', '1'),
('143', '2025_06_02_114326_add_paypal_payment_in_payment_method_to_payments', '1'),
('144', '2025_06_03_095923_add_status_column_kot_item', '1'),
('145', '2025_06_04_065130_add_columns_payfast_in_superadmin_payment_gateways_table', '1'),
('146', '2025_06_05_063256_add_sort_order_columns_in_menu_and_items', '1'),
('147', '2025_06_05_112055_create_kot_settings_table', '1'),
('148', '2025_06_06_050159_add_payfast_payment_column_to_payment_gateway_credentials', '1'),
('149', '2025_06_06_051204_create_payfast_payments_table', '1'),
('150', '2025_06_10_093131_change_delete_cascade_for_orders', '1'),
('151', '2025_06_11_061716_add_uuid_to_orders_table', '1'),
('152', '2025_06_11_062354_add_columns_paystack_in_superadmin_payment_gateways_table', '1'),
('153', '2025_06_13_112612_add_phone_to_users', '1'),
('154', '2025_06_13_113200_add_column_paystack_payments_to_payment_gateway_credentials', '1'),
('155', '2025_06_13_113240_create_paystack_payments_table', '1'),
('156', '2025_06_16_104533_add_note_columns_to_kot_items_and_order_items', '1'),
('157', '2025_06_18_112425_add_payment_gateways_to_restaurants_table', '1'),
('158', '2025_06_19_070518_add_position_to_custom_menus_table', '1'),
('159', '2025_06_20_060452_add_columns_to_branch_table', '1'),
('160', '2025_06_20_092521_add_others_type_to_payments_table', '1'),
('161', '2025_06_23_101041_create_kot_cancel_reasons_table', '1'),
('162', '2025_06_23_120021_update_kot_place_id_in_menu_items', '1'),
('163', '2025_06_24_092521_disable_printer', '1'),
('164', '2025_06_24_092811_add_column_cancel_kot_reason_to_kots_table', '1'),
('165', '2025_06_24_102830_update_enum_status_to_kots_table', '1'),
('166', '2025_06_25_094311_add_column_cancellation_reason_to_orders_table', '1'),
('167', '2025_06_26_060831_add_custom_delivery_options_to_restaurants_table', '1'),
('168', '2025_06_27_084541_insert_sample_kot_cancel_reasons_data', '1'),
('169', '2025_07_01_112529_create_print_jobs_table', '1'),
('170', '2025_07_01_133114_add_placed_via_column_orders_table', '1'),
('171', '2025_07_02_090709_create_order_types_table', '1'),
('172', '2025_07_02_105440_add_translations_columns_for_modifier_group', '1'),
('173', '2025_07_02_114040_add_unique_hash_to_branches_table', '1'),
('174', '2025_07_03_123829_update_kot_place_id_for_cloned_menu_items', '1'),
('175', '2025_07_04_064350_update_order_type_id_in_orders', '1'),
('176', '2025_07_04_081809_add_tax_mode_to_restaurants_table', '1'),
('177', '2025_07_04_131541_create_desktop_applications_table', '1'),
('178', '2025_07_07_070122_add_pusher_broadcast_to_pusher_settings_table', '1'),
('179', '2025_07_07_110131_create_menu_item_taxes_table', '1'),
('180', '2025_07_14_082950_add_columns_to_restaurants_table', '1'),
('181', '2025_07_14_124125_add_pick_up_date_range_in_restaurants_table', '1'),
('182', '2025_07_17_122331_create_order_number_settings', '1'),
('183', '2025_07_29_063129_modify_item_type_in-menus', '1'),
('184', '2025_07_29_082605_add_show_halal_and_veg_option_to_restaurants', '1'),
('185', '2025_07_30_125616_add_tax_mode_to_orders', '1'),
('186', '2025_08_01_114055_add_reservation_column_to_restaurants_table', '1'),
('187', '2025_08_04_131541_create_desktop_applications_update_table', '1'),
('188', '2025_08_05_081541_modify_split_orders_table_add_bank_transfer', '1'),
('189', '2025_08_06_065323_change_payment_method_to_string_in_payments_table', '1'),
('190', '2025_08_07_033322_add_column_disable_slot_minutes_to_restaurants_table', '1'),
('191', '2025_08_08_115502_add_variation_id_to_item_modifiers', '1'),
('192', '2025_08_12_133228_change_package_description_length', '1'),
('193', '2025_08_13_060315_rename_payfast_columns_in_superadmin_payment_gateways_table', '1'),
('194', '2025_08_13_110934_add_default_expense_categories_to_existing_branches', '1'),
('195', '2025_08_16_110310_add_slot_time_difference_to_reservations', '1'),
('196', '2025_08_19_071639_fix_tax_percent_to_unlimited_decimal', '1'),
('197', '2025_08_19_131541_create_desktop_applications_mac_update_table', '1'),
('198', '2025_08_20_000001_add_quantity_to_split_order_items', '1'),
('199', '2025_08_21_100452_add_html_content_print_job', '1'),
('200', '2025_08_25_050939_add_hide_menu_item_image_columns_to_restaurants_table', '1'),
('201', '2025_08_25_060934_add_xendit_payment_gateway_to_payment_gateway_credentials_table', '1'),
('202', '2025_08_25_061405_add_xendit_to_global_settings_table', '1'),
('203', '2025_08_25_061500_create_xendit_payments_table', '1'),
('204', '2025_08_25_062000_add_xendit_webhook_verification_tokens', '1'),
('205', '2025_08_29_091315_add_phone_code_to_customers_table', '1'),
('206', '2025_09_02_085025_add_xendit_payment_column_to_superadmin_payment_gateways_table', '1'),
('207', '2025_09_02_113846_add_xendit_payments_column_to_packages_table', '1'),
('208', '2025_09_02_130000_create_otps_table', '1'),
('209', '2025_09_11_094443_remove_phone_unique', '1'),
('210', '2025_09_15_100452_remove_extra_content_print_job', '1'),
('211', '2025_09_17_094034_create_cart_session_tables', '1'),
('212', '2025_09_18_051324_add_limit_columns_to_packages_table', '1'),
('213', '2025_09_18_083624_add_table_lock_columns_and_settings', '1'),
('214', '2025_09_23_062535_add_cancel_functionality_to_kot_items_table', '1'),
('215', '2025_09_25_063220_add_xendit_webhook_token_to_superadmin_payment_gateways', '1'),
('216', '2025_09_26_115847_add_token_number_to_orders_table', '1'),
('217', '2025_09_26_115854_add_enable_token_number_to_order_types_table', '1'),
('218', '2025_09_29_095519_create_delivery_platforms_table', '1'),
('219', '2025_10_01_064424_create_menu_item_prices_table', '1'),
('220', '2025_10_07_070000_add_reference_id_to_payment_tables', '1'),
('221', '2025_10_07_094006_add_token_number_to_kots_table', '1'),
('222', '2025_10_07_094018_remove_token_number_from_orders_table', '1'),
('223', '2025_10_08_095954_add_columns_paddle_payment_keys_to_superadmin_payment_gateways', '1'),
('224', '2025_10_08_102000_add_paddle_client_token_columns_to_superadmin_payment_gateways', '1'),
('225', '2025_10_09_041734_add_enable_paddle_to_global_settings_table', '1'),
('226', '2025_10_09_065853_remove_payload_from_print_jobs', '1'),
('227', '2025_10_09_084200_add_package_id_to_restaurant_payments_table', '1'),
('228', '2025_10_09_091500_add_paddle_price_ids_to_packages_table', '1'),
('229', '2025_10_10_100000_add_paddle_webhook_secret_to_superadmin_payment_gateways', '1'),
('230', '2025_10_10_122321_add_privacy_policy_link_to_global_settings_table', '1'),
('231', '2025_10_14_000001_create_modifier_option_prices_table', '1'),
('232', '2025_10_14_071228_add_consent_fields_to_users_table', '1'),
('233', '2025_10_14_105354_add_order_item_id_to_kot_items_table', '1'),
('234', '2025_10_15_045419_sms_count_packages', '1'),
('235', '2025_10_17_074528_add_delivery_app_id_orders_table', '1'),
('236', '2025_10_27_065853_add_from_printer_type', '1'),
('237', '2025_10_28_065738_add_discount_permission_to_existing_roles', '1'),
('238', '2025_10_28_081340_add_multipos_limit_to_packages_table', '1'),
('239', '2025_10_30_055800_add_qr_order_location_columns_to_restaurants_table', '1'),
('240', '2025_11_03_065853_add_from_printer_enum', '1'),
('241', '2025_11_07_065319_add_disable_order_type_popup_to_restaurants_table', '1'),
('242', '2025_11_10_000000_add_show_customer_phone_to_receipt_settings_table', '1'),
('243', '2025_11_10_000001_add_show_payment_status_to_receipt_settings_table', '1'),
('244', '2025_11_10_100652_add_added_by_to_orders_table', '1'),
('245', '2025_11_12_081126_create_table_epay_payments_table', '1'),
('246', '2025_11_13_060849_add_cancelled_by_to_orders_table', '1'),
('247', '2025_11_18_083606_add_modifier_option_prices_column_to_table', '1'),
('248', '2025_12_20_000000_add_cancelled_by_to_kot_items_table', '1'),
('249', '2023_10_17_073008_create_universal_bundle_settings_table', '2'),
('250', '2025_01_15_000000_create_database_backups_table', '3'),
('251', '2025_01_15_000001_create_database_backup_settings_table', '3'),
('252', '2025_01_01_121040_inventory_global_settings', '4'),
('253', '2025_02_06_095827_create_invetory_module_table', '4'),
('254', '2025_02_12_create_purchase_orders_tables', '4'),
('255', '2025_03_02_181226_create_inventory_settings_table', '4'),
('256', '2025_03_05_100018_create_inventory_settings_table', '4'),
('257', '2025_03_19_113535_soft_delete_supplier', '4'),
('258', '2025_03_20_113535_permission_supplier', '4'),
('259', '2025_07_07_000000_add_variation_support_to_recipes_table', '4'),
('260', '2025_07_07_000001_add_modifier_option_support_to_recipes_table', '4'),
('261', '2025_07_07_000002_make_menu_item_id_nullable_in_recipes_table copy', '4'),
('262', '2025_01_01_121040_kitchen_global_settings', '5'),
('263', '2025_05_19_163251_add_permission_to_kot_places', '5'),
('264', '2025_06_12_094512_add_kitchen_place_id_to_kot', '5'),
('265', '2025_09_11_000002_update_cascade_purchase_orders_table', '6'),
('266', '2025_11_25_000000_create_purchase_order_payments_table', '6'),
('267', '2025_11_25_120001_add_description_photo_to_inventory_items_table', '6'),
('268', '2025_06_16_121348_update_kot_place_id_in_menu_items', '7'),
('269', '2020_04_09_121040_subdomain_settings', '8'),
('270', '2024_11_01_000000_add_sub_domain_in_companies_table', '8'),
('271', '2025_08_25_062431_create_sms_settings_table', '9'),
('272', '2025_08_25_085421_create_sms_permissions_table', '9'),
('273', '2025_08_28_081001_create_sms_notification_settings_table', '9'),
('274', '2025_09_09_045430_create_sms_template_table', '9'),
('275', '2025_09_25_065936_create_sms_usage_logs_table', '9'),
('276', '2025_09_26_055517_add_columns_to_packages_table', '9'),
('277', '2025_01_01_073008_create_global_settings_table', '10'),
('278', '2025_01_15_000001_create_pos_machines_table', '10'),
('279', '2025_01_15_000002_add_pos_machine_id_to_orders_table', '10'),
('280', '2025_01_15_000003_add_pos_machine_id_to_register_sessions_table', '10'),
('281', '2025_01_15_000004_add_pos_machine_request_notification_setting', '10'),
('282', '2025_10_24_100001_create_multi_pos_module', '10'),
('283', '2025_11_07_093246_add_device_id_to_pos_machines_table', '10'),
('284', '2025_11_24_181400_call_activate_command_for_notification_settings', '10'),
('285', '2023_10_09_114356_create_language_pack_settings_table', '11'),
('286', '2023_11_02_094141_language_pack_notify_update_global_settings', '11'),
('287', '2023_11_28_094141_language_license_type_update_global_settings', '11'),
('288', '2023_12_19_091940_purchased_on_language_setting_table', '11'),
('289', '2025_08_01_164051_create_kiosk_setting_tables', '12'),
('290', '2025_09_26_164051_create_kiosk_tables', '12'),
('291', '2025_09_26_164052_create_kiosk_promos_tables', '12'),
('292', '2025_10_08_164052_create_kiosks', '12'),
('293', '2025_09_01_073008_create_global_settings_table', '13'),
('294', '2025_09_16_000001_create_cash_register_module', '13'),
('295', '2025_09_16_000001_create_cash_registers_tables', '13'),
('296', '2025_09_18_000002_add_approval_columns_to_cash_register_sessions', '13'),
('297', '2025_09_20_000003_create_denominations_table', '13'),
('298', '2025_09_26_043532_create_cash_register_settings_table', '13'),
('299', '2025_09_29_120001_add_order_id_to_cash_register_transactions_table', '13'),
('300', '2025_10_08_070529_add_open_register_permission_to_cash_register_module', '13'),
('301', '2025_10_08_080000_rename_cash_register_permissions', '13'),
('302', '2025_10_10_120000_drop_currency_from_denominations', '13');


-- Table structure for table `model_has_permissions`
CREATE TABLE `model_has_permissions` (
  `permission_id` bigint unsigned NOT NULL,
  `model_type` varchar(191) COLLATE utf8mb4_unicode_ci NOT NULL,
  `model_id` bigint unsigned NOT NULL,
  PRIMARY KEY (`permission_id`,`model_id`,`model_type`),
  KEY `model_has_permissions_model_id_model_type_index` (`model_id`,`model_type`),
  CONSTRAINT `model_has_permissions_permission_id_foreign` FOREIGN KEY (`permission_id`) REFERENCES `permissions` (`id`) ON DELETE CASCADE
) ENGINE=InnoDB DEFAULT CHARSET=utf8mb4 COLLATE=utf8mb4_unicode_ci;


-- Table structure for table `model_has_roles`
CREATE TABLE `model_has_roles` (
  `role_id` bigint unsigned NOT NULL,
  `model_type` varchar(191) COLLATE utf8mb4_unicode_ci NOT NULL,
  `model_id` bigint unsigned NOT NULL,
  PRIMARY KEY (`role_id`,`model_id`,`model_type`),
  KEY `model_has_roles_model_id_model_type_index` (`model_id`,`model_type`),
  CONSTRAINT `model_has_roles_role_id_foreign` FOREIGN KEY (`role_id`) REFERENCES `roles` (`id`) ON DELETE CASCADE
) ENGINE=InnoDB DEFAULT CHARSET=utf8mb4 COLLATE=utf8mb4_unicode_ci;

-- Dumping data for table `model_has_roles`
INSERT INTO `model_has_roles` VALUES
('1', 'App\\Models\\User', '1'),
('2', 'App\\Models\\User', '2'),
('4', 'App\\Models\\User', '3'),
('6', 'App\\Models\\User', '4'),
('10', 'App\\Models\\User', '5'),
('14', 'App\\Models\\User', '6'),
('15', 'App\\Models\\User', '7'),
('1', 'App\\Models\\User', '8');


-- Table structure for table `modifier_group_translations`
CREATE TABLE `modifier_group_translations` (
  `id` bigint unsigned NOT NULL AUTO_INCREMENT,
  `modifier_group_id` bigint unsigned NOT NULL,
  `locale` varchar(191) COLLATE utf8mb4_unicode_ci NOT NULL,
  `name` varchar(191) COLLATE utf8mb4_unicode_ci DEFAULT NULL,
  `description` text COLLATE utf8mb4_unicode_ci,
  PRIMARY KEY (`id`),
  UNIQUE KEY `modifier_group_translations_modifier_group_id_locale_unique` (`modifier_group_id`,`locale`),
  KEY `modifier_group_translations_locale_index` (`locale`),
  CONSTRAINT `modifier_group_translations_modifier_group_id_foreign` FOREIGN KEY (`modifier_group_id`) REFERENCES `modifier_groups` (`id`) ON DELETE CASCADE
) ENGINE=InnoDB DEFAULT CHARSET=utf8mb4 COLLATE=utf8mb4_unicode_ci;


-- Table structure for table `modifier_groups`
CREATE TABLE `modifier_groups` (
  `id` bigint unsigned NOT NULL AUTO_INCREMENT,
  `name` varchar(191) COLLATE utf8mb4_unicode_ci NOT NULL,
  `description` text COLLATE utf8mb4_unicode_ci,
  `branch_id` bigint unsigned DEFAULT NULL,
  `created_at` timestamp NULL DEFAULT NULL,
  `updated_at` timestamp NULL DEFAULT NULL,
  PRIMARY KEY (`id`),
  KEY `modifier_groups_branch_id_foreign` (`branch_id`),
  CONSTRAINT `modifier_groups_branch_id_foreign` FOREIGN KEY (`branch_id`) REFERENCES `branches` (`id`) ON DELETE CASCADE ON UPDATE CASCADE
) ENGINE=InnoDB DEFAULT CHARSET=utf8mb4 COLLATE=utf8mb4_unicode_ci;


-- Table structure for table `modifier_option_prices`
CREATE TABLE `modifier_option_prices` (
  `id` bigint unsigned NOT NULL AUTO_INCREMENT,
  `modifier_group_id` bigint unsigned NOT NULL,
  `modifier_option_id` bigint unsigned DEFAULT NULL,
  `order_type_id` bigint unsigned DEFAULT NULL,
  `delivery_app_id` bigint unsigned DEFAULT NULL,
  `calculated_price` decimal(16,2) NOT NULL,
  `override_price` decimal(16,2) DEFAULT NULL,
  `final_price` decimal(16,2) NOT NULL DEFAULT '0.00',
  `status` tinyint(1) NOT NULL DEFAULT '1',
  `created_at` timestamp NULL DEFAULT NULL,
  `updated_at` timestamp NULL DEFAULT NULL,
  PRIMARY KEY (`id`),
  KEY `modifier_option_prices_modifier_group_id_foreign` (`modifier_group_id`),
  KEY `modifier_option_prices_modifier_option_id_foreign` (`modifier_option_id`),
  KEY `modifier_option_prices_order_type_id_foreign` (`order_type_id`),
  KEY `modifier_option_prices_delivery_app_id_foreign` (`delivery_app_id`),
  CONSTRAINT `modifier_option_prices_delivery_app_id_foreign` FOREIGN KEY (`delivery_app_id`) REFERENCES `delivery_platforms` (`id`) ON DELETE CASCADE ON UPDATE CASCADE,
  CONSTRAINT `modifier_option_prices_modifier_group_id_foreign` FOREIGN KEY (`modifier_group_id`) REFERENCES `modifier_groups` (`id`) ON DELETE CASCADE ON UPDATE CASCADE,
  CONSTRAINT `modifier_option_prices_modifier_option_id_foreign` FOREIGN KEY (`modifier_option_id`) REFERENCES `modifier_options` (`id`) ON DELETE CASCADE ON UPDATE CASCADE,
  CONSTRAINT `modifier_option_prices_order_type_id_foreign` FOREIGN KEY (`order_type_id`) REFERENCES `order_types` (`id`) ON DELETE CASCADE ON UPDATE CASCADE
) ENGINE=InnoDB DEFAULT CHARSET=utf8mb4 COLLATE=utf8mb4_unicode_ci;


-- Table structure for table `modifier_options`
CREATE TABLE `modifier_options` (
  `id` bigint unsigned NOT NULL AUTO_INCREMENT,
  `modifier_group_id` bigint unsigned NOT NULL,
  `name` text COLLATE utf8mb4_unicode_ci,
  `price` decimal(16,2) NOT NULL,
  `is_available` tinyint(1) NOT NULL DEFAULT '1',
  `sort_order` int NOT NULL DEFAULT '0',
  `is_preselected` tinyint(1) NOT NULL DEFAULT '0',
  `created_at` timestamp NULL DEFAULT NULL,
  `updated_at` timestamp NULL DEFAULT NULL,
  PRIMARY KEY (`id`),
  KEY `modifier_options_modifier_group_id_foreign` (`modifier_group_id`),
  CONSTRAINT `modifier_options_modifier_group_id_foreign` FOREIGN KEY (`modifier_group_id`) REFERENCES `modifier_groups` (`id`) ON DELETE CASCADE ON UPDATE CASCADE
) ENGINE=InnoDB DEFAULT CHARSET=utf8mb4 COLLATE=utf8mb4_unicode_ci;


-- Table structure for table `modules`
CREATE TABLE `modules` (
  `id` bigint unsigned NOT NULL AUTO_INCREMENT,
  `name` varchar(191) COLLATE utf8mb4_unicode_ci NOT NULL,
  `created_at` timestamp NULL DEFAULT NULL,
  `updated_at` timestamp NULL DEFAULT NULL,
  PRIMARY KEY (`id`)
) ENGINE=InnoDB AUTO_INCREMENT=23 DEFAULT CHARSET=utf8mb4 COLLATE=utf8mb4_unicode_ci;

-- Dumping data for table `modules`
INSERT INTO `modules` VALUES
('1', 'Menu', NULL, NULL),
('2', 'Menu Item', NULL, NULL),
('3', 'Item Category', NULL, NULL),
('4', 'Area', NULL, NULL),
('5', 'Table', NULL, NULL),
('6', 'Reservation', NULL, NULL),
('7', 'KOT', NULL, NULL),
('8', 'Order', NULL, NULL),
('9', 'Customer', NULL, NULL),
('10', 'Staff', NULL, NULL),
('11', 'Payment', NULL, NULL),
('12', 'Report', NULL, NULL),
('13', 'Settings', NULL, NULL),
('14', 'Delivery Executive', NULL, NULL),
('15', 'Waiter Request', NULL, NULL),
('16', 'Expense', NULL, NULL),
('17', 'Inventory', '2025-11-27 00:59:43', '2025-11-27 00:59:43'),
('18', 'Kitchen', '2025-11-27 00:59:55', '2025-11-27 00:59:55'),
('19', 'Sms', '2025-11-27 01:00:55', '2025-11-27 01:00:55'),
('20', 'MultiPOS', '2025-11-27 01:01:04', '2025-11-27 01:01:04'),
('21', 'Kiosk', '2025-11-27 01:01:24', '2025-11-27 01:01:24'),
('22', 'Cash Register', '2025-11-27 01:01:32', '2025-11-27 01:01:32');


-- Table structure for table `multi_pos_global_settings`
CREATE TABLE `multi_pos_global_settings` (
  `id` bigint unsigned NOT NULL AUTO_INCREMENT,
  `purchase_code` varchar(191) COLLATE utf8mb4_unicode_ci DEFAULT NULL,
  `supported_until` timestamp NULL DEFAULT NULL,
  `purchased_on` timestamp NULL DEFAULT NULL,
  `license_type` varchar(20) COLLATE utf8mb4_unicode_ci DEFAULT NULL,
  `notify_update` tinyint(1) NOT NULL DEFAULT '1',
  `created_at` timestamp NULL DEFAULT NULL,
  `updated_at` timestamp NULL DEFAULT NULL,
  PRIMARY KEY (`id`)
) ENGINE=InnoDB AUTO_INCREMENT=2 DEFAULT CHARSET=utf8mb4 COLLATE=utf8mb4_unicode_ci;

-- Dumping data for table `multi_pos_global_settings`
INSERT INTO `multi_pos_global_settings` VALUES
('1', '384c0006-c196-4a86-bfa0-4a1d78192734', '2026-05-28 03:22:34', NULL, NULL, '1', '2025-11-27 01:01:04', '2025-11-27 01:01:05');


-- Table structure for table `notification_settings`
CREATE TABLE `notification_settings` (
  `id` bigint unsigned NOT NULL AUTO_INCREMENT,
  `restaurant_id` bigint unsigned DEFAULT NULL,
  `type` varchar(191) COLLATE utf8mb4_unicode_ci NOT NULL,
  `send_email` tinyint(1) NOT NULL DEFAULT '1',
  `created_at` timestamp NULL DEFAULT NULL,
  `updated_at` timestamp NULL DEFAULT NULL,
  PRIMARY KEY (`id`),
  KEY `notification_settings_restaurant_id_foreign` (`restaurant_id`),
  CONSTRAINT `notification_settings_restaurant_id_foreign` FOREIGN KEY (`restaurant_id`) REFERENCES `restaurants` (`id`) ON DELETE CASCADE ON UPDATE CASCADE
) ENGINE=InnoDB AUTO_INCREMENT=22 DEFAULT CHARSET=utf8mb4 COLLATE=utf8mb4_unicode_ci;

-- Dumping data for table `notification_settings`
INSERT INTO `notification_settings` VALUES
('1', '1', 'order_received', '1', NULL, NULL),
('2', '1', 'reservation_confirmed', '1', NULL, NULL),
('3', '1', 'new_reservation', '1', NULL, NULL),
('4', '1', 'order_bill_sent', '1', NULL, NULL),
('5', '1', 'staff_welcome', '1', NULL, NULL),
('6', '1', 'pos_machine_request', '1', '2025-11-27 01:01:04', '2025-11-27 01:01:04'),
('7', '2', 'order_received', '1', NULL, NULL),
('8', '2', 'reservation_confirmed', '1', NULL, NULL),
('9', '2', 'new_reservation', '1', NULL, NULL),
('10', '2', 'order_bill_sent', '1', NULL, NULL),
('11', '2', 'staff_welcome', '1', NULL, NULL),
('12', '3', 'order_received', '1', NULL, NULL),
('13', '3', 'reservation_confirmed', '1', NULL, NULL),
('14', '3', 'new_reservation', '1', NULL, NULL),
('15', '3', 'order_bill_sent', '1', NULL, NULL),
('16', '3', 'staff_welcome', '1', NULL, NULL),
('17', '4', 'order_received', '1', NULL, NULL),
('18', '4', 'reservation_confirmed', '1', NULL, NULL),
('19', '4', 'new_reservation', '1', NULL, NULL),
('20', '4', 'order_bill_sent', '1', NULL, NULL),
('21', '4', 'staff_welcome', '1', NULL, NULL);


-- Table structure for table `offline_payment_methods`
CREATE TABLE `offline_payment_methods` (
  `id` bigint unsigned NOT NULL AUTO_INCREMENT,
  `restaurant_id` bigint unsigned DEFAULT NULL,
  `name` varchar(191) COLLATE utf8mb4_unicode_ci NOT NULL,
  `description` text COLLATE utf8mb4_unicode_ci,
  `status` enum('active','inactive') COLLATE utf8mb4_unicode_ci NOT NULL DEFAULT 'active',
  `created_at` timestamp NULL DEFAULT NULL,
  `updated_at` timestamp NULL DEFAULT NULL,
  PRIMARY KEY (`id`),
  KEY `offline_payment_methods_restaurant_id_foreign` (`restaurant_id`),
  CONSTRAINT `offline_payment_methods_restaurant_id_foreign` FOREIGN KEY (`restaurant_id`) REFERENCES `restaurants` (`id`) ON DELETE CASCADE ON UPDATE CASCADE
) ENGINE=InnoDB DEFAULT CHARSET=utf8mb4 COLLATE=utf8mb4_unicode_ci;


-- Table structure for table `offline_plan_changes`
CREATE TABLE `offline_plan_changes` (
  `id` bigint unsigned NOT NULL AUTO_INCREMENT,
  `restaurant_id` bigint unsigned DEFAULT NULL,
  `package_id` bigint unsigned NOT NULL,
  `package_type` varchar(191) COLLATE utf8mb4_unicode_ci NOT NULL,
  `amount` decimal(16,2) DEFAULT NULL,
  `pay_date` date DEFAULT NULL,
  `next_pay_date` date DEFAULT NULL,
  `invoice_id` bigint unsigned DEFAULT NULL,
  `offline_method_id` bigint unsigned DEFAULT NULL,
  `file_name` varchar(191) COLLATE utf8mb4_unicode_ci DEFAULT NULL,
  `status` enum('verified','pending','rejected') COLLATE utf8mb4_unicode_ci NOT NULL DEFAULT 'pending',
  `remark` text COLLATE utf8mb4_unicode_ci,
  `description` mediumtext COLLATE utf8mb4_unicode_ci NOT NULL,
  `created_at` timestamp NULL DEFAULT NULL,
  `updated_at` timestamp NULL DEFAULT NULL,
  PRIMARY KEY (`id`),
  KEY `offline_plan_changes_restaurant_id_foreign` (`restaurant_id`),
  KEY `offline_plan_changes_package_id_foreign` (`package_id`),
  KEY `offline_plan_changes_invoice_id_foreign` (`invoice_id`),
  KEY `offline_plan_changes_offline_method_id_foreign` (`offline_method_id`),
  CONSTRAINT `offline_plan_changes_invoice_id_foreign` FOREIGN KEY (`invoice_id`) REFERENCES `global_invoices` (`id`) ON DELETE CASCADE ON UPDATE CASCADE,
  CONSTRAINT `offline_plan_changes_offline_method_id_foreign` FOREIGN KEY (`offline_method_id`) REFERENCES `offline_payment_methods` (`id`) ON DELETE CASCADE ON UPDATE CASCADE,
  CONSTRAINT `offline_plan_changes_package_id_foreign` FOREIGN KEY (`package_id`) REFERENCES `packages` (`id`) ON DELETE CASCADE ON UPDATE CASCADE,
  CONSTRAINT `offline_plan_changes_restaurant_id_foreign` FOREIGN KEY (`restaurant_id`) REFERENCES `restaurants` (`id`) ON DELETE CASCADE ON UPDATE CASCADE
) ENGINE=InnoDB DEFAULT CHARSET=utf8mb4 COLLATE=utf8mb4_unicode_ci;


-- Table structure for table `onboarding_steps`
CREATE TABLE `onboarding_steps` (
  `id` bigint unsigned NOT NULL AUTO_INCREMENT,
  `branch_id` bigint unsigned NOT NULL,
  `add_area_completed` tinyint(1) NOT NULL DEFAULT '0',
  `add_table_completed` tinyint(1) NOT NULL DEFAULT '0',
  `add_menu_completed` tinyint(1) NOT NULL DEFAULT '0',
  `add_menu_items_completed` tinyint(1) NOT NULL DEFAULT '0',
  `created_at` timestamp NULL DEFAULT NULL,
  `updated_at` timestamp NULL DEFAULT NULL,
  PRIMARY KEY (`id`),
  KEY `onboarding_steps_branch_id_foreign` (`branch_id`),
  CONSTRAINT `onboarding_steps_branch_id_foreign` FOREIGN KEY (`branch_id`) REFERENCES `branches` (`id`) ON DELETE CASCADE
) ENGINE=InnoDB AUTO_INCREMENT=8 DEFAULT CHARSET=utf8mb4 COLLATE=utf8mb4_unicode_ci;

-- Dumping data for table `onboarding_steps`
INSERT INTO `onboarding_steps` VALUES
('1', '1', '0', '0', '0', '0', '2025-11-27 00:00:51', '2025-11-27 00:00:51'),
('2', '1', '0', '0', '0', '0', '2025-11-27 00:00:54', '2025-11-27 00:00:54'),
('3', '2', '0', '0', '0', '0', '2025-11-27 00:00:54', '2025-11-27 00:00:54'),
('4', '2', '0', '0', '0', '0', '2025-11-27 00:00:54', '2025-11-27 00:00:54'),
('5', '3', '1', '1', '1', '1', '2025-11-27 01:20:35', '2025-11-27 01:35:35'),
('6', '4', '1', '1', '1', '1', '2025-11-27 10:17:19', '2025-11-27 10:36:23'),
('7', '5', '1', '1', '1', '1', '2025-12-01 11:34:12', '2025-12-01 11:50:16');


-- Table structure for table `order_charges`
CREATE TABLE `order_charges` (
  `id` bigint unsigned NOT NULL AUTO_INCREMENT,
  `order_id` bigint unsigned NOT NULL,
  `charge_id` bigint unsigned NOT NULL,
  PRIMARY KEY (`id`),
  KEY `order_charges_order_id_foreign` (`order_id`),
  KEY `order_charges_charge_id_foreign` (`charge_id`),
  CONSTRAINT `order_charges_charge_id_foreign` FOREIGN KEY (`charge_id`) REFERENCES `restaurant_charges` (`id`) ON DELETE CASCADE,
  CONSTRAINT `order_charges_order_id_foreign` FOREIGN KEY (`order_id`) REFERENCES `orders` (`id`) ON DELETE CASCADE
) ENGINE=InnoDB DEFAULT CHARSET=utf8mb4 COLLATE=utf8mb4_unicode_ci;


-- Table structure for table `order_histories`
CREATE TABLE `order_histories` (
  `id` bigint unsigned NOT NULL AUTO_INCREMENT,
  `order_id` bigint unsigned NOT NULL,
  `status` varchar(191) COLLATE utf8mb4_unicode_ci NOT NULL,
  `created_at` timestamp NULL DEFAULT NULL,
  `updated_at` timestamp NULL DEFAULT NULL,
  PRIMARY KEY (`id`),
  KEY `order_histories_order_id_foreign` (`order_id`),
  CONSTRAINT `order_histories_order_id_foreign` FOREIGN KEY (`order_id`) REFERENCES `orders` (`id`) ON DELETE CASCADE
) ENGINE=InnoDB DEFAULT CHARSET=utf8mb4 COLLATE=utf8mb4_unicode_ci;


-- Table structure for table `order_item_modifier_options`
CREATE TABLE `order_item_modifier_options` (
  `id` bigint unsigned NOT NULL AUTO_INCREMENT,
  `order_item_id` bigint unsigned NOT NULL,
  `modifier_option_id` bigint unsigned DEFAULT NULL,
  `modifier_option_name` text COLLATE utf8mb4_unicode_ci,
  `modifier_option_price` decimal(10,2) DEFAULT NULL,
  `created_at` timestamp NULL DEFAULT NULL,
  `updated_at` timestamp NULL DEFAULT NULL,
  PRIMARY KEY (`id`),
  KEY `order_item_modifier_options_order_item_id_foreign` (`order_item_id`),
  KEY `order_item_modifier_options_modifier_option_id_foreign` (`modifier_option_id`),
  CONSTRAINT `order_item_modifier_options_modifier_option_id_foreign` FOREIGN KEY (`modifier_option_id`) REFERENCES `modifier_options` (`id`) ON DELETE SET NULL ON UPDATE CASCADE,
  CONSTRAINT `order_item_modifier_options_order_item_id_foreign` FOREIGN KEY (`order_item_id`) REFERENCES `order_items` (`id`) ON DELETE CASCADE ON UPDATE CASCADE
) ENGINE=InnoDB DEFAULT CHARSET=utf8mb4 COLLATE=utf8mb4_unicode_ci;


-- Table structure for table `order_items`
CREATE TABLE `order_items` (
  `id` bigint unsigned NOT NULL AUTO_INCREMENT,
  `branch_id` bigint unsigned DEFAULT NULL,
  `order_id` bigint unsigned NOT NULL,
  `transaction_id` varchar(191) COLLATE utf8mb4_unicode_ci DEFAULT NULL,
  `menu_item_id` bigint unsigned NOT NULL,
  `menu_item_variation_id` bigint unsigned DEFAULT NULL,
  `note` text COLLATE utf8mb4_unicode_ci,
  `quantity` int NOT NULL,
  `price` decimal(16,2) NOT NULL,
  `amount` decimal(16,2) NOT NULL,
  `tax_amount` decimal(15,2) DEFAULT NULL,
  `tax_percentage` decimal(8,4) DEFAULT NULL,
  `tax_breakup` json DEFAULT NULL,
  `created_at` timestamp NULL DEFAULT NULL,
  `updated_at` timestamp NULL DEFAULT NULL,
  PRIMARY KEY (`id`),
  KEY `order_items_order_id_foreign` (`order_id`),
  KEY `order_items_menu_item_id_foreign` (`menu_item_id`),
  KEY `order_items_menu_item_variation_id_foreign` (`menu_item_variation_id`),
  KEY `order_items_branch_id_foreign` (`branch_id`),
  CONSTRAINT `order_items_branch_id_foreign` FOREIGN KEY (`branch_id`) REFERENCES `branches` (`id`) ON DELETE CASCADE ON UPDATE CASCADE,
  CONSTRAINT `order_items_menu_item_id_foreign` FOREIGN KEY (`menu_item_id`) REFERENCES `menu_items` (`id`) ON DELETE CASCADE,
  CONSTRAINT `order_items_menu_item_variation_id_foreign` FOREIGN KEY (`menu_item_variation_id`) REFERENCES `menu_item_variations` (`id`) ON DELETE CASCADE,
  CONSTRAINT `order_items_order_id_foreign` FOREIGN KEY (`order_id`) REFERENCES `orders` (`id`) ON DELETE CASCADE
) ENGINE=InnoDB AUTO_INCREMENT=293 DEFAULT CHARSET=utf8mb4 COLLATE=utf8mb4_unicode_ci;

-- Dumping data for table `order_items`
INSERT INTO `order_items` VALUES
('2', '4', '3', NULL, '2', NULL, '', '1', '3.00', '3.00', NULL, NULL, NULL, '2025-11-27 16:09:10', '2025-11-27 16:09:10'),
('3', '4', '4', NULL, '2', NULL, '', '1', '3.00', '3.00', NULL, NULL, NULL, '2025-11-27 16:30:13', '2025-11-27 16:30:13'),
('4', '4', '6', NULL, '2', NULL, '', '1', '3.00', '3.00', NULL, NULL, NULL, '2025-11-27 18:51:10', '2025-11-27 18:51:10'),
('5', '4', '7', NULL, '2', NULL, '', '1', '3.00', '3.00', NULL, NULL, NULL, '2025-11-27 18:53:31', '2025-11-27 18:53:31'),
('6', '3', '8', NULL, '1', NULL, '', '1', '10.00', '10.00', NULL, NULL, NULL, '2025-11-27 20:05:40', '2025-11-27 20:05:40'),
('7', '3', '2', NULL, '1', NULL, NULL, '1', '10.00', '10.00', NULL, NULL, NULL, '2025-11-27 20:06:45', '2025-11-27 20:06:45'),
('8', '4', '10', NULL, '2', NULL, '', '18', '3.00', '54.00', NULL, NULL, NULL, '2025-11-27 23:50:36', '2025-11-27 23:50:36'),
('9', '4', '10', NULL, '4', NULL, '', '16', '4.00', '64.00', NULL, NULL, NULL, '2025-11-27 23:50:36', '2025-11-27 23:50:36'),
('10', '4', '10', NULL, '25', NULL, '', '8', '8.00', '64.00', NULL, NULL, NULL, '2025-11-27 23:50:36', '2025-11-27 23:50:36'),
('11', '4', '10', NULL, '45', NULL, '', '4', '7.00', '28.00', NULL, NULL, NULL, '2025-11-27 23:50:36', '2025-11-27 23:50:36'),
('12', '4', '10', NULL, '65', NULL, '', '4', '7.00', '28.00', NULL, NULL, NULL, '2025-11-27 23:50:36', '2025-11-27 23:50:36'),
('13', '4', '10', NULL, '68', NULL, '', '4', '24.00', '96.00', NULL, NULL, NULL, '2025-11-27 23:50:36', '2025-11-27 23:50:36'),
('14', '4', '10', NULL, '27', NULL, '', '8', '30.00', '240.00', NULL, NULL, NULL, '2025-11-27 23:50:36', '2025-11-27 23:50:36'),
('15', '4', '10', NULL, '85', NULL, '', '4', '40.00', '160.00', NULL, NULL, NULL, '2025-11-27 23:50:36', '2025-11-27 23:50:36'),
('16', '4', '10', NULL, '61', NULL, '', '4', '7.00', '28.00', NULL, NULL, NULL, '2025-11-27 23:50:36', '2025-11-27 23:50:36'),
('17', '4', '10', NULL, '62', NULL, '', '6', '9.00', '54.00', NULL, NULL, NULL, '2025-11-27 23:50:36', '2025-11-27 23:50:36'),
('18', '4', '10', NULL, '31', NULL, '', '28', '8.00', '224.00', NULL, NULL, NULL, '2025-11-27 23:50:36', '2025-11-27 23:50:36'),
('19', '4', '10', NULL, '44', NULL, '', '16', '5.00', '80.00', NULL, NULL, NULL, '2025-11-27 23:50:36', '2025-11-27 23:50:36'),
('20', '4', '11', NULL, '9', NULL, '', '1', '5.00', '5.00', NULL, NULL, NULL, '2025-11-28 20:37:49', '2025-11-28 20:37:49'),
('21', '4', '12', NULL, '2', NULL, '', '1', '3.00', '3.00', NULL, NULL, NULL, '2025-11-28 23:06:40', '2025-11-28 23:06:40'),
('22', '4', '12', NULL, '4', NULL, '', '1', '4.00', '4.00', NULL, NULL, NULL, '2025-11-28 23:06:40', '2025-11-28 23:06:40'),
('23', '4', '12', NULL, '10', NULL, '', '1', '6.00', '6.00', NULL, NULL, NULL, '2025-11-28 23:06:40', '2025-11-28 23:06:40'),
('24', '4', '12', NULL, '38', NULL, '', '2', '6.00', '12.00', NULL, NULL, NULL, '2025-11-28 23:06:40', '2025-11-28 23:06:40'),
('25', '4', '12', NULL, '13', NULL, '', '1', '7.00', '7.00', NULL, NULL, NULL, '2025-11-28 23:06:40', '2025-11-28 23:06:40'),
('26', '4', '13', NULL, '10', NULL, '', '2', '6.00', '12.00', NULL, NULL, NULL, '2025-11-29 00:25:39', '2025-11-29 00:25:39'),
('27', '4', '13', NULL, '38', NULL, '', '1', '6.00', '6.00', NULL, NULL, NULL, '2025-11-29 00:25:39', '2025-11-29 00:25:39'),
('28', '4', '14', NULL, '5', NULL, '', '2', '4.00', '8.00', NULL, NULL, NULL, '2025-11-29 04:12:33', '2025-11-29 04:12:33'),
('29', '4', '14', NULL, '4', NULL, '', '3', '4.00', '12.00', NULL, NULL, NULL, '2025-11-29 04:12:33', '2025-11-29 04:12:33'),
('30', '4', '14', NULL, '67', NULL, '', '5', '9.00', '45.00', NULL, NULL, NULL, '2025-11-29 04:12:33', '2025-11-29 04:12:33'),
('31', '4', '14', NULL, '31', NULL, '', '4', '8.00', '32.00', NULL, NULL, NULL, '2025-11-29 04:12:33', '2025-11-29 04:12:33'),
('32', '4', '15', NULL, '2', NULL, '', '1', '3.00', '3.00', NULL, NULL, NULL, '2025-11-29 22:32:26', '2025-11-29 22:32:26'),
('33', '4', '15', NULL, '31', NULL, '', '1', '8.00', '8.00', NULL, NULL, NULL, '2025-11-29 22:32:26', '2025-11-29 22:32:26'),
('34', '4', '16', NULL, '73', NULL, '', '1', '15.00', '15.00', NULL, NULL, NULL, '2025-11-29 22:37:35', '2025-11-29 22:37:35'),
('35', '4', '17', NULL, '2', NULL, '', '1', '3.00', '3.00', NULL, NULL, NULL, '2025-11-29 22:40:28', '2025-11-29 22:40:28'),
('36', '4', '17', NULL, '30', NULL, '', '1', '8.00', '8.00', NULL, NULL, NULL, '2025-11-29 22:40:28', '2025-11-29 22:40:28'),
('37', '4', '17', NULL, '9', NULL, '', '1', '5.00', '5.00', NULL, NULL, NULL, '2025-11-29 22:40:28', '2025-11-29 22:40:28'),
('38', '4', '18', NULL, '2', NULL, '', '1', '3.00', '3.00', NULL, NULL, NULL, '2025-11-29 22:58:35', '2025-11-29 22:58:35'),
('39', '4', '19', NULL, '4', NULL, '', '1', '4.00', '4.00', NULL, NULL, NULL, '2025-11-29 23:08:35', '2025-11-29 23:08:35'),
('40', '4', '19', NULL, '29', NULL, '', '1', '35.00', '35.00', NULL, NULL, NULL, '2025-11-29 23:08:35', '2025-11-29 23:08:35'),
('41', '4', '20', NULL, '31', NULL, '', '4', '8.00', '32.00', NULL, NULL, NULL, '2025-11-30 00:18:17', '2025-11-30 00:18:17'),
('42', '4', '20', NULL, '2', NULL, '', '1', '3.00', '3.00', NULL, NULL, NULL, '2025-11-30 00:18:17', '2025-11-30 00:18:17'),
('43', '4', '21', NULL, '4', NULL, '', '1', '4.00', '4.00', NULL, NULL, NULL, '2025-11-30 00:31:13', '2025-11-30 00:31:13'),
('44', '4', '21', NULL, '7', NULL, '', '1', '8.00', '8.00', NULL, NULL, NULL, '2025-11-30 00:31:13', '2025-11-30 00:31:13'),
('45', '4', '21', NULL, '31', NULL, '', '6', '8.00', '48.00', NULL, NULL, NULL, '2025-11-30 00:31:13', '2025-11-30 00:31:13'),
('46', '4', '22', NULL, '30', NULL, '', '1', '8.00', '8.00', NULL, NULL, NULL, '2025-11-30 00:47:00', '2025-11-30 00:47:00'),
('47', '4', '23', NULL, '9', NULL, '', '1', '5.00', '5.00', NULL, NULL, NULL, '2025-11-30 00:47:57', '2025-11-30 00:47:57'),
('48', '4', '24', NULL, '2', NULL, '', '1', '3.00', '3.00', NULL, NULL, NULL, '2025-11-30 01:16:54', '2025-11-30 01:16:54'),
('49', '4', '24', NULL, '10', NULL, '', '4', '6.00', '24.00', NULL, NULL, NULL, '2025-11-30 01:16:54', '2025-11-30 01:16:54'),
('50', '4', '24', NULL, '25', NULL, '', '1', '8.00', '8.00', NULL, NULL, NULL, '2025-11-30 01:16:54', '2025-11-30 01:16:54'),
('51', '4', '25', NULL, '31', NULL, '', '4', '8.00', '32.00', NULL, NULL, NULL, '2025-11-30 01:19:06', '2025-11-30 01:19:06'),
('52', '4', '25', NULL, '4', NULL, '', '4', '4.00', '16.00', NULL, NULL, NULL, '2025-11-30 01:19:06', '2025-11-30 01:19:06'),
('53', '3', '1', NULL, '1', NULL, NULL, '2', '10.00', '20.00', NULL, NULL, NULL, '2025-11-30 08:50:45', '2025-11-30 08:50:45'),
('54', '4', '27', 'TXN_692cb563ab1c15.92546994_541067', '57', NULL, '', '1', '15.00', '15.00', NULL, NULL, NULL, '2025-11-30 21:21:39', '2025-11-30 21:21:39'),
('55', '4', '28', NULL, '4', NULL, '', '1', '4.00', '4.00', NULL, NULL, NULL, '2025-11-30 21:44:54', '2025-11-30 21:44:54'),
('56', '4', '28', NULL, '11', NULL, '', '1', '8.00', '8.00', NULL, NULL, NULL, '2025-11-30 21:44:54', '2025-11-30 21:44:54'),
('57', '4', '29', NULL, '10', NULL, '', '2', '6.00', '12.00', NULL, NULL, NULL, '2025-11-30 22:29:25', '2025-11-30 22:29:25'),
('58', '4', '30', NULL, '4', NULL, '', '1', '4.00', '4.00', NULL, NULL, NULL, '2025-11-30 22:35:58', '2025-11-30 22:35:58'),
('59', '4', '31', NULL, '10', NULL, '', '1', '6.00', '6.00', NULL, NULL, NULL, '2025-11-30 22:51:50', '2025-11-30 22:51:50'),
('60', '4', '32', NULL, '72', NULL, '', '3', '7.00', '21.00', NULL, NULL, NULL, '2025-12-01 00:48:38', '2025-12-01 00:48:38'),
('61', '4', '33', NULL, '10', NULL, '', '3', '6.00', '18.00', NULL, NULL, NULL, '2025-12-01 00:49:10', '2025-12-01 00:49:10'),
('62', '4', '34', NULL, '2', NULL, '', '4', '3.00', '12.00', NULL, NULL, NULL, '2025-12-01 00:52:58', '2025-12-01 00:52:58'),
('63', '4', '34', NULL, '17', NULL, '', '7', '8.00', '56.00', NULL, NULL, NULL, '2025-12-01 00:52:58', '2025-12-01 00:52:58'),
('64', '4', '35', NULL, '10', NULL, '', '4', '6.00', '24.00', NULL, NULL, NULL, '2025-12-01 02:06:35', '2025-12-01 02:06:35'),
('65', '4', '35', NULL, '47', NULL, '', '2', '5.00', '10.00', NULL, NULL, NULL, '2025-12-01 02:06:35', '2025-12-01 02:06:35'),
('66', '4', '5', NULL, '4', NULL, NULL, '1', '4.00', '4.00', NULL, NULL, NULL, '2025-12-02 18:23:26', '2025-12-02 18:23:26'),
('67', '4', '36', NULL, '30', NULL, '', '1', '8.00', '8.00', NULL, NULL, NULL, '2025-12-02 18:24:53', '2025-12-02 18:24:53'),
('68', '4', '37', NULL, '4', NULL, '', '1', '4.00', '4.00', NULL, NULL, NULL, '2025-12-02 20:52:44', '2025-12-02 20:52:44'),
('69', '4', '37', NULL, '30', NULL, '', '4', '8.00', '32.00', NULL, NULL, NULL, '2025-12-02 20:52:44', '2025-12-02 20:52:44'),
('70', '4', '37', NULL, '43', NULL, '', '1', '5.00', '5.00', NULL, NULL, NULL, '2025-12-02 20:52:44', '2025-12-02 20:52:44'),
('71', '4', '38', NULL, '2', NULL, '', '1', '3.00', '3.00', NULL, NULL, NULL, '2025-12-02 20:53:05', '2025-12-02 20:53:05'),
('72', '3', '39', NULL, '1', NULL, '', '1', '10.00', '10.00', NULL, NULL, NULL, '2025-12-03 09:18:28', '2025-12-03 09:18:28'),
('73', '3', '40', NULL, '1', NULL, '', '2', '10.00', '20.00', NULL, NULL, NULL, '2025-12-03 09:31:28', '2025-12-03 09:31:28'),
('74', '4', '41', NULL, '10', NULL, '', '1', '6.00', '6.00', NULL, NULL, NULL, '2025-12-05 20:55:33', '2025-12-05 20:55:33'),
('75', '4', '41', NULL, '9', NULL, '', '1', '5.00', '5.00', NULL, NULL, NULL, '2025-12-05 20:55:33', '2025-12-05 20:55:33'),
('76', '4', '42', NULL, '11', NULL, '', '6', '8.00', '48.00', NULL, NULL, NULL, '2025-12-05 21:48:18', '2025-12-05 21:48:18'),
('77', '4', '42', NULL, '13', NULL, '', '1', '7.00', '7.00', NULL, NULL, NULL, '2025-12-05 21:48:18', '2025-12-05 21:48:18'),
('78', '4', '42', NULL, '67', NULL, '', '1', '9.00', '9.00', NULL, NULL, NULL, '2025-12-05 21:48:18', '2025-12-05 21:48:18'),
('79', '4', '42', NULL, '83', NULL, '', '1', '15.00', '15.00', NULL, NULL, NULL, '2025-12-05 21:48:18', '2025-12-05 21:48:18'),
('80', '4', '43', NULL, '83', NULL, '', '1', '15.00', '15.00', NULL, NULL, NULL, '2025-12-05 22:16:20', '2025-12-05 22:16:20'),
('81', '4', '44', NULL, '83', NULL, '', '1', '15.00', '15.00', NULL, NULL, NULL, '2025-12-05 22:28:55', '2025-12-05 22:28:55'),
('82', '4', '45', NULL, '14', NULL, '', '1', '7.00', '7.00', NULL, NULL, NULL, '2025-12-05 22:31:43', '2025-12-05 22:31:43'),
('83', '4', '46', NULL, '74', NULL, '', '1', '15.00', '15.00', NULL, NULL, NULL, '2025-12-05 22:34:55', '2025-12-05 22:34:55'),
('84', '4', '46', NULL, '81', NULL, '', '1', '15.00', '15.00', NULL, NULL, NULL, '2025-12-05 22:34:55', '2025-12-05 22:34:55'),
('85', '4', '47', NULL, '32', NULL, '', '1', '6.00', '6.00', NULL, NULL, NULL, '2025-12-05 22:35:27', '2025-12-05 22:35:27'),
('86', '4', '48', NULL, '11', NULL, '', '1', '8.00', '8.00', NULL, NULL, NULL, '2025-12-05 22:46:04', '2025-12-05 22:46:04'),
('87', '4', '49', NULL, '83', NULL, '', '1', '15.00', '15.00', NULL, NULL, NULL, '2025-12-05 22:54:16', '2025-12-05 22:54:16'),
('88', '4', '50', NULL, '2', NULL, '', '1', '3.00', '3.00', NULL, NULL, NULL, '2025-12-05 22:55:10', '2025-12-05 22:55:10'),
('89', '4', '50', NULL, '62', NULL, '', '1', '9.00', '9.00', NULL, NULL, NULL, '2025-12-05 22:55:10', '2025-12-05 22:55:10'),
('90', '4', '51', NULL, '2', NULL, '', '1', '3.00', '3.00', NULL, NULL, NULL, '2025-12-05 22:59:34', '2025-12-05 22:59:34'),
('91', '4', '51', NULL, '14', NULL, '', '2', '7.00', '14.00', NULL, NULL, NULL, '2025-12-05 22:59:34', '2025-12-05 22:59:34'),
('92', '4', '52', NULL, '72', NULL, '', '1', '7.00', '7.00', NULL, NULL, NULL, '2025-12-05 23:11:09', '2025-12-05 23:11:09'),
('93', '4', '53', NULL, '44', NULL, '', '2', '5.00', '10.00', NULL, NULL, NULL, '2025-12-05 23:18:15', '2025-12-05 23:18:15'),
('94', '4', '54', NULL, '2', NULL, '', '1', '3.00', '3.00', NULL, NULL, NULL, '2025-12-05 23:22:15', '2025-12-05 23:22:15'),
('95', '4', '55', NULL, '10', NULL, '', '4', '6.00', '24.00', NULL, NULL, NULL, '2025-12-05 23:27:05', '2025-12-05 23:27:05'),
('96', '4', '55', NULL, '9', NULL, '', '2', '5.00', '10.00', NULL, NULL, NULL, '2025-12-05 23:27:05', '2025-12-05 23:27:05'),
('97', '4', '55', NULL, '44', NULL, '', '6', '5.00', '30.00', NULL, NULL, NULL, '2025-12-05 23:27:05', '2025-12-05 23:27:05'),
('98', '4', '56', NULL, '73', NULL, '', '2', '15.00', '30.00', NULL, NULL, NULL, '2025-12-05 23:50:14', '2025-12-05 23:50:14'),
('99', '4', '56', NULL, '25', NULL, '', '1', '8.00', '8.00', NULL, NULL, NULL, '2025-12-05 23:50:14', '2025-12-05 23:50:14'),
('100', '4', '56', NULL, '2', NULL, '', '1', '3.00', '3.00', NULL, NULL, NULL, '2025-12-05 23:50:14', '2025-12-05 23:50:14'),
('101', '4', '57', NULL, '10', NULL, '', '2', '6.00', '12.00', NULL, NULL, NULL, '2025-12-06 01:23:07', '2025-12-06 01:23:07'),
('102', '4', '58', NULL, '9', NULL, '', '4', '5.00', '20.00', NULL, NULL, NULL, '2025-12-06 01:25:42', '2025-12-06 01:25:42'),
('103', '4', '58', NULL, '44', NULL, '', '2', '5.00', '10.00', NULL, NULL, NULL, '2025-12-06 01:25:42', '2025-12-06 01:25:42'),
('104', '4', '59', NULL, '3', NULL, '', '1', '3.00', '3.00', NULL, NULL, NULL, '2025-12-06 18:24:04', '2025-12-06 18:24:04'),
('105', '4', '60', NULL, '9', NULL, '', '4', '5.00', '20.00', NULL, NULL, NULL, '2025-12-06 20:24:29', '2025-12-06 20:24:29'),
('106', '4', '60', NULL, '44', NULL, '', '11', '5.00', '55.00', NULL, NULL, NULL, '2025-12-06 20:24:29', '2025-12-06 20:24:29'),
('107', '4', '60', NULL, '31', NULL, '', '14', '8.00', '112.00', NULL, NULL, NULL, '2025-12-06 20:24:29', '2025-12-06 20:24:29'),
('108', '4', '60', NULL, '87', NULL, '', '1', '20.00', '20.00', NULL, NULL, NULL, '2025-12-06 20:24:29', '2025-12-06 20:24:29'),
('109', '4', '60', NULL, '3', NULL, '', '10', '3.00', '30.00', NULL, NULL, NULL, '2025-12-06 20:24:29', '2025-12-06 20:24:29'),
('110', '4', '61', NULL, '64', NULL, '', '2', '8.00', '16.00', NULL, NULL, NULL, '2025-12-06 20:27:18', '2025-12-06 20:27:18'),
('111', '4', '61', NULL, '2', NULL, '', '1', '3.00', '3.00', NULL, NULL, NULL, '2025-12-06 20:27:18', '2025-12-06 20:27:18'),
('112', '4', '61', NULL, '4', NULL, '', '1', '4.00', '4.00', NULL, NULL, NULL, '2025-12-06 20:27:18', '2025-12-06 20:27:18'),
('113', '4', '62', NULL, '10', NULL, '', '1', '6.00', '6.00', NULL, NULL, NULL, '2025-12-06 20:54:05', '2025-12-06 20:54:05'),
('114', '4', '63', NULL, '31', NULL, '', '14', '8.00', '112.00', NULL, NULL, NULL, '2025-12-06 21:15:26', '2025-12-06 21:15:26'),
('115', '4', '63', NULL, '3', NULL, '', '2', '3.00', '6.00', NULL, NULL, NULL, '2025-12-06 21:15:26', '2025-12-06 21:15:26'),
('116', '4', '63', NULL, '4', NULL, '', '2', '4.00', '8.00', NULL, NULL, NULL, '2025-12-06 21:15:26', '2025-12-06 21:15:26'),
('117', '4', '64', NULL, '44', NULL, '', '1', '5.00', '5.00', NULL, NULL, NULL, '2025-12-06 21:18:14', '2025-12-06 21:18:14'),
('118', '4', '65', NULL, '31', NULL, '', '4', '8.00', '32.00', NULL, NULL, NULL, '2025-12-06 21:35:39', '2025-12-06 21:35:39'),
('119', '4', '65', NULL, '4', NULL, '', '2', '4.00', '8.00', NULL, NULL, NULL, '2025-12-06 21:35:39', '2025-12-06 21:35:39'),
('120', '4', '66', NULL, '31', NULL, '', '3', '8.00', '24.00', NULL, NULL, NULL, '2025-12-06 21:42:49', '2025-12-06 21:42:49'),
('121', '4', '66', NULL, '4', NULL, '', '3', '4.00', '12.00', NULL, NULL, NULL, '2025-12-06 21:42:49', '2025-12-06 21:42:49'),
('122', '4', '67', NULL, '3', NULL, '', '1', '3.00', '3.00', NULL, NULL, NULL, '2025-12-06 21:43:53', '2025-12-06 21:43:53'),
('123', '4', '67', NULL, '4', NULL, '', '1', '4.00', '4.00', NULL, NULL, NULL, '2025-12-06 21:43:53', '2025-12-06 21:43:53'),
('124', '4', '68', NULL, '15', NULL, '', '2', '8.00', '16.00', NULL, NULL, NULL, '2025-12-06 21:59:57', '2025-12-06 21:59:57'),
('125', '4', '68', NULL, '2', NULL, '', '2', '3.00', '6.00', NULL, NULL, NULL, '2025-12-06 21:59:57', '2025-12-06 21:59:57'),
('126', '4', '69', NULL, '2', NULL, '', '1', '3.00', '3.00', NULL, NULL, NULL, '2025-12-06 22:05:17', '2025-12-06 22:05:17'),
('127', '4', '69', NULL, '44', NULL, '', '1', '5.00', '5.00', NULL, NULL, NULL, '2025-12-06 22:05:17', '2025-12-06 22:05:17'),
('128', '4', '70', NULL, '44', NULL, '', '10', '5.00', '50.00', NULL, NULL, NULL, '2025-12-06 22:12:34', '2025-12-06 22:12:34'),
('129', '4', '71', NULL, '2', NULL, '', '2', '3.00', '6.00', NULL, NULL, NULL, '2025-12-06 22:14:49', '2025-12-06 22:14:49'),
('130', '4', '72', NULL, '25', NULL, '', '1', '8.00', '8.00', NULL, NULL, NULL, '2025-12-06 22:17:08', '2025-12-06 22:17:08'),
('131', '4', '73', NULL, '31', NULL, '', '4', '8.00', '32.00', NULL, NULL, NULL, '2025-12-06 22:20:21', '2025-12-06 22:20:21'),
('132', '4', '73', NULL, '4', NULL, '', '2', '4.00', '8.00', NULL, NULL, NULL, '2025-12-06 22:20:21', '2025-12-06 22:20:21'),
('133', '4', '74', NULL, '15', NULL, '', '1', '8.00', '8.00', NULL, NULL, NULL, '2025-12-06 22:35:43', '2025-12-06 22:35:43'),
('134', '4', '75', NULL, '10', NULL, '', '3', '6.00', '18.00', NULL, NULL, NULL, '2025-12-06 22:44:16', '2025-12-06 22:44:16'),
('135', '4', '76', NULL, '44', NULL, '', '4', '5.00', '20.00', NULL, NULL, NULL, '2025-12-06 23:12:44', '2025-12-06 23:12:44'),
('136', '4', '77', NULL, '10', NULL, '', '1', '6.00', '6.00', NULL, NULL, NULL, '2025-12-06 23:15:15', '2025-12-06 23:15:15'),
('137', '4', '78', NULL, '31', NULL, '', '4', '8.00', '32.00', NULL, NULL, NULL, '2025-12-06 23:41:09', '2025-12-06 23:41:09'),
('138', '4', '78', NULL, '4', NULL, '', '1', '4.00', '4.00', NULL, NULL, NULL, '2025-12-06 23:41:09', '2025-12-06 23:41:09'),
('139', '4', '79', NULL, '4', NULL, '', '1', '4.00', '4.00', NULL, NULL, NULL, '2025-12-06 23:46:13', '2025-12-06 23:46:13'),
('140', '4', '80', NULL, '31', NULL, '', '6', '8.00', '48.00', NULL, NULL, NULL, '2025-12-07 00:18:46', '2025-12-07 00:18:46'),
('141', '4', '80', NULL, '2', NULL, '', '1', '3.00', '3.00', NULL, NULL, NULL, '2025-12-07 00:18:46', '2025-12-07 00:18:46'),
('142', '4', '80', NULL, '4', NULL, '', '2', '4.00', '8.00', NULL, NULL, NULL, '2025-12-07 00:18:46', '2025-12-07 00:18:46'),
('143', '4', '80', NULL, '6', NULL, '', '1', '8.00', '8.00', NULL, NULL, NULL, '2025-12-07 00:18:46', '2025-12-07 00:18:46'),
('144', '4', '80', NULL, '12', NULL, '', '1', '10.00', '10.00', NULL, NULL, NULL, '2025-12-07 00:18:46', '2025-12-07 00:18:46'),
('145', '4', '80', NULL, '32', NULL, '', '2', '6.00', '12.00', NULL, NULL, NULL, '2025-12-07 00:18:46', '2025-12-07 00:18:46'),
('146', '4', '80', NULL, '36', NULL, '', '2', '8.00', '16.00', NULL, NULL, NULL, '2025-12-07 00:18:46', '2025-12-07 00:18:46'),
('147', '4', '81', NULL, '10', NULL, '', '2', '6.00', '12.00', NULL, NULL, NULL, '2025-12-07 01:38:08', '2025-12-07 01:38:08'),
('148', '4', '82', NULL, '4', NULL, '', '1', '4.00', '4.00', NULL, NULL, NULL, '2025-12-07 03:13:29', '2025-12-07 03:13:29'),
('149', '4', '83', NULL, '67', NULL, '', '1', '9.00', '9.00', NULL, NULL, NULL, '2025-12-07 19:24:56', '2025-12-07 19:24:56'),
('150', '4', '83', NULL, '6', NULL, '', '1', '8.00', '8.00', NULL, NULL, NULL, '2025-12-07 19:24:56', '2025-12-07 19:24:56'),
('151', '4', '83', NULL, '44', NULL, '', '4', '5.00', '20.00', NULL, NULL, NULL, '2025-12-07 19:24:56', '2025-12-07 19:24:56'),
('152', '4', '84', NULL, '44', NULL, '', '1', '5.00', '5.00', NULL, NULL, NULL, '2025-12-07 22:32:10', '2025-12-07 22:32:10'),
('153', '4', '84', NULL, '37', NULL, '', '1', '6.00', '6.00', NULL, NULL, NULL, '2025-12-07 22:32:10', '2025-12-07 22:32:10'),
('154', '4', '84', NULL, '2', NULL, '', '1', '3.00', '3.00', NULL, NULL, NULL, '2025-12-07 22:32:10', '2025-12-07 22:32:10'),
('155', '4', '85', NULL, '9', NULL, '', '2', '5.00', '10.00', NULL, NULL, NULL, '2025-12-07 22:32:31', '2025-12-07 22:32:31'),
('156', '4', '86', NULL, '31', NULL, '', '14', '8.00', '112.00', NULL, NULL, NULL, '2025-12-08 19:26:25', '2025-12-08 19:26:25'),
('157', '4', '86', NULL, '7', NULL, '', '2', '8.00', '16.00', NULL, NULL, NULL, '2025-12-08 19:26:25', '2025-12-08 19:26:25'),
('158', '4', '86', NULL, '4', NULL, '', '1', '4.00', '4.00', NULL, NULL, NULL, '2025-12-08 19:26:25', '2025-12-08 19:26:25'),
('159', '4', '87', NULL, '25', NULL, '', '1', '8.00', '8.00', NULL, NULL, NULL, '2025-12-08 19:43:22', '2025-12-08 19:43:22'),
('160', '4', '88', NULL, '23', NULL, '', '2', '8.00', '16.00', NULL, NULL, NULL, '2025-12-08 19:55:43', '2025-12-08 19:55:43'),
('161', '4', '88', NULL, '4', NULL, '', '1', '4.00', '4.00', NULL, NULL, NULL, '2025-12-08 19:55:43', '2025-12-08 19:55:43'),
('162', '4', '89', NULL, '4', NULL, '', '1', '4.00', '4.00', NULL, NULL, NULL, '2025-12-08 20:10:11', '2025-12-08 20:10:11'),
('163', '4', '89', NULL, '7', NULL, '', '1', '8.00', '8.00', NULL, NULL, NULL, '2025-12-08 20:10:11', '2025-12-08 20:10:11'),
('164', '4', '90', NULL, '4', NULL, '', '2', '4.00', '8.00', NULL, NULL, NULL, '2025-12-08 20:23:07', '2025-12-08 20:23:07'),
('165', '4', '91', NULL, '31', NULL, '', '14', '8.00', '112.00', NULL, NULL, NULL, '2025-12-08 22:39:29', '2025-12-08 22:39:29'),
('166', '4', '91', NULL, '44', NULL, '', '7', '5.00', '35.00', NULL, NULL, NULL, '2025-12-08 22:39:29', '2025-12-08 22:39:29'),
('167', '4', '91', NULL, '7', NULL, '', '3', '8.00', '24.00', NULL, NULL, NULL, '2025-12-08 22:39:29', '2025-12-08 22:39:29'),
('168', '4', '92', NULL, '4', NULL, '', '1', '4.00', '4.00', NULL, NULL, NULL, '2025-12-08 22:48:48', '2025-12-08 22:48:48'),
('169', '4', '93', NULL, '78', NULL, '', '2', '15.00', '30.00', NULL, NULL, NULL, '2025-12-08 23:49:55', '2025-12-08 23:49:55'),
('170', '4', '93', NULL, '9', NULL, '', '2', '5.00', '10.00', NULL, NULL, NULL, '2025-12-08 23:49:55', '2025-12-08 23:49:55'),
('171', '4', '93', NULL, '2', NULL, '', '1', '3.00', '3.00', NULL, NULL, NULL, '2025-12-08 23:49:55', '2025-12-08 23:49:55'),
('172', '3', '94', NULL, '1', NULL, NULL, '3', '10.00', '30.00', NULL, NULL, NULL, '2025-12-11 05:48:29', '2025-12-11 05:48:29'),
('173', '3', '94', NULL, '1', NULL, NULL, '1', '10.00', '10.00', NULL, NULL, NULL, '2025-12-11 05:48:29', '2025-12-11 05:48:29'),
('174', '3', '95', NULL, '1', NULL, NULL, '2', '10.00', '20.00', NULL, NULL, NULL, '2025-12-11 05:51:26', '2025-12-11 05:51:26'),
('175', '3', '26', NULL, '1', NULL, NULL, '2', '10.00', '20.00', NULL, NULL, NULL, '2025-12-11 05:55:12', '2025-12-11 05:55:12'),
('176', '3', '26', NULL, '1', NULL, NULL, '1', '10.00', '10.00', NULL, NULL, NULL, '2025-12-11 05:55:12', '2025-12-11 05:55:12'),
('177', '4', '96', NULL, '2', NULL, '', '1', '3.00', '3.00', NULL, NULL, NULL, '2025-12-11 19:22:40', '2025-12-11 19:22:40'),
('178', '4', '97', NULL, '2', NULL, '', '1', '3.00', '3.00', NULL, NULL, NULL, '2025-12-11 19:23:16', '2025-12-11 19:23:16'),
('179', '4', '98', NULL, '5', NULL, '', '1', '5.00', '5.00', NULL, NULL, NULL, '2025-12-11 19:26:12', '2025-12-11 19:26:12'),
('180', '4', '99', NULL, '31', NULL, '', '1', '8.00', '8.00', NULL, NULL, NULL, '2025-12-11 19:28:55', '2025-12-11 19:28:55'),
('181', '4', '99', NULL, '5', NULL, '', '1', '5.00', '5.00', NULL, NULL, NULL, '2025-12-11 19:28:55', '2025-12-11 19:28:55'),
('182', '4', '100', NULL, '5', NULL, '', '1', '5.00', '5.00', NULL, NULL, NULL, '2025-12-11 19:30:12', '2025-12-11 19:30:12'),
('183', '4', '100', NULL, '31', NULL, '', '1', '8.00', '8.00', NULL, NULL, NULL, '2025-12-11 19:30:12', '2025-12-11 19:30:12'),
('184', '4', '101', NULL, '14', NULL, '', '1', '7.00', '7.00', NULL, NULL, NULL, '2025-12-11 21:28:12', '2025-12-11 21:28:12'),
('185', '4', '101', NULL, '3', NULL, '', '2', '3.00', '6.00', NULL, NULL, NULL, '2025-12-11 21:28:12', '2025-12-11 21:28:12'),
('186', '4', '101', NULL, '20', NULL, '', '6', '8.00', '48.00', NULL, NULL, NULL, '2025-12-11 21:28:12', '2025-12-11 21:28:12'),
('187', '4', '101', NULL, '34', NULL, '', '2', '7.00', '14.00', NULL, NULL, NULL, '2025-12-11 21:28:12', '2025-12-11 21:28:12'),
('188', '4', '102', NULL, '35', NULL, '', '1', '10.00', '10.00', NULL, NULL, NULL, '2025-12-11 23:16:23', '2025-12-11 23:16:23'),
('189', '4', '102', NULL, '2', NULL, '', '1', '3.00', '3.00', NULL, NULL, NULL, '2025-12-11 23:16:23', '2025-12-11 23:16:23'),
('190', '4', '102', NULL, '20', NULL, '', '6', '8.00', '48.00', NULL, NULL, NULL, '2025-12-11 23:16:23', '2025-12-11 23:16:23'),
('191', '4', '102', NULL, '3', NULL, '', '2', '3.00', '6.00', NULL, NULL, NULL, '2025-12-11 23:16:23', '2025-12-11 23:16:23'),
('192', '4', '102', NULL, '14', NULL, '', '1', '7.00', '7.00', NULL, NULL, NULL, '2025-12-11 23:16:23', '2025-12-11 23:16:23'),
('193', '4', '102', NULL, '36', NULL, '', '1', '8.00', '8.00', NULL, NULL, NULL, '2025-12-11 23:16:23', '2025-12-11 23:16:23'),
('194', '4', '102', NULL, '34', NULL, '', '3', '7.00', '21.00', NULL, NULL, NULL, '2025-12-11 23:16:23', '2025-12-11 23:16:23'),
('195', '4', '102', NULL, '18', NULL, '', '2', '6.00', '12.00', NULL, NULL, NULL, '2025-12-11 23:16:23', '2025-12-11 23:16:23'),
('196', '4', '103', NULL, '10', NULL, '', '2', '6.00', '12.00', NULL, NULL, NULL, '2025-12-11 23:17:04', '2025-12-11 23:17:04'),
('197', '4', '104', NULL, '10', NULL, '', '2', '6.00', '12.00', NULL, NULL, NULL, '2025-12-11 23:38:48', '2025-12-11 23:38:48'),
('198', '4', '105', NULL, '10', NULL, '', '1', '6.00', '6.00', NULL, NULL, NULL, '2025-12-12 00:56:31', '2025-12-12 00:56:31'),
('199', '4', '105', NULL, '47', NULL, '', '2', '5.00', '10.00', NULL, NULL, NULL, '2025-12-12 00:56:31', '2025-12-12 00:56:31'),
('201', '4', '106', NULL, '9', NULL, NULL, '3', '5.00', '15.00', NULL, NULL, NULL, '2025-12-12 21:31:07', '2025-12-12 21:31:07'),
('202', '4', '107', NULL, '14', NULL, '', '2', '7.00', '14.00', NULL, NULL, NULL, '2025-12-12 21:35:30', '2025-12-12 21:35:30'),
('203', '4', '107', NULL, '53', NULL, '', '1', '12.00', '12.00', NULL, NULL, NULL, '2025-12-12 21:35:30', '2025-12-12 21:35:30'),
('204', '4', '107', NULL, '2', NULL, '', '1', '3.00', '3.00', NULL, NULL, NULL, '2025-12-12 21:35:30', '2025-12-12 21:35:30'),
('205', '4', '108', NULL, '2', NULL, '', '1', '3.00', '3.00', NULL, NULL, NULL, '2025-12-12 22:33:32', '2025-12-12 22:33:32'),
('206', '4', '108', NULL, '33', NULL, '', '2', '6.00', '12.00', NULL, NULL, NULL, '2025-12-12 22:33:32', '2025-12-12 22:33:32'),
('207', '4', '108', NULL, '9', NULL, '', '1', '5.00', '5.00', NULL, NULL, NULL, '2025-12-12 22:33:32', '2025-12-12 22:33:32'),
('208', '4', '109', NULL, '33', NULL, '', '1', '6.00', '6.00', NULL, NULL, NULL, '2025-12-13 00:03:57', '2025-12-13 00:03:57'),
('209', '4', '109', NULL, '42', NULL, '', '5', '4.00', '20.00', NULL, NULL, NULL, '2025-12-13 00:03:57', '2025-12-13 00:03:57'),
('210', '4', '109', NULL, '4', NULL, '', '2', '4.00', '8.00', NULL, NULL, NULL, '2025-12-13 00:03:57', '2025-12-13 00:03:57'),
('211', '4', '110', NULL, '42', NULL, '', '5', '4.00', '20.00', NULL, NULL, NULL, '2025-12-13 00:54:36', '2025-12-13 00:54:36'),
('212', '4', '111', NULL, '42', NULL, '', '4', '4.00', '16.00', NULL, NULL, NULL, '2025-12-13 01:24:45', '2025-12-13 01:24:45'),
('213', '4', '112', NULL, '42', NULL, '', '2', '4.00', '8.00', NULL, NULL, NULL, '2025-12-13 01:27:43', '2025-12-13 01:27:43'),
('214', '4', '113', NULL, '44', NULL, '', '4', '5.00', '20.00', NULL, NULL, NULL, '2025-12-13 01:36:53', '2025-12-13 01:36:53'),
('215', '4', '114', NULL, '44', NULL, '', '4', '5.00', '20.00', NULL, NULL, NULL, '2025-12-13 01:41:33', '2025-12-13 01:41:33'),
('216', '4', '115', NULL, '38', NULL, '', '1', '6.00', '6.00', NULL, NULL, NULL, '2025-12-13 01:46:33', '2025-12-13 01:46:33'),
('217', '4', '116', NULL, '4', NULL, '', '1', '4.00', '4.00', NULL, NULL, NULL, '2025-12-13 02:11:42', '2025-12-13 02:11:42'),
('218', '4', '116', NULL, '3', NULL, '', '1', '3.00', '3.00', NULL, NULL, NULL, '2025-12-13 02:11:42', '2025-12-13 02:11:42'),
('219', '4', '116', NULL, '31', NULL, '', '1', '8.00', '8.00', NULL, NULL, NULL, '2025-12-13 02:11:42', '2025-12-13 02:11:42'),
('220', '4', '116', NULL, '69', NULL, '', '1', '12.00', '12.00', NULL, NULL, NULL, '2025-12-13 02:11:42', '2025-12-13 02:11:42'),
('221', '4', '117', NULL, '23', NULL, '', '1', '8.00', '8.00', NULL, NULL, NULL, '2025-12-13 02:55:51', '2025-12-13 02:55:51'),
('222', '4', '117', NULL, '4', NULL, '', '2', '4.00', '8.00', NULL, NULL, NULL, '2025-12-13 02:55:51', '2025-12-13 02:55:51'),
('223', '4', '117', NULL, '2', NULL, '', '1', '3.00', '3.00', NULL, NULL, NULL, '2025-12-13 02:55:51', '2025-12-13 02:55:51'),
('224', '4', '117', NULL, '21', NULL, '', '2', '12.00', '24.00', NULL, NULL, NULL, '2025-12-13 02:55:51', '2025-12-13 02:55:51'),
('225', '4', '118', NULL, '31', NULL, '', '15', '8.00', '120.00', NULL, NULL, NULL, '2025-12-13 03:10:27', '2025-12-13 03:10:27'),
('226', '4', '118', NULL, '5', NULL, '', '1', '5.00', '5.00', NULL, NULL, NULL, '2025-12-13 03:10:27', '2025-12-13 03:10:27'),
('227', '4', '118', NULL, '7', NULL, '', '1', '8.00', '8.00', NULL, NULL, NULL, '2025-12-13 03:10:27', '2025-12-13 03:10:27'),
('228', '4', '118', NULL, '45', NULL, '', '1', '7.00', '7.00', NULL, NULL, NULL, '2025-12-13 03:10:27', '2025-12-13 03:10:27'),
('229', '4', '119', NULL, '4', NULL, '', '1', '4.00', '4.00', NULL, NULL, NULL, '2025-12-13 03:10:58', '2025-12-13 03:10:58'),
('230', '4', '119', NULL, '5', NULL, '', '1', '5.00', '5.00', NULL, NULL, NULL, '2025-12-13 03:10:58', '2025-12-13 03:10:58'),
('231', '4', '119', NULL, '7', NULL, '', '1', '8.00', '8.00', NULL, NULL, NULL, '2025-12-13 03:10:58', '2025-12-13 03:10:58'),
('232', '4', '119', NULL, '31', NULL, '', '15', '8.00', '120.00', NULL, NULL, NULL, '2025-12-13 03:10:58', '2025-12-13 03:10:58'),
('233', '4', '119', NULL, '45', NULL, '', '1', '7.00', '7.00', NULL, NULL, NULL, '2025-12-13 03:10:58', '2025-12-13 03:10:58'),
('234', '4', '120', NULL, '11', NULL, '', '1', '8.00', '8.00', NULL, NULL, NULL, '2025-12-13 22:06:15', '2025-12-13 22:06:15'),
('235', '4', '121', NULL, '2', NULL, '', '1', '3.00', '3.00', NULL, NULL, NULL, '2025-12-13 22:13:14', '2025-12-13 22:13:14'),
('236', '4', '121', NULL, '33', NULL, '', '2', '6.00', '12.00', NULL, NULL, NULL, '2025-12-13 22:13:14', '2025-12-13 22:13:14'),
('237', '4', '122', NULL, '13', NULL, '', '1', '7.00', '7.00', NULL, NULL, NULL, '2025-12-13 22:13:41', '2025-12-13 22:13:41'),
('238', '4', '122', NULL, '10', NULL, '', '2', '6.00', '12.00', NULL, NULL, NULL, '2025-12-13 22:13:41', '2025-12-13 22:13:41'),
('239', '4', '123', NULL, '44', NULL, '', '2', '5.00', '10.00', NULL, NULL, NULL, '2025-12-13 22:17:38', '2025-12-13 22:17:38'),
('240', '4', '124', NULL, '2', NULL, '', '4', '3.00', '12.00', NULL, NULL, NULL, '2025-12-13 22:26:57', '2025-12-13 22:26:57'),
('241', '4', '124', NULL, '25', NULL, '', '2', '8.00', '16.00', NULL, NULL, NULL, '2025-12-13 22:26:57', '2025-12-13 22:26:57'),
('242', '4', '124', NULL, '27', NULL, '', '2', '30.00', '60.00', NULL, NULL, NULL, '2025-12-13 22:26:57', '2025-12-13 22:26:57'),
('243', '4', '124', NULL, '45', NULL, '', '2', '7.00', '14.00', NULL, NULL, NULL, '2025-12-13 22:26:57', '2025-12-13 22:26:57'),
('244', '4', '124', NULL, '17', NULL, '', '2', '8.00', '16.00', NULL, NULL, NULL, '2025-12-13 22:26:57', '2025-12-13 22:26:57'),
('245', '4', '124', NULL, '57', NULL, '', '2', '15.00', '30.00', NULL, NULL, NULL, '2025-12-13 22:26:57', '2025-12-13 22:26:57'),
('246', '4', '124', NULL, '59', NULL, '', '2', '20.00', '40.00', NULL, NULL, NULL, '2025-12-13 22:26:57', '2025-12-13 22:26:57'),
('247', '4', '124', NULL, '14', NULL, '', '2', '7.00', '14.00', NULL, NULL, NULL, '2025-12-13 22:26:57', '2025-12-13 22:26:57'),
('248', '4', '125', NULL, '61', NULL, '', '2', '7.00', '14.00', NULL, NULL, NULL, '2025-12-13 22:41:26', '2025-12-13 22:41:26'),
('249', '4', '125', NULL, '2', NULL, '', '1', '3.00', '3.00', NULL, NULL, NULL, '2025-12-13 22:41:26', '2025-12-13 22:41:26'),
('250', '4', '126', NULL, '25', NULL, '', '1', '8.00', '8.00', NULL, NULL, NULL, '2025-12-13 22:50:38', '2025-12-13 22:50:38'),
('251', '4', '127', NULL, '10', NULL, '', '2', '6.00', '12.00', NULL, NULL, NULL, '2025-12-13 23:06:00', '2025-12-13 23:06:00'),
('252', '4', '128', NULL, '11', NULL, '', '1', '8.00', '8.00', NULL, NULL, NULL, '2025-12-14 01:20:17', '2025-12-14 01:20:17'),
('253', '4', '128', NULL, '44', NULL, '', '1', '5.00', '5.00', NULL, NULL, NULL, '2025-12-14 01:20:17', '2025-12-14 01:20:17'),
('254', '4', '129', NULL, '13', NULL, '', '1', '7.00', '7.00', NULL, NULL, NULL, '2025-12-14 01:23:12', '2025-12-14 01:23:12'),
('255', '4', '130', NULL, '31', NULL, '', '9', '8.00', '72.00', NULL, NULL, NULL, '2025-12-14 01:28:04', '2025-12-14 01:28:04'),
('256', '4', '130', NULL, '4', NULL, '', '2', '4.00', '8.00', NULL, NULL, NULL, '2025-12-14 01:28:04', '2025-12-14 01:28:04'),
('257', '4', '130', NULL, '3', NULL, '', '3', '3.00', '9.00', NULL, NULL, NULL, '2025-12-14 01:28:04', '2025-12-14 01:28:04'),
('258', '4', '131', NULL, '10', NULL, '', '2', '6.00', '12.00', NULL, NULL, NULL, '2025-12-14 02:31:19', '2025-12-14 02:31:19'),
('259', '4', '132', NULL, '38', NULL, '', '1', '6.00', '6.00', NULL, NULL, NULL, '2025-12-14 03:20:09', '2025-12-14 03:20:09'),
('260', '4', '132', NULL, '37', NULL, '', '1', '6.00', '6.00', NULL, NULL, NULL, '2025-12-14 03:20:09', '2025-12-14 03:20:09'),
('261', '4', '133', NULL, '31', NULL, '', '9', '8.00', '72.00', NULL, NULL, NULL, '2025-12-14 03:22:13', '2025-12-14 03:22:13'),
('262', '4', '133', NULL, '4', NULL, '', '2', '4.00', '8.00', NULL, NULL, NULL, '2025-12-14 03:22:13', '2025-12-14 03:22:13'),
('263', '4', '133', NULL, '5', NULL, '', '2', '5.00', '10.00', NULL, NULL, NULL, '2025-12-14 03:22:13', '2025-12-14 03:22:13'),
('264', '4', '134', NULL, '30', NULL, '', '4', '8.00', '32.00', NULL, NULL, NULL, '2025-12-14 23:56:28', '2025-12-14 23:56:28'),
('265', '4', '134', NULL, '2', NULL, '', '2', '3.00', '6.00', NULL, NULL, NULL, '2025-12-14 23:56:28', '2025-12-14 23:56:28'),
('266', '4', '134', NULL, '44', NULL, '', '2', '5.00', '10.00', NULL, NULL, NULL, '2025-12-14 23:56:28', '2025-12-14 23:56:28'),
('267', '4', '134', NULL, '84', NULL, '', '4', '15.00', '60.00', NULL, NULL, NULL, '2025-12-14 23:56:28', '2025-12-14 23:56:28'),
('268', '4', '135', NULL, '31', NULL, '', '10', '8.00', '80.00', NULL, NULL, NULL, '2025-12-16 00:12:47', '2025-12-16 00:12:47'),
('269', '4', '135', NULL, '9', NULL, '', '2', '5.00', '10.00', NULL, NULL, NULL, '2025-12-16 00:12:47', '2025-12-16 00:12:47'),
('270', '4', '135', NULL, '44', NULL, '', '15', '5.00', '75.00', NULL, NULL, NULL, '2025-12-16 00:12:47', '2025-12-16 00:12:47'),
('271', '4', '135', NULL, '17', NULL, '', '1', '8.00', '8.00', NULL, NULL, NULL, '2025-12-16 00:12:47', '2025-12-16 00:12:47'),
('272', '4', '136', NULL, '4', NULL, '', '5', '4.00', '20.00', NULL, NULL, NULL, '2025-12-16 23:47:11', '2025-12-16 23:47:11'),
('273', '4', '136', NULL, '33', NULL, '', '1', '6.00', '6.00', NULL, NULL, NULL, '2025-12-16 23:47:11', '2025-12-16 23:47:11'),
('274', '4', '136', NULL, '53', NULL, '', '1', '12.00', '12.00', NULL, NULL, NULL, '2025-12-16 23:47:11', '2025-12-16 23:47:11'),
('275', '4', '136', NULL, '67', NULL, '', '1', '9.00', '9.00', NULL, NULL, NULL, '2025-12-16 23:47:11', '2025-12-16 23:47:11'),
('276', '4', '136', NULL, '25', NULL, '', '2', '8.00', '16.00', NULL, NULL, NULL, '2025-12-16 23:47:11', '2025-12-16 23:47:11'),
('277', '4', '136', NULL, '14', NULL, '', '1', '7.00', '7.00', NULL, NULL, NULL, '2025-12-16 23:47:11', '2025-12-16 23:47:11'),
('278', '4', '137', NULL, '4', NULL, '', '1', '4.00', '4.00', NULL, NULL, NULL, '2025-12-17 20:22:52', '2025-12-17 20:22:52'),
('279', '4', '137', NULL, '34', NULL, '', '4', '7.00', '28.00', NULL, NULL, NULL, '2025-12-17 20:22:52', '2025-12-17 20:22:52'),
('280', '4', '137', NULL, '15', NULL, '', '4', '8.00', '32.00', NULL, NULL, NULL, '2025-12-17 20:22:52', '2025-12-17 20:22:52'),
('281', '4', '138', NULL, '3', NULL, '', '2', '3.00', '6.00', NULL, NULL, NULL, '2025-12-17 22:00:03', '2025-12-17 22:00:03'),
('282', '4', '138', NULL, '32', NULL, '', '4', '6.00', '24.00', NULL, NULL, NULL, '2025-12-17 22:00:03', '2025-12-17 22:00:03'),
('283', '4', '139', NULL, '61', NULL, '', '2', '7.00', '14.00', NULL, NULL, NULL, '2025-12-18 22:47:46', '2025-12-18 22:47:46'),
('284', '4', '139', NULL, '44', NULL, '', '5', '5.00', '25.00', NULL, NULL, NULL, '2025-12-18 22:47:46', '2025-12-18 22:47:46'),
('285', '4', '140', NULL, '44', NULL, '', '10', '5.00', '50.00', NULL, NULL, NULL, '2025-12-18 22:48:53', '2025-12-18 22:48:53'),
('286', '4', '140', NULL, '30', NULL, '', '10', '8.00', '80.00', NULL, NULL, NULL, '2025-12-18 22:48:53', '2025-12-18 22:48:53'),
('287', '4', '140', NULL, '31', NULL, '', '14', '8.00', '112.00', NULL, NULL, NULL, '2025-12-18 22:48:53', '2025-12-18 22:48:53'),
('288', '4', '140', NULL, '2', NULL, '', '6', '3.00', '18.00', NULL, NULL, NULL, '2025-12-18 22:48:53', '2025-12-18 22:48:53'),
('289', '4', '140', NULL, '4', NULL, '', '6', '4.00', '24.00', NULL, NULL, NULL, '2025-12-18 22:48:53', '2025-12-18 22:48:53'),
('290', '5', '141', NULL, '88', NULL, '', '1', '7.99', '7.99', NULL, NULL, NULL, '2025-12-19 18:31:48', '2025-12-19 18:31:48'),
('291', '5', '141', NULL, '89', NULL, '', '1', '8.99', '8.99', NULL, NULL, NULL, '2025-12-19 18:31:48', '2025-12-19 18:31:48'),
('292', '5', '141', NULL, '90', NULL, '', '1', '6.99', '6.99', NULL, NULL, NULL, '2025-12-19 18:31:48', '2025-12-19 18:31:48');


-- Table structure for table `order_number_settings`
CREATE TABLE `order_number_settings` (
  `id` bigint unsigned NOT NULL AUTO_INCREMENT,
  `branch_id` bigint unsigned NOT NULL,
  `enable_feature` tinyint(1) NOT NULL DEFAULT '0',
  `prefix` varchar(191) COLLATE utf8mb4_unicode_ci NOT NULL DEFAULT 'ORD',
  `digits` tinyint unsigned NOT NULL DEFAULT '3',
  `separator` varchar(191) COLLATE utf8mb4_unicode_ci NOT NULL DEFAULT '-',
  `include_date` tinyint(1) NOT NULL DEFAULT '0',
  `show_year` tinyint(1) NOT NULL DEFAULT '0',
  `show_month` tinyint(1) NOT NULL DEFAULT '0',
  `show_day` tinyint(1) NOT NULL DEFAULT '0',
  `show_time` tinyint(1) NOT NULL DEFAULT '0',
  `reset_daily` tinyint(1) NOT NULL DEFAULT '0',
  `created_at` timestamp NULL DEFAULT NULL,
  `updated_at` timestamp NULL DEFAULT NULL,
  PRIMARY KEY (`id`),
  KEY `order_number_settings_branch_id_foreign` (`branch_id`),
  CONSTRAINT `order_number_settings_branch_id_foreign` FOREIGN KEY (`branch_id`) REFERENCES `branches` (`id`) ON DELETE CASCADE ON UPDATE CASCADE
) ENGINE=InnoDB DEFAULT CHARSET=utf8mb4 COLLATE=utf8mb4_unicode_ci;


-- Table structure for table `order_places`
CREATE TABLE `order_places` (
  `id` bigint unsigned NOT NULL AUTO_INCREMENT,
  `printer_id` bigint unsigned DEFAULT NULL,
  `branch_id` bigint unsigned DEFAULT NULL,
  `name` varchar(191) COLLATE utf8mb4_unicode_ci NOT NULL,
  `type` varchar(191) COLLATE utf8mb4_unicode_ci DEFAULT NULL,
  `is_active` tinyint(1) NOT NULL DEFAULT '1',
  `is_default` tinyint(1) NOT NULL DEFAULT '0',
  `created_at` timestamp NULL DEFAULT NULL,
  `updated_at` timestamp NULL DEFAULT NULL,
  PRIMARY KEY (`id`),
  KEY `order_places_branch_id_foreign` (`branch_id`),
  KEY `order_places_printer_id_foreign` (`printer_id`),
  CONSTRAINT `order_places_branch_id_foreign` FOREIGN KEY (`branch_id`) REFERENCES `branches` (`id`) ON DELETE CASCADE,
  CONSTRAINT `order_places_printer_id_foreign` FOREIGN KEY (`printer_id`) REFERENCES `printers` (`id`) ON DELETE SET NULL
) ENGINE=InnoDB AUTO_INCREMENT=6 DEFAULT CHARSET=utf8mb4 COLLATE=utf8mb4_unicode_ci;

-- Dumping data for table `order_places`
INSERT INTO `order_places` VALUES
('1', NULL, '1', 'Default POS Terminal', 'vegetarian', '1', '1', '2025-11-27 00:00:54', '2025-11-27 00:00:54'),
('2', NULL, '2', 'Default POS Terminal', 'vegetarian', '1', '1', '2025-11-27 00:00:54', '2025-11-27 00:00:54'),
('3', '3', '3', 'Default POS Terminal', 'vegetarian', '1', '1', '2025-11-27 01:20:35', '2025-12-19 18:48:49'),
('4', '4', '4', 'Default POS Terminal', 'vegetarian', '1', '1', '2025-11-27 10:17:22', '2025-12-03 09:19:59'),
('5', '5', '5', 'Default POS Terminal', 'vegetarian', '1', '1', '2025-12-01 11:34:16', '2025-12-19 19:42:17');


-- Table structure for table `order_taxes`
CREATE TABLE `order_taxes` (
  `id` bigint unsigned NOT NULL AUTO_INCREMENT,
  `order_id` bigint unsigned NOT NULL,
  `tax_id` bigint unsigned NOT NULL,
  PRIMARY KEY (`id`),
  KEY `order_taxes_order_id_foreign` (`order_id`),
  KEY `order_taxes_tax_id_foreign` (`tax_id`),
  CONSTRAINT `order_taxes_order_id_foreign` FOREIGN KEY (`order_id`) REFERENCES `orders` (`id`) ON DELETE CASCADE,
  CONSTRAINT `order_taxes_tax_id_foreign` FOREIGN KEY (`tax_id`) REFERENCES `taxes` (`id`) ON DELETE CASCADE
) ENGINE=InnoDB DEFAULT CHARSET=utf8mb4 COLLATE=utf8mb4_unicode_ci;


-- Table structure for table `order_types`
CREATE TABLE `order_types` (
  `id` bigint unsigned NOT NULL AUTO_INCREMENT,
  `branch_id` bigint unsigned DEFAULT NULL,
  `order_type_name` varchar(191) COLLATE utf8mb4_unicode_ci NOT NULL,
  `slug` varchar(191) COLLATE utf8mb4_unicode_ci NOT NULL,
  `is_active` tinyint(1) NOT NULL DEFAULT '1',
  `is_default` tinyint(1) NOT NULL DEFAULT '0',
  `enable_token_number` tinyint(1) NOT NULL DEFAULT '0',
  `type` varchar(191) COLLATE utf8mb4_unicode_ci DEFAULT NULL,
  `created_at` timestamp NULL DEFAULT NULL,
  `updated_at` timestamp NULL DEFAULT NULL,
  PRIMARY KEY (`id`),
  KEY `order_types_branch_id_foreign` (`branch_id`),
  CONSTRAINT `order_types_branch_id_foreign` FOREIGN KEY (`branch_id`) REFERENCES `branches` (`id`) ON DELETE CASCADE ON UPDATE CASCADE
) ENGINE=InnoDB AUTO_INCREMENT=16 DEFAULT CHARSET=utf8mb4 COLLATE=utf8mb4_unicode_ci;

-- Dumping data for table `order_types`
INSERT INTO `order_types` VALUES
('1', '1', 'Dine In', 'dine_in', '1', '1', '0', 'dine_in', '2025-11-27 00:00:54', '2025-11-27 00:00:54'),
('2', '1', 'Delivery', 'delivery', '1', '1', '0', 'delivery', '2025-11-27 00:00:54', '2025-11-27 00:00:54'),
('3', '1', 'Pickup', 'pickup', '1', '1', '0', 'pickup', '2025-11-27 00:00:54', '2025-11-27 00:00:54'),
('4', '2', 'Dine In', 'dine_in', '1', '1', '0', 'dine_in', '2025-11-27 00:00:54', '2025-11-27 00:00:54'),
('5', '2', 'Delivery', 'delivery', '1', '1', '0', 'delivery', '2025-11-27 00:00:54', '2025-11-27 00:00:54'),
('6', '2', 'Pickup', 'pickup', '1', '1', '0', 'pickup', '2025-11-27 00:00:54', '2025-11-27 00:00:54'),
('7', '3', 'Dine In', 'dine_in', '1', '1', '0', 'dine_in', '2025-11-27 01:20:35', '2025-11-27 01:20:35'),
('8', '3', 'Delivery', 'delivery', '1', '1', '0', 'delivery', '2025-11-27 01:20:35', '2025-11-27 01:20:35'),
('9', '3', 'Pickup', 'pickup', '1', '1', '0', 'pickup', '2025-11-27 01:20:35', '2025-11-27 01:20:35'),
('10', '4', 'Dine In', 'dine_in', '1', '1', '0', 'dine_in', '2025-11-27 10:17:22', '2025-11-27 10:17:22'),
('11', '4', 'Delivery', 'delivery', '1', '1', '0', 'delivery', '2025-11-27 10:17:22', '2025-11-27 10:17:22'),
('12', '4', 'Pickup', 'pickup', '1', '1', '0', 'pickup', '2025-11-27 10:17:22', '2025-11-27 10:17:22'),
('13', '5', 'Dine In', 'dine_in', '1', '1', '0', 'dine_in', '2025-12-01 11:34:16', '2025-12-01 11:34:16'),
('14', '5', 'Delivery', 'delivery', '1', '1', '0', 'delivery', '2025-12-01 11:34:16', '2025-12-01 11:34:16'),
('15', '5', 'Pickup', 'pickup', '1', '1', '0', 'pickup', '2025-12-01 11:34:16', '2025-12-01 11:34:16');


-- Table structure for table `orders`
CREATE TABLE `orders` (
  `id` bigint unsigned NOT NULL AUTO_INCREMENT,
  `uuid` char(36) COLLATE utf8mb4_unicode_ci DEFAULT NULL,
  `branch_id` bigint unsigned DEFAULT NULL,
  `pos_machine_id` bigint unsigned DEFAULT NULL,
  `order_number` varchar(191) COLLATE utf8mb4_unicode_ci NOT NULL,
  `formatted_order_number` varchar(191) COLLATE utf8mb4_unicode_ci DEFAULT NULL,
  `date_time` datetime NOT NULL,
  `table_id` bigint unsigned DEFAULT NULL,
  `customer_id` bigint unsigned DEFAULT NULL,
  `number_of_pax` int DEFAULT NULL,
  `waiter_id` bigint unsigned DEFAULT NULL,
  `added_by` bigint unsigned DEFAULT NULL,
  `cancelled_by` bigint unsigned DEFAULT NULL,
  `status` enum('draft','kot','billed','paid','canceled','payment_due','ready','out_for_delivery','delivered','pending_verification') COLLATE utf8mb4_unicode_ci NOT NULL DEFAULT 'kot',
  `placed_via` enum('pos','shop','kiosk') COLLATE utf8mb4_unicode_ci DEFAULT NULL,
  `sub_total` decimal(16,2) NOT NULL,
  `tip_amount` decimal(16,2) DEFAULT '0.00',
  `total_tax_amount` decimal(16,2) DEFAULT '0.00',
  `tax_mode` varchar(191) COLLATE utf8mb4_unicode_ci DEFAULT NULL,
  `tip_note` text COLLATE utf8mb4_unicode_ci,
  `total` decimal(16,2) NOT NULL,
  `amount_paid` decimal(16,2) NOT NULL DEFAULT '0.00',
  `created_at` timestamp NULL DEFAULT NULL,
  `updated_at` timestamp NULL DEFAULT NULL,
  `order_type_id` bigint unsigned DEFAULT NULL,
  `delivery_app_id` bigint unsigned DEFAULT NULL,
  `custom_order_type_name` varchar(191) COLLATE utf8mb4_unicode_ci DEFAULT NULL,
  `order_type` varchar(191) COLLATE utf8mb4_unicode_ci DEFAULT NULL,
  `pickup_date` datetime DEFAULT NULL,
  `delivery_executive_id` bigint unsigned DEFAULT NULL,
  `delivery_address` text COLLATE utf8mb4_unicode_ci,
  `delivery_time` datetime DEFAULT NULL,
  `estimated_delivery_time` datetime DEFAULT NULL,
  `split_type` enum('even','custom','items') COLLATE utf8mb4_unicode_ci DEFAULT NULL,
  `discount_type` varchar(191) COLLATE utf8mb4_unicode_ci DEFAULT NULL,
  `discount_value` decimal(16,2) DEFAULT NULL,
  `discount_amount` decimal(16,2) DEFAULT NULL,
  `order_status` varchar(191) COLLATE utf8mb4_unicode_ci NOT NULL DEFAULT 'placed',
  `delivery_fee` decimal(8,2) NOT NULL DEFAULT '0.00',
  `customer_lat` decimal(10,7) DEFAULT NULL,
  `customer_lng` decimal(10,7) DEFAULT NULL,
  `is_within_radius` tinyint(1) NOT NULL DEFAULT '0',
  `delivery_started_at` timestamp NULL DEFAULT NULL,
  `delivered_at` timestamp NULL DEFAULT NULL,
  `estimated_eta_min` int DEFAULT NULL,
  `estimated_eta_max` int DEFAULT NULL,
  `cancel_reason_id` bigint unsigned DEFAULT NULL,
  `cancel_reason_text` varchar(191) COLLATE utf8mb4_unicode_ci DEFAULT NULL,
  `reservation_id` bigint unsigned DEFAULT NULL,
  `kiosk_id` bigint unsigned DEFAULT NULL,
  PRIMARY KEY (`id`),
  UNIQUE KEY `orders_uuid_unique` (`uuid`),
  KEY `orders_table_id_foreign` (`table_id`),
  KEY `orders_customer_id_foreign` (`customer_id`),
  KEY `orders_delivery_executive_id_foreign` (`delivery_executive_id`),
  KEY `orders_waiter_id_foreign` (`waiter_id`),
  KEY `orders_cancel_reason_id_foreign` (`cancel_reason_id`),
  KEY `idx_branch_date` (`branch_id`,`date_time`),
  KEY `orders_order_type_id_foreign` (`order_type_id`),
  KEY `orders_reservation_id_foreign` (`reservation_id`),
  KEY `orders_delivery_app_id_foreign` (`delivery_app_id`),
  KEY `orders_added_by_foreign` (`added_by`),
  KEY `orders_cancelled_by_foreign` (`cancelled_by`),
  KEY `orders_pos_machine_id_index` (`pos_machine_id`),
  KEY `orders_kiosk_id_foreign` (`kiosk_id`),
  CONSTRAINT `orders_added_by_foreign` FOREIGN KEY (`added_by`) REFERENCES `users` (`id`) ON DELETE SET NULL ON UPDATE CASCADE,
  CONSTRAINT `orders_branch_id_foreign` FOREIGN KEY (`branch_id`) REFERENCES `branches` (`id`) ON DELETE CASCADE ON UPDATE CASCADE,
  CONSTRAINT `orders_cancel_reason_id_foreign` FOREIGN KEY (`cancel_reason_id`) REFERENCES `kot_cancel_reasons` (`id`) ON DELETE CASCADE ON UPDATE CASCADE,
  CONSTRAINT `orders_cancelled_by_foreign` FOREIGN KEY (`cancelled_by`) REFERENCES `users` (`id`) ON DELETE SET NULL ON UPDATE CASCADE,
  CONSTRAINT `orders_customer_id_foreign` FOREIGN KEY (`customer_id`) REFERENCES `customers` (`id`) ON DELETE SET NULL ON UPDATE CASCADE,
  CONSTRAINT `orders_delivery_app_id_foreign` FOREIGN KEY (`delivery_app_id`) REFERENCES `delivery_platforms` (`id`) ON DELETE SET NULL,
  CONSTRAINT `orders_delivery_executive_id_foreign` FOREIGN KEY (`delivery_executive_id`) REFERENCES `delivery_executives` (`id`) ON DELETE SET NULL,
  CONSTRAINT `orders_kiosk_id_foreign` FOREIGN KEY (`kiosk_id`) REFERENCES `kiosks` (`id`) ON DELETE SET NULL,
  CONSTRAINT `orders_order_type_id_foreign` FOREIGN KEY (`order_type_id`) REFERENCES `order_types` (`id`) ON DELETE SET NULL,
  CONSTRAINT `orders_pos_machine_id_foreign` FOREIGN KEY (`pos_machine_id`) REFERENCES `pos_machines` (`id`) ON DELETE SET NULL,
  CONSTRAINT `orders_reservation_id_foreign` FOREIGN KEY (`reservation_id`) REFERENCES `reservations` (`id`) ON DELETE SET NULL,
  CONSTRAINT `orders_table_id_foreign` FOREIGN KEY (`table_id`) REFERENCES `tables` (`id`) ON DELETE CASCADE ON UPDATE CASCADE,
  CONSTRAINT `orders_waiter_id_foreign` FOREIGN KEY (`waiter_id`) REFERENCES `users` (`id`) ON DELETE SET NULL
) ENGINE=InnoDB AUTO_INCREMENT=142 DEFAULT CHARSET=utf8mb4 COLLATE=utf8mb4_unicode_ci;

-- Dumping data for table `orders`
INSERT INTO `orders` VALUES
('1', 'cd47daea-8ea1-4ac3-b1b9-a8e0617d456b', '3', '2', '1', NULL, '2025-11-30 08:50:45', '1', NULL, '1', '4', '4', '4', 'canceled', 'pos', '20.00', '0.00', '0.00', 'order', NULL, '20.00', '20.00', '2025-11-27 05:35:38', '2025-12-03 09:41:17', '7', NULL, 'Dine In', 'dine_in', NULL, NULL, NULL, NULL, NULL, NULL, NULL, NULL, NULL, 'cancelled', '0.00', NULL, NULL, '0', NULL, NULL, NULL, NULL, NULL, 'test', NULL, NULL),
('2', '4d1ab999-357a-4f58-be18-7c1d26b31ecc', '3', NULL, '2', NULL, '2025-11-27 20:06:45', NULL, NULL, NULL, NULL, '4', NULL, 'paid', 'shop', '10.00', '0.00', '0.00', 'order', NULL, '10.00', '10.00', '2025-11-27 10:10:27', '2025-11-27 20:07:07', '7', NULL, 'Dine In', 'dine_in', NULL, NULL, NULL, NULL, NULL, NULL, NULL, NULL, NULL, 'served', '0.00', NULL, NULL, '1', NULL, NULL, NULL, NULL, NULL, NULL, NULL, NULL),
('3', 'afa14580-04aa-4ec7-b50f-42519ccb387b', '4', '4', '1', NULL, '2025-11-27 16:09:10', NULL, NULL, '1', '6', '6', NULL, 'paid', 'pos', '3.00', '0.00', '0.00', 'order', NULL, '3.00', '3.00', '2025-11-27 16:09:10', '2025-11-27 16:09:31', '10', NULL, 'Dine In', 'dine_in', NULL, NULL, NULL, NULL, NULL, NULL, NULL, NULL, NULL, 'confirmed', '0.00', NULL, NULL, '0', NULL, NULL, NULL, NULL, NULL, NULL, NULL, NULL),
('4', '56825164-74b2-4ea9-b7bd-99c6767f1a94', '4', '4', '2', NULL, '2025-11-27 16:30:13', NULL, NULL, '1', '5', '5', NULL, 'paid', 'pos', '3.00', '0.00', '0.00', 'order', NULL, '3.00', '3.00', '2025-11-27 16:30:13', '2025-11-27 16:30:20', '10', NULL, 'Dine In', 'dine_in', NULL, NULL, NULL, NULL, NULL, NULL, NULL, NULL, NULL, 'confirmed', '0.00', NULL, NULL, '0', NULL, NULL, NULL, NULL, NULL, NULL, NULL, NULL),
('5', '955a8dba-a50d-44d5-b5e5-178a18e1fe1d', '4', '4', '3', NULL, '2025-12-02 18:23:26', '2', NULL, '16', '6', NULL, NULL, 'paid', 'pos', '0.00', '0.00', '0.00', 'order', NULL, '0.00', '0.00', '2025-11-27 18:22:00', '2025-12-02 18:23:32', '10', NULL, 'Dine In', 'dine_in', NULL, NULL, NULL, NULL, NULL, NULL, NULL, NULL, '0.00', 'served', '0.00', NULL, NULL, '0', NULL, NULL, NULL, NULL, NULL, NULL, NULL, NULL),
('6', '564b21dc-7e69-4c38-9b5d-e697fce84a6d', '4', '4', '4', NULL, '2025-11-27 18:51:10', NULL, NULL, '1', '6', '6', NULL, 'paid', 'pos', '3.00', '0.00', '0.00', 'order', NULL, '3.00', '3.00', '2025-11-27 18:51:10', '2025-11-27 18:51:39', '10', NULL, 'Dine In', 'dine_in', NULL, NULL, NULL, NULL, NULL, NULL, NULL, NULL, NULL, 'confirmed', '0.00', NULL, NULL, '0', NULL, NULL, NULL, NULL, NULL, NULL, NULL, NULL),
('7', '3cb24501-35b8-49f9-a214-ec42f3f11e66', '4', '4', '5', NULL, '2025-11-27 18:53:31', '3', NULL, '1', '6', '6', NULL, 'paid', 'pos', '3.00', '0.00', '0.00', 'order', NULL, '3.00', '3.00', '2025-11-27 18:53:31', '2025-12-02 18:22:16', '10', NULL, 'Dine In', 'dine_in', NULL, NULL, NULL, NULL, NULL, NULL, NULL, NULL, NULL, 'served', '0.00', NULL, NULL, '0', NULL, NULL, NULL, NULL, NULL, NULL, NULL, NULL),
('8', '6cf752f1-3a89-4d68-8878-e3110ee9986c', '3', '1', '3', NULL, '2025-11-27 20:05:40', '10', NULL, '1', '4', '4', NULL, 'paid', 'pos', '10.00', '0.00', '0.00', 'order', NULL, '10.00', '10.00', '2025-11-27 20:05:40', '2025-12-03 09:22:03', '7', NULL, 'Dine In', 'dine_in', NULL, NULL, NULL, NULL, NULL, NULL, NULL, NULL, NULL, 'preparing', '0.00', NULL, NULL, '0', NULL, NULL, NULL, NULL, NULL, NULL, NULL, NULL),
('9', '0a9bcdf5-ec7c-4317-8eba-cb4de723e6e7', '3', '2', '4', NULL, '2025-11-27 20:25:19', NULL, NULL, '1', '4', NULL, NULL, 'kot', 'pos', '10.00', '0.00', '0.00', 'order', NULL, '10.00', '0.00', '2025-11-27 20:25:19', '2025-11-27 20:25:19', '7', NULL, 'Dine In', 'dine_in', NULL, NULL, NULL, NULL, NULL, NULL, NULL, NULL, NULL, 'confirmed', '0.00', NULL, NULL, '0', NULL, NULL, NULL, NULL, NULL, NULL, NULL, NULL),
('10', '56fb865a-5f7a-4e47-ba50-8992333593d0', '4', '4', '6', NULL, '2025-11-27 23:50:35', '4', NULL, '1', '6', '6', NULL, 'paid', 'pos', '1120.00', '0.00', '0.00', 'order', NULL, '1120.00', '1120.00', '2025-11-27 23:50:35', '2025-12-02 18:21:47', '10', NULL, 'Dine In', 'dine_in', NULL, NULL, NULL, NULL, NULL, NULL, NULL, NULL, NULL, 'confirmed', '0.00', NULL, NULL, '0', NULL, NULL, NULL, NULL, NULL, NULL, NULL, NULL),
('11', '49f8312b-1eff-45e1-bcfe-14db4debc8cf', '4', '4', '7', NULL, '2025-11-28 20:37:48', NULL, NULL, NULL, '6', '6', NULL, 'paid', 'pos', '5.00', '0.00', '0.00', 'order', NULL, '5.00', '5.00', '2025-11-28 20:37:48', '2025-11-28 20:38:22', '10', NULL, 'Dine In', 'dine_in', NULL, NULL, NULL, NULL, NULL, NULL, NULL, NULL, NULL, 'served', '0.00', NULL, NULL, '0', NULL, NULL, NULL, NULL, NULL, NULL, NULL, NULL),
('12', 'ad5ea939-1581-4753-85e7-9fd4f3daab25', '4', '4', '8', NULL, '2025-11-28 23:06:40', NULL, NULL, '1', '6', '6', NULL, 'paid', 'pos', '32.00', '0.00', '0.00', 'order', NULL, '32.00', '32.00', '2025-11-28 23:06:40', '2025-11-28 23:14:50', '10', NULL, 'Dine In', 'dine_in', NULL, NULL, NULL, NULL, NULL, NULL, NULL, NULL, NULL, 'served', '0.00', NULL, NULL, '0', NULL, NULL, NULL, NULL, NULL, NULL, NULL, NULL),
('13', '2efece6c-3b3a-4842-a694-9ac5a2018fbc', '4', '4', '9', NULL, '2025-11-29 00:25:39', NULL, NULL, NULL, '6', '6', NULL, 'paid', 'pos', '18.00', '0.00', '0.00', 'order', NULL, '18.00', '18.00', '2025-11-29 00:25:39', '2025-11-29 00:25:53', '10', NULL, 'Dine In', 'dine_in', NULL, NULL, NULL, NULL, NULL, NULL, NULL, NULL, NULL, 'served', '0.00', NULL, NULL, '0', NULL, NULL, NULL, NULL, NULL, NULL, NULL, NULL),
('14', '25da9ec4-0c6a-4b43-98fe-aa963696bd6c', '4', '4', '10', NULL, '2025-11-29 04:12:33', NULL, NULL, NULL, '6', '6', NULL, 'paid', 'pos', '97.00', '0.00', '0.00', 'order', NULL, '97.00', '97.00', '2025-11-29 04:12:33', '2025-11-29 04:12:49', '10', NULL, 'Dine In', 'dine_in', NULL, NULL, NULL, NULL, NULL, NULL, NULL, NULL, NULL, 'served', '0.00', NULL, NULL, '0', NULL, NULL, NULL, NULL, NULL, NULL, NULL, NULL),
('15', '8e86ecfd-725c-470a-948c-c4ab29d7b1cb', '4', '4', '11', NULL, '2025-11-29 22:32:26', NULL, NULL, NULL, '6', '6', NULL, 'paid', 'pos', '11.00', '0.00', '0.00', 'order', NULL, '11.00', '11.00', '2025-11-29 22:32:26', '2025-11-29 22:32:40', '10', NULL, 'Dine In', 'dine_in', NULL, NULL, NULL, NULL, NULL, NULL, NULL, NULL, NULL, 'served', '0.00', NULL, NULL, '0', NULL, NULL, NULL, NULL, NULL, NULL, NULL, NULL),
('16', 'bcf4597d-81ac-4839-af6d-7c49285dc369', '4', '4', '12', NULL, '2025-11-29 22:37:35', NULL, NULL, NULL, '6', '6', NULL, 'paid', 'pos', '15.00', '0.00', '0.00', 'order', NULL, '15.00', '15.00', '2025-11-29 22:37:35', '2025-11-29 22:37:47', '10', NULL, 'Dine In', 'dine_in', NULL, NULL, NULL, NULL, NULL, NULL, NULL, NULL, NULL, 'served', '0.00', NULL, NULL, '0', NULL, NULL, NULL, NULL, NULL, NULL, NULL, NULL),
('17', '0b8d7e12-8463-4f5a-a8a0-1f3941e5afe8', '4', '4', '13', NULL, '2025-11-29 22:40:28', NULL, NULL, NULL, '6', '6', NULL, 'paid', 'pos', '16.00', '0.00', '0.00', 'order', NULL, '16.00', '16.00', '2025-11-29 22:40:28', '2025-11-29 22:40:40', '10', NULL, 'Dine In', 'dine_in', NULL, NULL, NULL, NULL, NULL, NULL, NULL, NULL, NULL, 'served', '0.00', NULL, NULL, '0', NULL, NULL, NULL, NULL, NULL, NULL, NULL, NULL),
('18', '9afc21bd-f2e8-437e-9fd4-2d8478da6381', '4', '4', '14', NULL, '2025-11-29 22:58:35', NULL, NULL, NULL, '6', '6', NULL, 'paid', 'pos', '3.00', '0.00', '0.00', 'order', NULL, '3.00', '3.00', '2025-11-29 22:58:35', '2025-11-29 22:59:37', '10', NULL, 'Dine In', 'dine_in', NULL, NULL, NULL, NULL, NULL, NULL, NULL, NULL, NULL, 'served', '0.00', NULL, NULL, '0', NULL, NULL, NULL, NULL, NULL, NULL, NULL, NULL),
('19', 'b7827754-a4ba-4c12-9009-732f9e690d57', '4', '4', '15', NULL, '2025-11-29 23:08:34', NULL, NULL, NULL, '6', '6', NULL, 'paid', 'pos', '39.00', '0.00', '0.00', 'order', NULL, '39.00', '39.00', '2025-11-29 23:08:34', '2025-11-29 23:08:46', '10', NULL, 'Dine In', 'dine_in', NULL, NULL, NULL, NULL, NULL, NULL, NULL, NULL, NULL, 'served', '0.00', NULL, NULL, '0', NULL, NULL, NULL, NULL, NULL, NULL, NULL, NULL),
('20', 'dcfa991d-d65d-4fcc-afec-5de5185211a4', '4', '4', '16', NULL, '2025-11-30 00:18:17', NULL, NULL, '1', '6', '6', NULL, 'paid', 'pos', '35.00', '0.00', '0.00', 'order', NULL, '35.00', '35.00', '2025-11-30 00:18:17', '2025-11-30 00:18:28', '10', NULL, 'Dine In', 'dine_in', NULL, NULL, NULL, NULL, NULL, NULL, NULL, NULL, NULL, 'served', '0.00', NULL, NULL, '0', NULL, NULL, NULL, NULL, NULL, NULL, NULL, NULL),
('21', '76c1c218-b27b-4e42-9936-a450e655c2c9', '4', '4', '17', NULL, '2025-11-30 00:31:13', NULL, NULL, NULL, '6', '6', NULL, 'paid', 'pos', '60.00', '0.00', '0.00', 'order', NULL, '60.00', '60.00', '2025-11-30 00:31:13', '2025-11-30 00:31:26', '10', NULL, 'Dine In', 'dine_in', NULL, NULL, NULL, NULL, NULL, NULL, NULL, NULL, NULL, 'served', '0.00', NULL, NULL, '0', NULL, NULL, NULL, NULL, NULL, NULL, NULL, NULL),
('22', '516e2a23-e361-403a-b75c-7f652e5d934a', '4', '4', '18', NULL, '2025-11-30 00:47:00', NULL, NULL, NULL, '6', '6', NULL, 'paid', 'pos', '8.00', '0.00', '0.00', 'order', NULL, '8.00', '8.00', '2025-11-30 00:47:00', '2025-11-30 00:47:15', '10', NULL, 'Dine In', 'dine_in', NULL, NULL, NULL, NULL, NULL, NULL, NULL, NULL, NULL, 'served', '0.00', NULL, NULL, '0', NULL, NULL, NULL, NULL, NULL, NULL, NULL, NULL),
('23', '6b5f40d9-5c7d-4944-862b-5da19730e39c', '4', '4', '19', NULL, '2025-11-30 00:47:57', NULL, NULL, NULL, '6', '6', NULL, 'paid', 'pos', '5.00', '0.00', '0.00', 'order', NULL, '5.00', '5.00', '2025-11-30 00:47:57', '2025-11-30 00:48:11', '10', NULL, 'Dine In', 'dine_in', NULL, NULL, NULL, NULL, NULL, NULL, NULL, NULL, NULL, 'served', '0.00', NULL, NULL, '0', NULL, NULL, NULL, NULL, NULL, NULL, NULL, NULL),
('24', '85843dbb-ffa2-43c4-a24d-fc6ea0e63455', '4', '4', '20', NULL, '2025-11-30 01:16:54', NULL, NULL, NULL, '6', '6', NULL, 'paid', 'pos', '35.00', '0.00', '0.00', 'order', NULL, '35.00', '35.00', '2025-11-30 01:16:54', '2025-11-30 01:17:08', '10', NULL, 'Dine In', 'dine_in', NULL, NULL, NULL, NULL, NULL, NULL, NULL, NULL, NULL, 'served', '0.00', NULL, NULL, '0', NULL, NULL, NULL, NULL, NULL, NULL, NULL, NULL),
('25', '3b4e7351-8a9a-490f-a4a7-a8341ac135ad', '4', '4', '21', NULL, '2025-11-30 01:19:06', NULL, NULL, NULL, '6', '6', NULL, 'paid', 'pos', '48.00', '0.00', '0.00', 'order', NULL, '48.00', '48.00', '2025-11-30 01:19:06', '2025-11-30 01:19:18', '10', NULL, 'Dine In', 'dine_in', NULL, NULL, NULL, NULL, NULL, NULL, NULL, NULL, NULL, 'served', '0.00', NULL, NULL, '0', NULL, NULL, NULL, NULL, NULL, NULL, NULL, NULL),
('26', 'd7c466ae-692d-48e6-8690-ab5ef7ebaa70', '3', '5', '5', NULL, '2025-12-11 05:55:12', '14', NULL, '1', '4', '4', NULL, 'paid', 'pos', '30.00', '0.00', '0.00', 'order', NULL, '30.00', '30.00', '2025-11-30 08:48:31', '2025-12-11 05:55:18', '7', NULL, 'Dine In', 'dine_in', NULL, NULL, NULL, NULL, NULL, NULL, NULL, NULL, '0.00', 'served', '0.00', NULL, NULL, '0', NULL, NULL, NULL, NULL, NULL, NULL, NULL, NULL),
('27', 'fed02828-0f36-4524-b426-5672903e9211', '4', NULL, '22', NULL, '2025-11-30 21:21:39', NULL, NULL, NULL, NULL, NULL, NULL, 'kot', 'shop', '15.00', '0.00', '0.00', 'order', NULL, '15.00', '0.00', '2025-11-30 21:21:39', '2025-11-30 21:21:39', '10', NULL, 'Dine In', 'dine_in', NULL, NULL, NULL, NULL, NULL, NULL, NULL, NULL, NULL, 'placed', '0.00', NULL, NULL, '1', NULL, NULL, NULL, NULL, NULL, NULL, NULL, NULL),
('28', 'a2735240-f64f-4b26-8320-12e85701df5f', '4', '4', '23', NULL, '2025-11-30 21:44:54', NULL, NULL, '1', '6', '6', NULL, 'paid', 'pos', '12.00', '0.00', '0.00', 'order', NULL, '12.00', '12.00', '2025-11-30 21:44:54', '2025-11-30 21:45:07', '10', NULL, 'Dine In', 'dine_in', NULL, NULL, NULL, NULL, NULL, NULL, NULL, NULL, NULL, 'served', '0.00', NULL, NULL, '0', NULL, NULL, NULL, NULL, NULL, NULL, NULL, NULL),
('29', '24bfd0b0-e6ac-4c08-81fd-0a8861f96eb5', '4', '4', '24', NULL, '2025-11-30 22:29:25', NULL, NULL, NULL, '6', '6', NULL, 'paid', 'pos', '12.00', '0.00', '0.00', 'order', NULL, '12.00', '12.00', '2025-11-30 22:29:25', '2025-11-30 22:29:37', '10', NULL, 'Dine In', 'dine_in', NULL, NULL, NULL, NULL, NULL, NULL, NULL, NULL, NULL, 'served', '0.00', NULL, NULL, '0', NULL, NULL, NULL, NULL, NULL, NULL, NULL, NULL),
('30', 'a3bec884-0fb3-4993-a6b3-b314e6b46177', '4', '4', '25', NULL, '2025-11-30 22:35:58', NULL, NULL, NULL, '6', '6', NULL, 'paid', 'pos', '4.00', '0.00', '0.00', 'order', NULL, '4.00', '4.00', '2025-11-30 22:35:58', '2025-11-30 22:36:15', '10', NULL, 'Dine In', 'dine_in', NULL, NULL, NULL, NULL, NULL, NULL, NULL, NULL, NULL, 'served', '0.00', NULL, NULL, '0', NULL, NULL, NULL, NULL, NULL, NULL, NULL, NULL),
('31', '24b33eda-8104-4176-93b0-db045e5ddd23', '4', '4', '26', NULL, '2025-11-30 22:51:50', NULL, NULL, NULL, '6', '6', NULL, 'paid', 'pos', '6.00', '0.00', '0.00', 'order', NULL, '6.00', '6.00', '2025-11-30 22:51:50', '2025-11-30 22:52:04', '10', NULL, 'Dine In', 'dine_in', NULL, NULL, NULL, NULL, NULL, NULL, NULL, NULL, NULL, 'served', '0.00', NULL, NULL, '0', NULL, NULL, NULL, NULL, NULL, NULL, NULL, NULL),
('32', '9c26f866-5ef0-49d6-810d-ae537d40a250', '4', '4', '27', NULL, '2025-12-01 00:48:38', NULL, NULL, NULL, '6', '6', NULL, 'paid', 'pos', '21.00', '0.00', '0.00', 'order', NULL, '21.00', '21.00', '2025-12-01 00:48:38', '2025-12-01 00:48:50', '10', NULL, 'Dine In', 'dine_in', NULL, NULL, NULL, NULL, NULL, NULL, NULL, NULL, NULL, 'served', '0.00', NULL, NULL, '0', NULL, NULL, NULL, NULL, NULL, NULL, NULL, NULL),
('33', '62f45f7d-06d4-4dc1-b25e-8d1ae16c9710', '4', '4', '28', NULL, '2025-12-01 00:49:09', NULL, NULL, NULL, '6', '6', NULL, 'paid', 'pos', '18.00', '0.00', '0.00', 'order', NULL, '18.00', '18.00', '2025-12-01 00:49:09', '2025-12-01 00:49:20', '10', NULL, 'Dine In', 'dine_in', NULL, NULL, NULL, NULL, NULL, NULL, NULL, NULL, NULL, 'served', '0.00', NULL, NULL, '0', NULL, NULL, NULL, NULL, NULL, NULL, NULL, NULL),
('34', 'ec98b07e-ad8a-4bae-9be0-af5b01ea5e09', '4', '4', '29', NULL, '2025-12-01 00:52:58', NULL, NULL, NULL, '6', '6', NULL, 'paid', 'pos', '68.00', '0.00', '0.00', 'order', NULL, '68.00', '68.00', '2025-12-01 00:52:58', '2025-12-01 00:53:16', '10', NULL, 'Dine In', 'dine_in', NULL, NULL, NULL, NULL, NULL, NULL, NULL, NULL, NULL, 'served', '0.00', NULL, NULL, '0', NULL, NULL, NULL, NULL, NULL, NULL, NULL, NULL),
('35', '1d2eef2f-5195-4038-9f3a-64895713006e', '4', '4', '30', NULL, '2025-12-01 02:06:35', NULL, NULL, NULL, '6', '6', NULL, 'paid', 'pos', '34.00', '0.00', '0.00', 'order', NULL, '34.00', '34.00', '2025-12-01 02:06:35', '2025-12-01 02:06:50', '10', NULL, 'Dine In', 'dine_in', NULL, NULL, NULL, NULL, NULL, NULL, NULL, NULL, NULL, 'served', '0.00', NULL, NULL, '0', NULL, NULL, NULL, NULL, NULL, NULL, NULL, NULL),
('36', 'f4fef071-e5ac-43bb-a077-7f1a223e775d', '4', '4', '31', NULL, '2025-12-02 18:24:53', NULL, NULL, '1', '6', '6', NULL, 'paid', 'pos', '8.00', '0.00', '0.00', 'order', NULL, '8.00', '8.00', '2025-12-02 18:24:53', '2025-12-02 18:24:57', '10', NULL, 'Dine In', 'dine_in', NULL, NULL, NULL, NULL, NULL, NULL, NULL, NULL, NULL, 'confirmed', '0.00', NULL, NULL, '0', NULL, NULL, NULL, NULL, NULL, NULL, NULL, NULL),
('37', '081c9d44-afb1-420f-a2e1-7d4a22d86f98', '4', '4', '32', NULL, '2025-12-02 20:52:44', '2', NULL, '1', '6', '6', NULL, 'paid', 'pos', '41.00', '0.00', '0.00', 'order', NULL, '41.00', '41.00', '2025-12-02 20:52:44', '2025-12-02 20:52:50', '10', NULL, 'Dine In', 'dine_in', NULL, NULL, NULL, NULL, NULL, NULL, NULL, NULL, NULL, 'confirmed', '0.00', NULL, NULL, '0', NULL, NULL, NULL, NULL, NULL, NULL, NULL, NULL),
('38', '42241604-3aee-48fd-9be7-8007d52ad19a', '4', '4', '33', NULL, '2025-12-02 20:53:05', NULL, NULL, NULL, '6', '6', NULL, 'billed', 'pos', '3.00', '0.00', '0.00', 'order', NULL, '3.00', '0.00', '2025-12-02 20:53:05', '2025-12-02 20:53:05', '10', NULL, 'Dine In', 'dine_in', NULL, NULL, NULL, NULL, NULL, NULL, NULL, NULL, NULL, 'confirmed', '0.00', NULL, NULL, '0', NULL, NULL, NULL, NULL, NULL, NULL, NULL, NULL),
('39', 'ecf11089-21cb-4338-a602-58d7928b64ca', '3', '5', '6', NULL, '2025-12-03 09:18:28', NULL, NULL, '1', '4', '4', NULL, 'paid', 'pos', '10.00', '0.00', '0.00', 'order', NULL, '10.00', '10.00', '2025-12-03 09:18:28', '2025-12-03 09:20:46', '7', NULL, 'Dine In', 'dine_in', NULL, NULL, NULL, NULL, NULL, NULL, NULL, NULL, NULL, 'preparing', '0.00', NULL, NULL, '0', NULL, NULL, NULL, NULL, NULL, NULL, NULL, NULL),
('40', '043681c1-79bb-4e7d-b924-21d9942db209', '3', '5', '7', NULL, '2025-12-03 09:31:28', NULL, NULL, '1', '4', '4', NULL, 'paid', 'pos', '20.00', '0.00', '0.00', 'order', NULL, '20.00', '20.00', '2025-12-03 09:31:28', '2025-12-03 09:33:41', '7', NULL, 'Dine In', 'dine_in', NULL, NULL, NULL, NULL, NULL, NULL, NULL, NULL, NULL, 'confirmed', '0.00', NULL, NULL, '0', NULL, NULL, NULL, NULL, NULL, NULL, NULL, NULL),
('41', 'e97b7ca1-2e02-40f2-a1e3-944bc7dc0276', '4', '4', '34', NULL, '2025-12-05 20:55:32', '2', NULL, '1', '6', '6', NULL, 'paid', 'pos', '11.00', '0.00', '0.00', 'order', NULL, '11.00', '11.00', '2025-12-05 20:55:33', '2025-12-05 20:56:10', '10', NULL, 'Dine In', 'dine_in', NULL, NULL, NULL, NULL, NULL, NULL, NULL, NULL, NULL, 'served', '0.00', NULL, NULL, '0', NULL, NULL, NULL, NULL, NULL, NULL, NULL, NULL),
('42', 'aa5051dd-329a-4cd5-9510-4b66dda417d9', '4', '4', '35', NULL, '2025-12-05 21:48:18', '2', NULL, '1', '6', '6', NULL, 'paid', 'pos', '79.00', '0.00', '0.00', 'order', NULL, '79.00', '79.00', '2025-12-05 21:48:18', '2025-12-05 21:48:33', '10', NULL, 'Dine In', 'dine_in', NULL, NULL, NULL, NULL, NULL, NULL, NULL, NULL, NULL, 'served', '0.00', NULL, NULL, '0', NULL, NULL, NULL, NULL, NULL, NULL, NULL, NULL),
('43', 'd500fba1-be99-4712-aef0-3ad5d6436908', '4', '4', '36', NULL, '2025-12-05 22:16:20', NULL, NULL, NULL, '6', '6', NULL, 'paid', 'pos', '15.00', '0.00', '0.00', 'order', NULL, '15.00', '15.00', '2025-12-05 22:16:20', '2025-12-05 22:16:33', '10', NULL, 'Dine In', 'dine_in', NULL, NULL, NULL, NULL, NULL, NULL, NULL, NULL, NULL, 'served', '0.00', NULL, NULL, '0', NULL, NULL, NULL, NULL, NULL, NULL, NULL, NULL),
('44', '1c375c53-191f-4bab-9351-f6a7befe2f6f', '4', '4', '37', NULL, '2025-12-05 22:28:54', NULL, NULL, NULL, '6', '6', NULL, 'paid', 'pos', '15.00', '0.00', '0.00', 'order', NULL, '15.00', '15.00', '2025-12-05 22:28:54', '2025-12-05 22:29:07', '10', NULL, 'Dine In', 'dine_in', NULL, NULL, NULL, NULL, NULL, NULL, NULL, NULL, NULL, 'served', '0.00', NULL, NULL, '0', NULL, NULL, NULL, NULL, NULL, NULL, NULL, NULL),
('45', '7d11d3ea-5bd4-40ac-a5cc-a645c9aa9c20', '4', '4', '38', NULL, '2025-12-05 22:31:42', NULL, NULL, NULL, '6', '6', NULL, 'paid', 'pos', '7.00', '0.00', '0.00', 'order', NULL, '7.00', '7.00', '2025-12-05 22:31:42', '2025-12-05 22:31:55', '10', NULL, 'Dine In', 'dine_in', NULL, NULL, NULL, NULL, NULL, NULL, NULL, NULL, NULL, 'served', '0.00', NULL, NULL, '0', NULL, NULL, NULL, NULL, NULL, NULL, NULL, NULL),
('46', 'fadb5f3f-fad3-45e2-8990-6ca056ec6050', '4', '4', '39', NULL, '2025-12-05 22:34:55', NULL, NULL, NULL, '6', '6', NULL, 'paid', 'pos', '30.00', '0.00', '0.00', 'order', NULL, '30.00', '30.00', '2025-12-05 22:34:55', '2025-12-05 22:35:05', '10', NULL, 'Dine In', 'dine_in', NULL, NULL, NULL, NULL, NULL, NULL, NULL, NULL, NULL, 'served', '0.00', NULL, NULL, '0', NULL, NULL, NULL, NULL, NULL, NULL, NULL, NULL),
('47', '2f77c109-5e75-4f3a-a8ef-b49d7634a317', '4', '4', '40', NULL, '2025-12-05 22:35:27', NULL, NULL, NULL, '6', '6', NULL, 'paid', 'pos', '6.00', '0.00', '0.00', 'order', NULL, '6.00', '6.00', '2025-12-05 22:35:27', '2025-12-05 22:45:48', '10', NULL, 'Dine In', 'dine_in', NULL, NULL, NULL, NULL, NULL, NULL, NULL, NULL, NULL, 'served', '0.00', NULL, NULL, '0', NULL, NULL, NULL, NULL, NULL, NULL, NULL, NULL),
('48', 'ed4109ab-7462-4ccc-8e18-19f92bbac7cf', '4', '4', '41', NULL, '2025-12-05 22:46:04', NULL, NULL, NULL, '6', '6', NULL, 'paid', 'pos', '8.00', '0.00', '0.00', 'order', NULL, '8.00', '8.00', '2025-12-05 22:46:04', '2025-12-05 22:46:17', '10', NULL, 'Dine In', 'dine_in', NULL, NULL, NULL, NULL, NULL, NULL, NULL, NULL, NULL, 'served', '0.00', NULL, NULL, '0', NULL, NULL, NULL, NULL, NULL, NULL, NULL, NULL),
('49', 'd16176f0-d30c-49ff-93db-9cf2ab9e6686', '4', '4', '42', NULL, '2025-12-05 22:54:16', NULL, NULL, NULL, '6', '6', NULL, 'paid', 'pos', '15.00', '0.00', '0.00', 'order', NULL, '15.00', '15.00', '2025-12-05 22:54:16', '2025-12-05 22:54:31', '10', NULL, 'Dine In', 'dine_in', NULL, NULL, NULL, NULL, NULL, NULL, NULL, NULL, NULL, 'served', '0.00', NULL, NULL, '0', NULL, NULL, NULL, NULL, NULL, NULL, NULL, NULL),
('50', '63ab6d7f-7ba8-47fb-b5fc-21d878fa73db', '4', '4', '43', NULL, '2025-12-05 22:55:10', NULL, NULL, NULL, '6', '6', NULL, 'paid', 'pos', '12.00', '0.00', '0.00', 'order', NULL, '12.00', '12.00', '2025-12-05 22:55:10', '2025-12-05 22:55:22', '10', NULL, 'Dine In', 'dine_in', NULL, NULL, NULL, NULL, NULL, NULL, NULL, NULL, NULL, 'served', '0.00', NULL, NULL, '0', NULL, NULL, NULL, NULL, NULL, NULL, NULL, NULL),
('51', 'bdbb0d72-94a8-4868-82f0-04d3a6807dfd', '4', '4', '44', NULL, '2025-12-05 22:59:34', NULL, NULL, NULL, '6', '6', NULL, 'paid', 'pos', '17.00', '0.00', '0.00', 'order', NULL, '17.00', '17.00', '2025-12-05 22:59:34', '2025-12-05 22:59:48', '10', NULL, 'Dine In', 'dine_in', NULL, NULL, NULL, NULL, NULL, NULL, NULL, NULL, NULL, 'served', '0.00', NULL, NULL, '0', NULL, NULL, NULL, NULL, NULL, NULL, NULL, NULL),
('52', '874aab9c-7aff-4bcf-bfa0-b48bf0e50f5e', '4', '4', '45', NULL, '2025-12-05 23:11:09', NULL, NULL, NULL, '6', '6', NULL, 'paid', 'pos', '7.00', '0.00', '0.00', 'order', NULL, '7.00', '7.00', '2025-12-05 23:11:09', '2025-12-05 23:11:21', '10', NULL, 'Dine In', 'dine_in', NULL, NULL, NULL, NULL, NULL, NULL, NULL, NULL, NULL, 'served', '0.00', NULL, NULL, '0', NULL, NULL, NULL, NULL, NULL, NULL, NULL, NULL),
('53', '46b0d13a-b8e1-4e6f-9a90-8fe9df9974c2', '4', '4', '46', NULL, '2025-12-05 23:18:15', NULL, NULL, NULL, '6', '6', NULL, 'paid', 'pos', '10.00', '0.00', '0.00', 'order', NULL, '10.00', '10.00', '2025-12-05 23:18:15', '2025-12-05 23:18:26', '10', NULL, 'Dine In', 'dine_in', NULL, NULL, NULL, NULL, NULL, NULL, NULL, NULL, NULL, 'served', '0.00', NULL, NULL, '0', NULL, NULL, NULL, NULL, NULL, NULL, NULL, NULL),
('54', '185bd6ab-4b35-4330-8579-5f5dce21da9b', '4', '4', '47', NULL, '2025-12-05 23:22:15', NULL, NULL, NULL, '6', '6', NULL, 'paid', 'pos', '3.00', '0.00', '0.00', 'order', NULL, '3.00', '3.00', '2025-12-05 23:22:15', '2025-12-05 23:22:26', '10', NULL, 'Dine In', 'dine_in', NULL, NULL, NULL, NULL, NULL, NULL, NULL, NULL, NULL, 'served', '0.00', NULL, NULL, '0', NULL, NULL, NULL, NULL, NULL, NULL, NULL, NULL),
('55', 'a45dc7e7-49c2-48b6-af84-fa1dec37f066', '4', '4', '48', NULL, '2025-12-05 23:27:05', NULL, NULL, NULL, '6', '6', NULL, 'paid', 'pos', '64.00', '0.00', '0.00', 'order', NULL, '64.00', '64.00', '2025-12-05 23:27:05', '2025-12-05 23:27:18', '10', NULL, 'Dine In', 'dine_in', NULL, NULL, NULL, NULL, NULL, NULL, NULL, NULL, NULL, 'served', '0.00', NULL, NULL, '0', NULL, NULL, NULL, NULL, NULL, NULL, NULL, NULL),
('56', '0298a14b-d1d2-4d54-b42a-2dcfb718b5b2', '4', '4', '49', NULL, '2025-12-05 23:50:14', NULL, NULL, NULL, '6', '6', NULL, 'paid', 'pos', '41.00', '0.00', '0.00', 'order', NULL, '41.00', '41.00', '2025-12-05 23:50:14', '2025-12-06 01:22:51', '10', NULL, 'Dine In', 'dine_in', NULL, NULL, NULL, NULL, NULL, NULL, NULL, NULL, NULL, 'served', '0.00', NULL, NULL, '0', NULL, NULL, NULL, NULL, NULL, NULL, NULL, NULL),
('57', 'c09f674f-e8cb-413d-a35f-3d4d67646aad', '4', '4', '50', NULL, '2025-12-06 01:23:07', NULL, NULL, NULL, '6', '6', NULL, 'paid', 'pos', '12.00', '0.00', '0.00', 'order', NULL, '12.00', '12.00', '2025-12-06 01:23:07', '2025-12-06 01:23:36', '10', NULL, 'Dine In', 'dine_in', NULL, NULL, NULL, NULL, NULL, NULL, NULL, NULL, NULL, 'served', '0.00', NULL, NULL, '0', NULL, NULL, NULL, NULL, NULL, NULL, NULL, NULL),
('58', '61ae1be3-d236-4b8b-8479-6f9b827d81c0', '4', '4', '51', NULL, '2025-12-06 01:25:42', NULL, NULL, NULL, '6', '6', NULL, 'paid', 'pos', '30.00', '0.00', '0.00', 'order', NULL, '30.00', '30.00', '2025-12-06 01:25:42', '2025-12-06 01:26:02', '10', NULL, 'Dine In', 'dine_in', NULL, NULL, NULL, NULL, NULL, NULL, NULL, NULL, NULL, 'served', '0.00', NULL, NULL, '0', NULL, NULL, NULL, NULL, NULL, NULL, NULL, NULL),
('59', '3fa2f608-ac71-42fe-b045-d64e8ec2fc4a', '4', '4', '52', NULL, '2025-12-06 18:24:04', NULL, NULL, NULL, '6', '6', NULL, 'paid', 'pos', '3.00', '0.00', '0.00', 'order', NULL, '3.00', '3.00', '2025-12-06 18:24:04', '2025-12-06 18:24:10', '10', NULL, 'Dine In', 'dine_in', NULL, NULL, NULL, NULL, NULL, NULL, NULL, NULL, NULL, 'confirmed', '0.00', NULL, NULL, '0', NULL, NULL, NULL, NULL, NULL, NULL, NULL, NULL),
('60', '4bb1ac90-55cb-4453-b53c-de46e9934a7a', '4', '4', '53', NULL, '2025-12-06 20:24:29', '5', NULL, NULL, '6', '6', NULL, 'paid', 'pos', '237.00', '0.00', '0.00', 'order', NULL, '237.00', '237.00', '2025-12-06 20:24:29', '2025-12-06 20:25:24', '10', NULL, 'Dine In', 'dine_in', NULL, NULL, NULL, NULL, NULL, NULL, NULL, NULL, NULL, 'confirmed', '0.00', NULL, NULL, '0', NULL, NULL, NULL, NULL, NULL, NULL, NULL, NULL),
('61', 'ad45a627-c02c-4992-882f-c67dc15702a8', '4', '4', '54', NULL, '2025-12-06 20:27:18', '13', NULL, NULL, '6', '6', NULL, 'paid', 'pos', '23.00', '0.00', '0.00', 'order', NULL, '23.00', '23.00', '2025-12-06 20:27:18', '2025-12-06 20:27:31', '10', NULL, 'Dine In', 'dine_in', NULL, NULL, NULL, NULL, NULL, NULL, NULL, NULL, NULL, 'confirmed', '0.00', NULL, NULL, '0', NULL, NULL, NULL, NULL, NULL, NULL, NULL, NULL),
('62', 'a2063edf-dc96-40cc-8813-aff6d035571c', '4', '4', '55', NULL, '2025-12-06 20:54:05', NULL, NULL, '1', '6', '6', NULL, 'paid', 'pos', '6.00', '0.00', '0.00', 'order', NULL, '6.00', '6.00', '2025-12-06 20:54:05', '2025-12-06 20:54:10', '10', NULL, 'Dine In', 'dine_in', NULL, NULL, NULL, NULL, NULL, NULL, NULL, NULL, NULL, 'confirmed', '0.00', NULL, NULL, '0', NULL, NULL, NULL, NULL, NULL, NULL, NULL, NULL),
('63', '0e175911-c44b-4e64-86ea-64e33b2a8695', '4', '4', '56', NULL, '2025-12-06 21:15:26', NULL, NULL, '1', '6', '6', NULL, 'paid', 'pos', '126.00', '0.00', '0.00', 'order', NULL, '126.00', '126.00', '2025-12-06 21:15:26', '2025-12-06 21:15:32', '10', NULL, 'Dine In', 'dine_in', NULL, NULL, NULL, NULL, NULL, NULL, NULL, NULL, NULL, 'confirmed', '0.00', NULL, NULL, '0', NULL, NULL, NULL, NULL, NULL, NULL, NULL, NULL),
('64', '3cc32b14-40b2-4223-ae75-c4c1d31975c8', '4', '4', '57', NULL, '2025-12-06 21:18:14', NULL, NULL, NULL, '6', '6', NULL, 'paid', 'pos', '5.00', '0.00', '0.00', 'order', NULL, '5.00', '5.00', '2025-12-06 21:18:14', '2025-12-06 21:18:21', '10', NULL, 'Dine In', 'dine_in', NULL, NULL, NULL, NULL, NULL, NULL, NULL, NULL, NULL, 'confirmed', '0.00', NULL, NULL, '0', NULL, NULL, NULL, NULL, NULL, NULL, NULL, NULL),
('65', 'ddca9be2-1791-48bc-b44b-0577bd55cbe7', '4', '4', '58', NULL, '2025-12-06 21:35:39', NULL, NULL, NULL, '6', '6', NULL, 'paid', 'pos', '40.00', '0.00', '0.00', 'order', NULL, '40.00', '40.00', '2025-12-06 21:35:39', '2025-12-06 21:35:44', '10', NULL, 'Dine In', 'dine_in', NULL, NULL, NULL, NULL, NULL, NULL, NULL, NULL, NULL, 'confirmed', '0.00', NULL, NULL, '0', NULL, NULL, NULL, NULL, NULL, NULL, NULL, NULL),
('66', '0ffaaa47-772d-4f23-8539-06450b396d29', '4', '4', '59', NULL, '2025-12-06 21:42:49', NULL, NULL, NULL, '6', '6', NULL, 'paid', 'pos', '36.00', '0.00', '0.00', 'order', NULL, '36.00', '36.00', '2025-12-06 21:42:49', '2025-12-06 21:42:57', '10', NULL, 'Dine In', 'dine_in', NULL, NULL, NULL, NULL, NULL, NULL, NULL, NULL, NULL, 'confirmed', '0.00', NULL, NULL, '0', NULL, NULL, NULL, NULL, NULL, NULL, NULL, NULL),
('67', 'fb2a0d1b-4c3d-46fa-9f7a-6c400fc09afc', '4', '4', '60', NULL, '2025-12-06 21:43:53', NULL, NULL, NULL, '6', '6', NULL, 'paid', 'pos', '7.00', '0.00', '0.00', 'order', NULL, '7.00', '7.00', '2025-12-06 21:43:53', '2025-12-06 21:44:01', '10', NULL, 'Dine In', 'dine_in', NULL, NULL, NULL, NULL, NULL, NULL, NULL, NULL, NULL, 'confirmed', '0.00', NULL, NULL, '0', NULL, NULL, NULL, NULL, NULL, NULL, NULL, NULL),
('68', 'b638977c-c1b1-46e4-aecc-87a81172132d', '4', '4', '61', NULL, '2025-12-06 21:59:57', NULL, NULL, NULL, '6', '6', NULL, 'paid', 'pos', '22.00', '0.00', '0.00', 'order', NULL, '22.00', '22.00', '2025-12-06 21:59:57', '2025-12-06 22:00:03', '10', NULL, 'Dine In', 'dine_in', NULL, NULL, NULL, NULL, NULL, NULL, NULL, NULL, NULL, 'confirmed', '0.00', NULL, NULL, '0', NULL, NULL, NULL, NULL, NULL, NULL, NULL, NULL),
('69', 'd115e5f0-042b-468b-a366-c355f9ffdd62', '4', '4', '62', NULL, '2025-12-06 22:05:17', NULL, NULL, NULL, '6', '6', NULL, 'paid', 'pos', '8.00', '0.00', '0.00', 'order', NULL, '8.00', '8.00', '2025-12-06 22:05:17', '2025-12-06 22:05:25', '10', NULL, 'Dine In', 'dine_in', NULL, NULL, NULL, NULL, NULL, NULL, NULL, NULL, NULL, 'confirmed', '0.00', NULL, NULL, '0', NULL, NULL, NULL, NULL, NULL, NULL, NULL, NULL),
('70', '30935cc7-9ae0-40f5-98b7-bdf7b9439bdf', '4', '4', '63', NULL, '2025-12-06 22:12:34', NULL, NULL, NULL, '6', '6', NULL, 'paid', 'pos', '50.00', '0.00', '0.00', 'order', NULL, '50.00', '50.00', '2025-12-06 22:12:34', '2025-12-06 22:12:45', '10', NULL, 'Dine In', 'dine_in', NULL, NULL, NULL, NULL, NULL, NULL, NULL, NULL, NULL, 'confirmed', '0.00', NULL, NULL, '0', NULL, NULL, NULL, NULL, NULL, NULL, NULL, NULL),
('71', '3a128633-56f2-41b1-9ee2-93392da6c50b', '4', '4', '64', NULL, '2025-12-06 22:14:49', NULL, NULL, NULL, '6', '6', NULL, 'paid', 'pos', '6.00', '0.00', '0.00', 'order', NULL, '6.00', '6.00', '2025-12-06 22:14:49', '2025-12-06 22:15:27', '10', NULL, 'Dine In', 'dine_in', NULL, NULL, NULL, NULL, NULL, NULL, NULL, NULL, NULL, 'confirmed', '0.00', NULL, NULL, '0', NULL, NULL, NULL, NULL, NULL, NULL, NULL, NULL),
('72', '8984fad4-9c0b-4055-9520-7ba4ac0059d7', '4', '4', '65', NULL, '2025-12-06 22:17:08', NULL, NULL, NULL, '6', '6', NULL, 'paid', 'pos', '8.00', '0.00', '0.00', 'order', NULL, '8.00', '8.00', '2025-12-06 22:17:08', '2025-12-06 22:17:20', '10', NULL, 'Dine In', 'dine_in', NULL, NULL, NULL, NULL, NULL, NULL, NULL, NULL, NULL, 'confirmed', '0.00', NULL, NULL, '0', NULL, NULL, NULL, NULL, NULL, NULL, NULL, NULL),
('73', '28263b3c-acea-40bd-916a-5b85ed4359d5', '4', '4', '66', NULL, '2025-12-06 22:20:21', NULL, NULL, NULL, '6', '6', NULL, 'paid', 'pos', '40.00', '0.00', '0.00', 'order', NULL, '40.00', '40.00', '2025-12-06 22:20:21', '2025-12-06 22:20:27', '10', NULL, 'Dine In', 'dine_in', NULL, NULL, NULL, NULL, NULL, NULL, NULL, NULL, NULL, 'confirmed', '0.00', NULL, NULL, '0', NULL, NULL, NULL, NULL, NULL, NULL, NULL, NULL),
('74', '7beb1683-8147-4220-8b15-04e313778be0', '4', '4', '67', NULL, '2025-12-06 22:35:43', NULL, NULL, NULL, '6', '6', NULL, 'paid', 'pos', '8.00', '0.00', '0.00', 'order', NULL, '8.00', '8.00', '2025-12-06 22:35:43', '2025-12-06 22:35:49', '10', NULL, 'Dine In', 'dine_in', NULL, NULL, NULL, NULL, NULL, NULL, NULL, NULL, NULL, 'confirmed', '0.00', NULL, NULL, '0', NULL, NULL, NULL, NULL, NULL, NULL, NULL, NULL),
('75', 'bb560047-a042-44ce-a2c1-975ddb0b13e1', '4', '4', '68', NULL, '2025-12-06 22:44:16', '8', NULL, NULL, '6', '6', NULL, 'paid', 'pos', '18.00', '0.00', '0.00', 'order', NULL, '18.00', '18.00', '2025-12-06 22:44:16', '2025-12-06 23:06:19', '10', NULL, 'Dine In', 'dine_in', NULL, NULL, NULL, NULL, NULL, NULL, NULL, NULL, NULL, 'confirmed', '0.00', NULL, NULL, '0', NULL, NULL, NULL, NULL, NULL, NULL, NULL, NULL),
('76', 'bc909e14-5ccb-4325-abf6-bb236328f81c', '4', '4', '69', NULL, '2025-12-06 23:12:44', '2', NULL, '1', '6', '6', NULL, 'paid', 'pos', '20.00', '0.00', '0.00', 'order', NULL, '20.00', '20.00', '2025-12-06 23:12:44', '2025-12-06 23:12:50', '10', NULL, 'Dine In', 'dine_in', NULL, NULL, NULL, NULL, NULL, NULL, NULL, NULL, NULL, 'confirmed', '0.00', NULL, NULL, '0', NULL, NULL, NULL, NULL, NULL, NULL, NULL, NULL),
('77', 'a3c8801e-6a38-4153-a807-3968f548a266', '4', '4', '70', NULL, '2025-12-06 23:15:15', NULL, NULL, NULL, '6', '6', NULL, 'paid', 'pos', '6.00', '0.00', '0.00', 'order', NULL, '6.00', '6.00', '2025-12-06 23:15:15', '2025-12-06 23:15:20', '10', NULL, 'Dine In', 'dine_in', NULL, NULL, NULL, NULL, NULL, NULL, NULL, NULL, NULL, 'confirmed', '0.00', NULL, NULL, '0', NULL, NULL, NULL, NULL, NULL, NULL, NULL, NULL),
('78', '2316a732-42eb-4633-9a53-5341a6b7464e', '4', '4', '71', NULL, '2025-12-06 23:41:09', '2', NULL, '1', '6', '6', NULL, 'paid', 'pos', '36.00', '0.00', '0.00', 'order', NULL, '36.00', '36.00', '2025-12-06 23:41:09', '2025-12-06 23:41:22', '10', NULL, 'Dine In', 'dine_in', NULL, NULL, NULL, NULL, NULL, NULL, NULL, NULL, NULL, 'confirmed', '0.00', NULL, NULL, '0', NULL, NULL, NULL, NULL, NULL, NULL, NULL, NULL),
('79', 'cfef512c-732f-47a6-870d-446ad9889ca9', '4', '4', '72', NULL, '2025-12-06 23:46:13', NULL, NULL, NULL, '6', '6', NULL, 'paid', 'pos', '4.00', '0.00', '0.00', 'order', NULL, '4.00', '4.00', '2025-12-06 23:46:13', '2025-12-06 23:46:18', '10', NULL, 'Dine In', 'dine_in', NULL, NULL, NULL, NULL, NULL, NULL, NULL, NULL, NULL, 'confirmed', '0.00', NULL, NULL, '0', NULL, NULL, NULL, NULL, NULL, NULL, NULL, NULL),
('80', '518fd48b-4334-4fc2-aca1-1c9b46d49ae7', '4', '4', '73', NULL, '2025-12-07 00:18:46', '8', NULL, '1', '6', '6', NULL, 'paid', 'pos', '105.00', '0.00', '0.00', 'order', NULL, '105.00', '105.00', '2025-12-07 00:18:46', '2025-12-07 00:18:57', '10', NULL, 'Dine In', 'dine_in', NULL, NULL, NULL, NULL, NULL, NULL, NULL, NULL, NULL, 'confirmed', '0.00', NULL, NULL, '0', NULL, NULL, NULL, NULL, NULL, NULL, NULL, NULL),
('81', 'c7991c5c-f043-4303-ac2a-cebfabe560d2', '4', '4', '74', NULL, '2025-12-07 01:38:08', NULL, NULL, NULL, '6', '6', NULL, 'paid', 'pos', '12.00', '0.00', '0.00', 'order', NULL, '12.00', '12.00', '2025-12-07 01:38:08', '2025-12-07 01:38:14', '10', NULL, 'Dine In', 'dine_in', NULL, NULL, NULL, NULL, NULL, NULL, NULL, NULL, NULL, 'confirmed', '0.00', NULL, NULL, '0', NULL, NULL, NULL, NULL, NULL, NULL, NULL, NULL),
('82', '425fdc1e-a579-439e-978e-64ec5b7f47c7', '4', '4', '75', NULL, '2025-12-07 03:13:29', NULL, NULL, NULL, '6', '6', NULL, 'paid', 'pos', '4.00', '0.00', '0.00', 'order', NULL, '4.00', '4.00', '2025-12-07 03:13:29', '2025-12-07 03:13:37', '10', NULL, 'Dine In', 'dine_in', NULL, NULL, NULL, NULL, NULL, NULL, NULL, NULL, NULL, 'confirmed', '0.00', NULL, NULL, '0', NULL, NULL, NULL, NULL, NULL, NULL, NULL, NULL),
('83', '54c5ded9-a0af-4543-a478-9349a231c984', '4', '4', '76', NULL, '2025-12-07 19:24:56', '13', NULL, '1', '6', '6', NULL, 'paid', 'pos', '37.00', '0.00', '0.00', 'order', NULL, '37.00', '37.00', '2025-12-07 19:24:56', '2025-12-07 19:33:12', '10', NULL, 'Dine In', 'dine_in', NULL, NULL, NULL, NULL, NULL, NULL, NULL, NULL, NULL, 'confirmed', '0.00', NULL, NULL, '0', NULL, NULL, NULL, NULL, NULL, NULL, NULL, NULL),
('84', 'a95ab5bc-292c-42b3-8906-384aba563819', '4', '4', '77', NULL, '2025-12-07 22:32:10', NULL, NULL, NULL, '6', '6', NULL, 'paid', 'pos', '14.00', '0.00', '0.00', 'order', NULL, '14.00', '14.00', '2025-12-07 22:32:10', '2025-12-07 22:32:17', '10', NULL, 'Dine In', 'dine_in', NULL, NULL, NULL, NULL, NULL, NULL, NULL, NULL, NULL, 'confirmed', '0.00', NULL, NULL, '0', NULL, NULL, NULL, NULL, NULL, NULL, NULL, NULL),
('85', 'efb0fd32-4e1a-4e2f-81ad-01e575198ad7', '4', '4', '78', NULL, '2025-12-07 22:32:31', NULL, NULL, NULL, '6', '6', NULL, 'paid', 'pos', '10.00', '0.00', '0.00', 'order', NULL, '10.00', '10.00', '2025-12-07 22:32:31', '2025-12-07 22:32:36', '10', NULL, 'Dine In', 'dine_in', NULL, NULL, NULL, NULL, NULL, NULL, NULL, NULL, NULL, 'confirmed', '0.00', NULL, NULL, '0', NULL, NULL, NULL, NULL, NULL, NULL, NULL, NULL),
('86', 'ef5ec5b3-836f-4e58-931d-b0ecc071f8f6', '4', '4', '79', NULL, '2025-12-08 19:26:25', NULL, NULL, NULL, '6', '6', NULL, 'paid', 'pos', '132.00', '0.00', '0.00', 'order', NULL, '132.00', '132.00', '2025-12-08 19:26:25', '2025-12-08 19:26:31', '10', NULL, 'Dine In', 'dine_in', NULL, NULL, NULL, NULL, NULL, NULL, NULL, NULL, NULL, 'confirmed', '0.00', NULL, NULL, '0', NULL, NULL, NULL, NULL, NULL, NULL, NULL, NULL),
('87', '0c3e1f09-b950-4215-8452-ee5dc0de557f', '4', '4', '80', NULL, '2025-12-08 19:43:22', NULL, NULL, NULL, '6', '6', NULL, 'paid', 'pos', '8.00', '0.00', '0.00', 'order', NULL, '8.00', '8.00', '2025-12-08 19:43:22', '2025-12-08 19:43:28', '10', NULL, 'Dine In', 'dine_in', NULL, NULL, NULL, NULL, NULL, NULL, NULL, NULL, NULL, 'confirmed', '0.00', NULL, NULL, '0', NULL, NULL, NULL, NULL, NULL, NULL, NULL, NULL),
('88', '1dceb292-ff44-4c19-9ebd-4c1654fb539e', '4', '4', '81', NULL, '2025-12-08 19:55:43', NULL, NULL, NULL, '6', '6', NULL, 'paid', 'pos', '20.00', '0.00', '0.00', 'order', NULL, '20.00', '20.00', '2025-12-08 19:55:43', '2025-12-08 19:55:47', '10', NULL, 'Dine In', 'dine_in', NULL, NULL, NULL, NULL, NULL, NULL, NULL, NULL, NULL, 'confirmed', '0.00', NULL, NULL, '0', NULL, NULL, NULL, NULL, NULL, NULL, NULL, NULL),
('89', '6ebc8cd9-16d5-4053-8b07-d962dbef6e49', '4', '4', '82', NULL, '2025-12-08 20:10:11', NULL, NULL, NULL, '6', '6', NULL, 'paid', 'pos', '12.00', '0.00', '0.00', 'order', NULL, '12.00', '12.00', '2025-12-08 20:10:11', '2025-12-08 20:10:27', '10', NULL, 'Dine In', 'dine_in', NULL, NULL, NULL, NULL, NULL, NULL, NULL, NULL, NULL, 'confirmed', '0.00', NULL, NULL, '0', NULL, NULL, NULL, NULL, NULL, NULL, NULL, NULL),
('90', '63c82524-e4cd-42c5-b591-a1a30c50cb84', '4', '4', '83', NULL, '2025-12-08 20:23:07', NULL, NULL, NULL, '6', '6', NULL, 'paid', 'pos', '8.00', '0.00', '0.00', 'order', NULL, '8.00', '8.00', '2025-12-08 20:23:07', '2025-12-08 20:23:11', '10', NULL, 'Dine In', 'dine_in', NULL, NULL, NULL, NULL, NULL, NULL, NULL, NULL, NULL, 'confirmed', '0.00', NULL, NULL, '0', NULL, NULL, NULL, NULL, NULL, NULL, NULL, NULL),
('91', '135cc73e-2f6c-41e4-a70f-9a5dfc2f2628', '4', '4', '84', NULL, '2025-12-08 22:39:29', NULL, NULL, NULL, '6', '6', NULL, 'paid', 'pos', '171.00', '0.00', '0.00', 'order', NULL, '171.00', '171.00', '2025-12-08 22:39:29', '2025-12-08 22:39:37', '10', NULL, 'Dine In', 'dine_in', NULL, NULL, NULL, NULL, NULL, NULL, NULL, NULL, NULL, 'confirmed', '0.00', NULL, NULL, '0', NULL, NULL, NULL, NULL, NULL, NULL, NULL, NULL),
('92', 'b6b4e145-f2ee-4c58-947f-7d0ab3e11f50', '4', '4', '85', NULL, '2025-12-08 22:48:48', NULL, NULL, NULL, '6', '6', NULL, 'paid', 'pos', '4.00', '0.00', '0.00', 'order', NULL, '4.00', '4.00', '2025-12-08 22:48:48', '2025-12-08 22:48:54', '10', NULL, 'Dine In', 'dine_in', NULL, NULL, NULL, NULL, NULL, NULL, NULL, NULL, NULL, 'confirmed', '0.00', NULL, NULL, '0', NULL, NULL, NULL, NULL, NULL, NULL, NULL, NULL),
('93', 'e2a9dd59-4237-4609-a01c-02e0148e0be5', '4', '4', '86', NULL, '2025-12-08 23:49:55', NULL, NULL, NULL, '6', '6', NULL, 'paid', 'pos', '43.00', '0.00', '0.00', 'order', NULL, '43.00', '43.00', '2025-12-08 23:49:55', '2025-12-08 23:50:17', '10', NULL, 'Dine In', 'dine_in', NULL, NULL, NULL, NULL, NULL, NULL, NULL, NULL, NULL, 'confirmed', '0.00', NULL, NULL, '0', NULL, NULL, NULL, NULL, NULL, NULL, NULL, NULL),
('94', '4ce7c162-132c-4e2b-9993-27a3188a4047', '3', '7', '8', NULL, '2025-12-11 05:48:29', '1', NULL, '1', '4', '4', NULL, 'paid', 'pos', '40.00', '0.00', '0.00', 'order', NULL, '40.00', '40.00', '2025-12-11 05:46:11', '2025-12-11 05:49:32', '7', NULL, 'Dine In', 'dine_in', NULL, NULL, NULL, NULL, NULL, NULL, NULL, NULL, '0.00', 'served', '0.00', NULL, NULL, '0', NULL, NULL, NULL, NULL, NULL, NULL, NULL, NULL),
('95', '12ea2074-bdbf-43eb-8643-c300064645f4', '3', '7', '9', NULL, '2025-12-11 05:51:26', '10', NULL, '1', '4', '4', NULL, 'paid', 'pos', '20.00', '0.00', '0.00', 'order', NULL, '18.00', '18.00', '2025-12-11 05:50:31', '2025-12-11 05:51:33', '7', NULL, 'Dine In', 'dine_in', NULL, NULL, NULL, NULL, NULL, NULL, 'percent', '10.00', '2.00', 'served', '0.00', NULL, NULL, '0', NULL, NULL, NULL, NULL, NULL, NULL, NULL, NULL),
('96', 'b4f6b98d-1e2d-4e8f-9d3e-5e2765bb4011', '4', '4', '87', NULL, '2025-12-11 19:22:40', NULL, NULL, '1', '5', '5', NULL, 'paid', 'pos', '3.00', '0.00', '0.00', 'order', NULL, '3.00', '3.00', '2025-12-11 19:22:40', '2025-12-11 19:28:08', '10', NULL, 'Dine In', 'dine_in', NULL, NULL, NULL, NULL, NULL, NULL, NULL, NULL, NULL, 'confirmed', '0.00', NULL, NULL, '0', NULL, NULL, NULL, NULL, NULL, NULL, NULL, NULL),
('97', '8f47f99c-4650-4554-a558-833aa55afdb6', '4', '4', '88', NULL, '2025-12-11 19:23:16', NULL, NULL, NULL, '5', '5', NULL, 'paid', 'pos', '3.00', '0.30', '0.00', 'order', '', '3.30', '3.30', '2025-12-11 19:23:16', '2025-12-11 19:23:47', '10', NULL, 'Dine In', 'dine_in', NULL, NULL, NULL, NULL, NULL, NULL, NULL, NULL, NULL, 'confirmed', '0.00', NULL, NULL, '0', NULL, NULL, NULL, NULL, NULL, NULL, NULL, NULL),
('98', '0698770e-351c-4b89-a932-2c589668b192', '4', '4', '89', NULL, '2025-12-11 19:26:12', '2', NULL, '1', '5', '5', NULL, 'paid', 'pos', '5.00', '0.00', '0.00', 'order', NULL, '5.00', '5.00', '2025-12-11 19:26:12', '2025-12-11 19:27:44', '10', NULL, 'Dine In', 'dine_in', NULL, NULL, NULL, NULL, NULL, NULL, NULL, NULL, NULL, 'confirmed', '0.00', NULL, NULL, '0', NULL, NULL, NULL, NULL, NULL, NULL, NULL, NULL),
('99', '6a0575e3-0ed6-4264-a2d3-f0863a51ad3b', '4', '4', '90', NULL, '2025-12-11 19:28:55', NULL, NULL, '1', '5', '5', NULL, 'billed', 'pos', '13.00', '0.00', '0.00', 'order', NULL, '13.00', '0.00', '2025-12-11 19:28:55', '2025-12-11 19:28:55', '10', NULL, 'Dine In', 'dine_in', NULL, NULL, NULL, NULL, NULL, NULL, NULL, NULL, NULL, 'confirmed', '0.00', NULL, NULL, '0', NULL, NULL, NULL, NULL, NULL, NULL, NULL, NULL),
('100', 'af9c6789-faee-48e5-8adb-f2d7e0097688', '4', '4', '91', NULL, '2025-12-11 19:30:11', '5', NULL, '1', '5', '5', NULL, 'paid', 'pos', '13.00', '0.00', '0.00', 'order', NULL, '13.00', '13.00', '2025-12-11 19:30:11', '2025-12-11 19:30:42', '10', NULL, 'Dine In', 'dine_in', NULL, NULL, NULL, NULL, NULL, NULL, NULL, NULL, NULL, 'confirmed', '0.00', NULL, NULL, '0', NULL, NULL, NULL, NULL, NULL, NULL, NULL, NULL),
('101', 'f6c26e65-9589-463b-b9a3-d9d50b910f8a', '4', '4', '92', NULL, '2025-12-11 21:28:12', '12', NULL, '1', '5', '5', NULL, 'billed', 'pos', '75.00', '0.00', '0.00', 'order', NULL, '75.00', '0.00', '2025-12-11 21:28:12', '2025-12-11 21:28:12', '10', NULL, 'Dine In', 'dine_in', NULL, NULL, NULL, NULL, NULL, NULL, NULL, NULL, NULL, 'confirmed', '0.00', NULL, NULL, '0', NULL, NULL, NULL, NULL, NULL, NULL, NULL, NULL),
('102', '80ad5366-e4da-4a10-9737-171618ba1e6a', '4', '4', '93', NULL, '2025-12-11 23:16:23', NULL, NULL, '1', '5', '5', NULL, 'paid', 'pos', '115.00', '0.00', '0.00', 'order', NULL, '115.00', '115.00', '2025-12-11 23:16:23', '2025-12-11 23:16:30', '10', NULL, 'Dine In', 'dine_in', NULL, NULL, NULL, NULL, NULL, NULL, NULL, NULL, NULL, 'confirmed', '0.00', NULL, NULL, '0', NULL, NULL, NULL, NULL, NULL, NULL, NULL, NULL),
('103', '9918647d-8c09-423e-826b-aba83de6151d', '4', '4', '94', NULL, '2025-12-11 23:17:04', NULL, NULL, NULL, '5', '5', NULL, 'paid', 'pos', '12.00', '0.00', '0.00', 'order', NULL, '12.00', '12.00', '2025-12-11 23:17:04', '2025-12-11 23:17:08', '10', NULL, 'Dine In', 'dine_in', NULL, NULL, NULL, NULL, NULL, NULL, NULL, NULL, NULL, 'confirmed', '0.00', NULL, NULL, '0', NULL, NULL, NULL, NULL, NULL, NULL, NULL, NULL),
('104', 'c4278193-9d18-4380-b4a0-37f1e19f4f18', '4', '4', '95', NULL, '2025-12-11 23:38:48', NULL, NULL, NULL, '5', '5', NULL, 'paid', 'pos', '12.00', '0.00', '0.00', 'order', NULL, '12.00', '12.00', '2025-12-11 23:38:48', '2025-12-11 23:38:52', '10', NULL, 'Dine In', 'dine_in', NULL, NULL, NULL, NULL, NULL, NULL, NULL, NULL, NULL, 'confirmed', '0.00', NULL, NULL, '0', NULL, NULL, NULL, NULL, NULL, NULL, NULL, NULL),
('105', '81f77e30-4c2d-432d-a7fb-515a32d00c26', '4', '4', '96', NULL, '2025-12-12 00:56:31', NULL, NULL, NULL, '5', '5', NULL, 'paid', 'pos', '16.00', '0.00', '0.00', 'order', NULL, '16.00', '16.00', '2025-12-12 00:56:31', '2025-12-12 00:56:36', '10', NULL, 'Dine In', 'dine_in', NULL, NULL, NULL, NULL, NULL, NULL, NULL, NULL, NULL, 'confirmed', '0.00', NULL, NULL, '0', NULL, NULL, NULL, NULL, NULL, NULL, NULL, NULL),
('106', '8c8a6810-1d2f-48af-a471-d8fd4aabccb9', '4', NULL, '97', NULL, '2025-12-12 21:31:07', NULL, NULL, NULL, NULL, '6', NULL, 'paid', 'shop', '15.00', '0.00', '0.00', 'order', NULL, '15.00', '15.00', '2025-12-12 21:28:38', '2025-12-12 21:31:19', '10', NULL, 'Dine In', 'dine_in', NULL, NULL, NULL, NULL, NULL, NULL, NULL, NULL, NULL, 'served', '0.00', NULL, NULL, '1', NULL, NULL, NULL, NULL, NULL, NULL, NULL, NULL),
('107', '6f4439e0-3307-4e8c-aa3a-39c3995818c9', '4', '4', '98', NULL, '2025-12-12 21:35:30', NULL, NULL, '1', '6', '6', NULL, 'paid', 'pos', '29.00', '0.00', '0.00', 'order', NULL, '29.00', '29.00', '2025-12-12 21:35:30', '2025-12-12 21:38:23', '10', NULL, 'Dine In', 'dine_in', NULL, NULL, NULL, NULL, NULL, NULL, NULL, NULL, NULL, 'served', '0.00', NULL, NULL, '0', NULL, NULL, NULL, NULL, NULL, NULL, NULL, NULL),
('108', '37af4af9-ed80-4b4f-b4c0-7defda26c92a', '4', '4', '99', NULL, '2025-12-12 22:33:32', NULL, NULL, NULL, '6', '6', NULL, 'paid', 'pos', '20.00', '0.00', '0.00', 'order', NULL, '20.00', '20.00', '2025-12-12 22:33:32', '2025-12-12 22:33:43', '10', NULL, 'Dine In', 'dine_in', NULL, NULL, NULL, NULL, NULL, NULL, NULL, NULL, NULL, 'served', '0.00', NULL, NULL, '0', NULL, NULL, NULL, NULL, NULL, NULL, NULL, NULL),
('109', 'b88553c4-8c36-48fe-b3b5-f9fd1487f322', '4', '4', '100', NULL, '2025-12-13 00:03:57', NULL, NULL, NULL, '6', '6', NULL, 'paid', 'pos', '34.00', '0.00', '0.00', 'order', NULL, '34.00', '34.00', '2025-12-13 00:03:57', '2025-12-13 00:04:10', '10', NULL, 'Dine In', 'dine_in', NULL, NULL, NULL, NULL, NULL, NULL, NULL, NULL, NULL, 'served', '0.00', NULL, NULL, '0', NULL, NULL, NULL, NULL, NULL, NULL, NULL, NULL),
('110', '6c245ea3-356b-411c-84b4-d284a3ad2e39', '4', '4', '101', NULL, '2025-12-13 00:54:36', NULL, NULL, NULL, '6', '6', NULL, 'paid', 'pos', '20.00', '0.00', '0.00', 'order', NULL, '20.00', '20.00', '2025-12-13 00:54:36', '2025-12-13 00:54:51', '10', NULL, 'Dine In', 'dine_in', NULL, NULL, NULL, NULL, NULL, NULL, NULL, NULL, NULL, 'served', '0.00', NULL, NULL, '0', NULL, NULL, NULL, NULL, NULL, NULL, NULL, NULL),
('111', '903b93d7-7fb4-4ab2-a79d-7ca6531dedeb', '4', '4', '102', NULL, '2025-12-13 01:24:45', NULL, NULL, NULL, '6', '6', NULL, 'paid', 'pos', '16.00', '0.00', '0.00', 'order', NULL, '16.00', '16.00', '2025-12-13 01:24:45', '2025-12-13 01:27:35', '10', NULL, 'Dine In', 'dine_in', NULL, NULL, NULL, NULL, NULL, NULL, NULL, NULL, NULL, 'served', '0.00', NULL, NULL, '0', NULL, NULL, NULL, NULL, NULL, NULL, NULL, NULL),
('112', 'f8fa368d-dc4d-4819-af36-560dc31afb3f', '4', '4', '103', NULL, '2025-12-13 01:27:43', NULL, NULL, NULL, '6', '6', NULL, 'paid', 'pos', '8.00', '0.00', '0.00', 'order', NULL, '8.00', '8.00', '2025-12-13 01:27:43', '2025-12-13 01:27:52', '10', NULL, 'Dine In', 'dine_in', NULL, NULL, NULL, NULL, NULL, NULL, NULL, NULL, NULL, 'served', '0.00', NULL, NULL, '0', NULL, NULL, NULL, NULL, NULL, NULL, NULL, NULL),
('113', '488667a8-8fa5-4c7d-82b0-18ef66e1bb6b', '4', '4', '104', NULL, '2025-12-13 01:36:53', NULL, NULL, NULL, '6', '6', NULL, 'paid', 'pos', '20.00', '0.00', '0.00', 'order', NULL, '20.00', '20.00', '2025-12-13 01:36:53', '2025-12-13 01:37:03', '10', NULL, 'Dine In', 'dine_in', NULL, NULL, NULL, NULL, NULL, NULL, NULL, NULL, NULL, 'served', '0.00', NULL, NULL, '0', NULL, NULL, NULL, NULL, NULL, NULL, NULL, NULL),
('114', '8739c318-23ba-465f-b1f4-4fc1ca10b2b1', '4', '4', '105', NULL, '2025-12-13 01:41:33', NULL, NULL, NULL, '6', '6', NULL, 'paid', 'pos', '20.00', '0.00', '0.00', 'order', NULL, '20.00', '20.00', '2025-12-13 01:41:33', '2025-12-13 01:41:42', '10', NULL, 'Dine In', 'dine_in', NULL, NULL, NULL, NULL, NULL, NULL, NULL, NULL, NULL, 'served', '0.00', NULL, NULL, '0', NULL, NULL, NULL, NULL, NULL, NULL, NULL, NULL),
('115', '505215fa-396c-4e65-86fa-263e2bc969ce', '4', '4', '106', NULL, '2025-12-13 01:46:32', NULL, NULL, NULL, '6', '6', NULL, 'paid', 'pos', '6.00', '0.00', '0.00', 'order', NULL, '6.00', '6.00', '2025-12-13 01:46:32', '2025-12-13 01:47:22', '10', NULL, 'Dine In', 'dine_in', NULL, NULL, NULL, NULL, NULL, NULL, NULL, NULL, NULL, 'served', '0.00', NULL, NULL, '0', NULL, NULL, NULL, NULL, NULL, NULL, NULL, NULL),
('116', '10b321a0-059e-413c-a26e-234c49c79a44', '4', '4', '107', NULL, '2025-12-13 02:11:42', NULL, NULL, NULL, '6', '6', NULL, 'paid', 'pos', '27.00', '0.00', '0.00', 'order', NULL, '27.00', '27.00', '2025-12-13 02:11:42', '2025-12-13 02:11:57', '10', NULL, 'Dine In', 'dine_in', NULL, NULL, NULL, NULL, NULL, NULL, NULL, NULL, NULL, 'served', '0.00', NULL, NULL, '0', NULL, NULL, NULL, NULL, NULL, NULL, NULL, NULL),
('117', '270eecef-5344-4009-ab2a-2f417dee6b71', '4', '4', '108', NULL, '2025-12-13 02:55:50', NULL, NULL, NULL, '6', '6', NULL, 'paid', 'pos', '43.00', '0.00', '0.00', 'order', NULL, '43.00', '43.00', '2025-12-13 02:55:50', '2025-12-13 02:56:00', '10', NULL, 'Dine In', 'dine_in', NULL, NULL, NULL, NULL, NULL, NULL, NULL, NULL, NULL, 'served', '0.00', NULL, NULL, '0', NULL, NULL, NULL, NULL, NULL, NULL, NULL, NULL),
('118', '368e1494-0d94-455e-a5e9-ee2d2d1c5072', '4', '4', '109', NULL, '2025-12-13 03:10:26', NULL, NULL, NULL, '6', '6', NULL, 'billed', 'pos', '140.00', '0.00', '0.00', 'order', NULL, '140.00', '0.00', '2025-12-13 03:10:27', '2025-12-13 03:10:27', '10', NULL, 'Dine In', 'dine_in', NULL, NULL, NULL, NULL, NULL, NULL, NULL, NULL, NULL, 'confirmed', '0.00', NULL, NULL, '0', NULL, NULL, NULL, NULL, NULL, NULL, NULL, NULL),
('119', 'ea90f00f-c8ab-4889-b798-772b5320386f', '4', '4', '110', NULL, '2025-12-13 03:10:58', NULL, NULL, NULL, '6', '6', NULL, 'paid', 'pos', '144.00', '0.00', '0.00', 'order', NULL, '144.00', '144.00', '2025-12-13 03:10:58', '2025-12-13 03:11:09', '10', NULL, 'Dine In', 'dine_in', NULL, NULL, NULL, NULL, NULL, NULL, NULL, NULL, NULL, 'served', '0.00', NULL, NULL, '0', NULL, NULL, NULL, NULL, NULL, NULL, NULL, NULL),
('120', '6834dd26-59ec-4b46-ac7a-e1c0ced56536', '4', '4', '111', NULL, '2025-12-13 22:06:15', NULL, NULL, NULL, '6', '6', NULL, 'paid', 'pos', '8.00', '0.00', '0.00', 'order', NULL, '8.00', '8.00', '2025-12-13 22:06:15', '2025-12-13 22:06:28', '10', NULL, 'Dine In', 'dine_in', NULL, NULL, NULL, NULL, NULL, NULL, NULL, NULL, NULL, 'served', '0.00', NULL, NULL, '0', NULL, NULL, NULL, NULL, NULL, NULL, NULL, NULL),
('121', 'f4f6966c-fa13-48fd-bcca-3744e0c01d14', '4', '4', '112', NULL, '2025-12-13 22:13:14', NULL, NULL, NULL, '6', '6', NULL, 'paid', 'pos', '15.00', '0.00', '0.00', 'order', NULL, '15.00', '15.00', '2025-12-13 22:13:14', '2025-12-13 22:13:26', '10', NULL, 'Dine In', 'dine_in', NULL, NULL, NULL, NULL, NULL, NULL, NULL, NULL, NULL, 'served', '0.00', NULL, NULL, '0', NULL, NULL, NULL, NULL, NULL, NULL, NULL, NULL),
('122', '8ea6600d-590d-4b0f-83ca-e4cc725d7110', '4', '4', '113', NULL, '2025-12-13 22:13:41', NULL, NULL, NULL, '6', '6', NULL, 'paid', 'pos', '19.00', '0.00', '0.00', 'order', NULL, '19.00', '19.00', '2025-12-13 22:13:41', '2025-12-13 22:17:29', '10', NULL, 'Dine In', 'dine_in', NULL, NULL, NULL, NULL, NULL, NULL, NULL, NULL, NULL, 'served', '0.00', NULL, NULL, '0', NULL, NULL, NULL, NULL, NULL, NULL, NULL, NULL),
('123', '08eef64e-65a6-4715-a910-fb70de29d41a', '4', '4', '114', NULL, '2025-12-13 22:17:38', NULL, NULL, NULL, '6', '6', NULL, 'paid', 'pos', '10.00', '0.00', '0.00', 'order', NULL, '10.00', '10.00', '2025-12-13 22:17:38', '2025-12-13 22:17:46', '10', NULL, 'Dine In', 'dine_in', NULL, NULL, NULL, NULL, NULL, NULL, NULL, NULL, NULL, 'served', '0.00', NULL, NULL, '0', NULL, NULL, NULL, NULL, NULL, NULL, NULL, NULL),
('124', '7f1216a7-da73-4ed4-99ce-d7131dbcee9d', '4', '4', '115', NULL, '2025-12-13 22:26:57', NULL, NULL, NULL, '6', '6', NULL, 'paid', 'pos', '202.00', '0.00', '0.00', 'order', NULL, '202.00', '202.00', '2025-12-13 22:26:57', '2025-12-13 22:31:01', '10', NULL, 'Dine In', 'dine_in', NULL, NULL, NULL, NULL, NULL, NULL, NULL, NULL, NULL, 'served', '0.00', NULL, NULL, '0', NULL, NULL, NULL, NULL, NULL, NULL, NULL, NULL),
('125', '50bef276-0b95-48df-87bd-ffcb14cf15a8', '4', '4', '116', NULL, '2025-12-13 22:41:26', NULL, NULL, NULL, '6', '6', NULL, 'paid', 'pos', '17.00', '0.00', '0.00', 'order', NULL, '17.00', '17.00', '2025-12-13 22:41:26', '2025-12-13 22:50:28', '10', NULL, 'Dine In', 'dine_in', NULL, NULL, NULL, NULL, NULL, NULL, NULL, NULL, NULL, 'served', '0.00', NULL, NULL, '0', NULL, NULL, NULL, NULL, NULL, NULL, NULL, NULL),
('126', '2e153713-273f-423d-a3ea-c0015b6d7fea', '4', '4', '117', NULL, '2025-12-13 22:50:38', NULL, NULL, NULL, '6', '6', NULL, 'paid', 'pos', '8.00', '0.00', '0.00', 'order', NULL, '8.00', '8.00', '2025-12-13 22:50:38', '2025-12-13 22:50:47', '10', NULL, 'Dine In', 'dine_in', NULL, NULL, NULL, NULL, NULL, NULL, NULL, NULL, NULL, 'served', '0.00', NULL, NULL, '0', NULL, NULL, NULL, NULL, NULL, NULL, NULL, NULL),
('127', '1af141f0-0add-4901-b65f-f6d79be5ad51', '4', '4', '118', NULL, '2025-12-13 23:06:00', NULL, NULL, NULL, '6', '6', NULL, 'paid', 'pos', '12.00', '0.00', '0.00', 'order', NULL, '12.00', '12.00', '2025-12-13 23:06:00', '2025-12-13 23:06:13', '10', NULL, 'Dine In', 'dine_in', NULL, NULL, NULL, NULL, NULL, NULL, NULL, NULL, NULL, 'served', '0.00', NULL, NULL, '0', NULL, NULL, NULL, NULL, NULL, NULL, NULL, NULL),
('128', '3d73f7a4-72ca-426c-bad1-8cb081ac7e8b', '4', '4', '119', NULL, '2025-12-14 01:20:17', NULL, NULL, NULL, '6', '6', NULL, 'paid', 'pos', '13.00', '0.00', '0.00', 'order', NULL, '13.00', '13.00', '2025-12-14 01:20:17', '2025-12-14 01:20:28', '10', NULL, 'Dine In', 'dine_in', NULL, NULL, NULL, NULL, NULL, NULL, NULL, NULL, NULL, 'served', '0.00', NULL, NULL, '0', NULL, NULL, NULL, NULL, NULL, NULL, NULL, NULL),
('129', '3cad77f7-0e68-49de-8375-f877ae0d5c9e', '4', '4', '120', NULL, '2025-12-14 01:23:12', NULL, NULL, NULL, '6', '6', NULL, 'paid', 'pos', '7.00', '0.00', '0.00', 'order', NULL, '7.00', '7.00', '2025-12-14 01:23:12', '2025-12-14 01:23:58', '10', NULL, 'Dine In', 'dine_in', NULL, NULL, NULL, NULL, NULL, NULL, NULL, NULL, NULL, 'served', '0.00', NULL, NULL, '0', NULL, NULL, NULL, NULL, NULL, NULL, NULL, NULL),
('130', '9d1610f6-d89f-4d9f-b1df-a4e3caf562b7', '4', '4', '121', NULL, '2025-12-14 01:28:04', NULL, NULL, NULL, '6', '6', NULL, 'paid', 'pos', '89.00', '0.00', '0.00', 'order', NULL, '89.00', '89.00', '2025-12-14 01:28:04', '2025-12-14 01:28:21', '10', NULL, 'Dine In', 'dine_in', NULL, NULL, NULL, NULL, NULL, NULL, NULL, NULL, NULL, 'served', '0.00', NULL, NULL, '0', NULL, NULL, NULL, NULL, NULL, NULL, NULL, NULL),
('131', '8cf84cd8-38f3-4372-96ae-22d27d067ecb', '4', '4', '122', NULL, '2025-12-14 02:31:19', NULL, NULL, NULL, '6', '6', NULL, 'paid', 'pos', '12.00', '0.00', '0.00', 'order', NULL, '12.00', '12.00', '2025-12-14 02:31:19', '2025-12-14 02:32:01', '10', NULL, 'Dine In', 'dine_in', NULL, NULL, NULL, NULL, NULL, NULL, NULL, NULL, NULL, 'served', '0.00', NULL, NULL, '0', NULL, NULL, NULL, NULL, NULL, NULL, NULL, NULL),
('132', '7d9c5aed-3d79-4cb6-bdd6-d04a193f621e', '4', '4', '123', NULL, '2025-12-14 03:20:08', NULL, NULL, NULL, '6', '6', NULL, 'paid', 'pos', '12.00', '0.00', '0.00', 'order', NULL, '12.00', '12.00', '2025-12-14 03:20:08', '2025-12-14 03:20:21', '10', NULL, 'Dine In', 'dine_in', NULL, NULL, NULL, NULL, NULL, NULL, NULL, NULL, NULL, 'served', '0.00', NULL, NULL, '0', NULL, NULL, NULL, NULL, NULL, NULL, NULL, NULL),
('133', '1b2b6d2c-1213-47f2-aa5c-8b95f7258209', '4', '4', '124', NULL, '2025-12-14 03:22:13', NULL, NULL, NULL, '6', '6', NULL, 'paid', 'pos', '90.00', '0.00', '0.00', 'order', NULL, '90.00', '90.00', '2025-12-14 03:22:13', '2025-12-14 03:22:26', '10', NULL, 'Dine In', 'dine_in', NULL, NULL, NULL, NULL, NULL, NULL, NULL, NULL, NULL, 'served', '0.00', NULL, NULL, '0', NULL, NULL, NULL, NULL, NULL, NULL, NULL, NULL),
('134', '90c3e741-5333-481f-92f3-e546ac626b58', '4', '4', '125', NULL, '2025-12-14 23:56:28', NULL, NULL, NULL, '6', '6', NULL, 'paid', 'pos', '108.00', '0.00', '0.00', 'order', NULL, '108.00', '108.00', '2025-12-14 23:56:28', '2025-12-15 00:07:27', '10', NULL, 'Dine In', 'dine_in', NULL, NULL, NULL, NULL, NULL, NULL, NULL, NULL, NULL, 'served', '0.00', NULL, NULL, '0', NULL, NULL, NULL, NULL, NULL, NULL, NULL, NULL),
('135', '8c76addc-0530-4a79-a762-545516600f4a', '4', '4', '126', NULL, '2025-12-16 00:12:47', NULL, NULL, '1', '5', '5', NULL, 'paid', 'pos', '173.00', '0.00', '0.00', 'order', NULL, '173.00', '173.00', '2025-12-16 00:12:47', '2025-12-16 00:12:58', '10', NULL, 'Dine In', 'dine_in', NULL, NULL, NULL, NULL, NULL, NULL, NULL, NULL, NULL, 'confirmed', '0.00', NULL, NULL, '0', NULL, NULL, NULL, NULL, NULL, NULL, NULL, NULL),
('136', '96a4c93c-1208-4994-a87d-14755e900e57', '4', '4', '127', NULL, '2025-12-16 23:47:11', NULL, NULL, '1', '5', '5', NULL, 'paid', 'pos', '70.00', '0.00', '0.00', 'order', NULL, '70.00', '70.00', '2025-12-16 23:47:11', '2025-12-16 23:47:19', '10', NULL, 'Dine In', 'dine_in', NULL, NULL, NULL, NULL, NULL, NULL, NULL, NULL, NULL, 'confirmed', '0.00', NULL, NULL, '0', NULL, NULL, NULL, NULL, NULL, NULL, NULL, NULL),
('137', '4e2e12d7-1f5a-42d7-97db-fa8809f32337', '4', '4', '128', NULL, '2025-12-17 20:22:52', NULL, NULL, NULL, '5', '5', NULL, 'paid', 'pos', '64.00', '0.00', '0.00', 'order', NULL, '64.00', '64.00', '2025-12-17 20:22:52', '2025-12-17 20:23:09', '10', NULL, 'Dine In', 'dine_in', NULL, NULL, NULL, NULL, NULL, NULL, NULL, NULL, NULL, 'served', '0.00', NULL, NULL, '0', NULL, NULL, NULL, NULL, NULL, NULL, NULL, NULL),
('138', '9120a79f-c1b5-47fa-815b-dd9bf9f11ac3', '4', '4', '129', NULL, '2025-12-17 22:00:03', NULL, NULL, NULL, '5', '5', NULL, 'paid', 'pos', '30.00', '0.00', '0.00', 'order', NULL, '30.00', '30.00', '2025-12-17 22:00:03', '2025-12-17 22:00:14', '10', NULL, 'Dine In', 'dine_in', NULL, NULL, NULL, NULL, NULL, NULL, NULL, NULL, NULL, 'served', '0.00', NULL, NULL, '0', NULL, NULL, NULL, NULL, NULL, NULL, NULL, NULL),
('139', '1c3813bb-5d26-4dc6-a353-0842eb9cbcd5', '4', '4', '130', NULL, '2025-12-18 22:47:46', NULL, NULL, '1', '5', '5', NULL, 'paid', 'pos', '39.00', '0.00', '0.00', 'order', NULL, '39.00', '39.00', '2025-12-18 22:47:46', '2025-12-18 22:47:51', '10', NULL, 'Dine In', 'dine_in', NULL, NULL, NULL, NULL, NULL, NULL, NULL, NULL, NULL, 'confirmed', '0.00', NULL, NULL, '0', NULL, NULL, NULL, NULL, NULL, NULL, NULL, NULL),
('140', '282a171e-b07d-400b-b93a-8658bac5e7c9', '4', '4', '131', NULL, '2025-12-18 22:48:52', NULL, NULL, NULL, '5', '5', NULL, 'paid', 'pos', '284.00', '0.00', '0.00', 'order', NULL, '284.00', '284.00', '2025-12-18 22:48:53', '2025-12-18 22:48:57', '10', NULL, 'Dine In', 'dine_in', NULL, NULL, NULL, NULL, NULL, NULL, NULL, NULL, NULL, 'confirmed', '0.00', NULL, NULL, '0', NULL, NULL, NULL, NULL, NULL, NULL, NULL, NULL),
('141', 'c21ba51f-a5e5-4207-bad6-a78b66970d57', '5', '6', '1', NULL, '2025-12-19 18:31:48', NULL, NULL, '1', '7', '7', NULL, 'paid', 'pos', '23.97', '0.00', '0.00', 'order', NULL, '23.97', '23.97', '2025-12-19 18:31:48', '2025-12-19 18:32:04', '13', NULL, 'Dine In', 'dine_in', NULL, NULL, NULL, NULL, NULL, NULL, NULL, NULL, NULL, 'confirmed', '0.00', NULL, NULL, '0', NULL, NULL, NULL, NULL, NULL, NULL, NULL, NULL);


-- Table structure for table `otps`
CREATE TABLE `otps` (
  `id` bigint unsigned NOT NULL AUTO_INCREMENT,
  `identifier` varchar(191) COLLATE utf8mb4_unicode_ci NOT NULL,
  `token` varchar(191) COLLATE utf8mb4_unicode_ci NOT NULL,
  `type` varchar(191) COLLATE utf8mb4_unicode_ci NOT NULL DEFAULT 'login',
  `expires_at` timestamp NOT NULL,
  `used` tinyint(1) NOT NULL DEFAULT '0',
  `created_at` timestamp NULL DEFAULT NULL,
  `updated_at` timestamp NULL DEFAULT NULL,
  PRIMARY KEY (`id`),
  KEY `otps_identifier_type_index` (`identifier`,`type`),
  KEY `otps_token_index` (`token`)
) ENGINE=InnoDB DEFAULT CHARSET=utf8mb4 COLLATE=utf8mb4_unicode_ci;


-- Table structure for table `package_modules`
CREATE TABLE `package_modules` (
  `id` bigint unsigned NOT NULL AUTO_INCREMENT,
  `package_id` bigint unsigned DEFAULT NULL,
  `module_id` bigint unsigned DEFAULT NULL,
  `created_at` timestamp NULL DEFAULT NULL,
  `updated_at` timestamp NULL DEFAULT NULL,
  PRIMARY KEY (`id`),
  KEY `package_modules_package_id_foreign` (`package_id`),
  KEY `package_modules_module_id_foreign` (`module_id`),
  CONSTRAINT `package_modules_module_id_foreign` FOREIGN KEY (`module_id`) REFERENCES `modules` (`id`) ON DELETE CASCADE ON UPDATE CASCADE,
  CONSTRAINT `package_modules_package_id_foreign` FOREIGN KEY (`package_id`) REFERENCES `packages` (`id`) ON DELETE CASCADE ON UPDATE CASCADE
) ENGINE=InnoDB AUTO_INCREMENT=131 DEFAULT CHARSET=utf8mb4 COLLATE=utf8mb4_unicode_ci;

-- Dumping data for table `package_modules`
INSERT INTO `package_modules` VALUES
('1', '1', '1', NULL, NULL),
('2', '1', '2', NULL, NULL),
('3', '1', '3', NULL, NULL),
('13', '1', '13', NULL, NULL),
('17', '2', '1', NULL, NULL),
('18', '2', '2', NULL, NULL),
('19', '2', '3', NULL, NULL),
('20', '2', '4', NULL, NULL),
('21', '2', '5', NULL, NULL),
('24', '2', '8', NULL, NULL),
('25', '2', '9', NULL, NULL),
('26', '2', '10', NULL, NULL),
('27', '2', '11', NULL, NULL),
('28', '2', '12', NULL, NULL),
('29', '2', '13', NULL, NULL),
('32', '2', '16', NULL, NULL),
('33', '3', '1', NULL, NULL),
('34', '3', '2', NULL, NULL),
('35', '3', '3', NULL, NULL),
('36', '3', '4', NULL, NULL),
('37', '3', '5', NULL, NULL),
('38', '3', '6', NULL, NULL),
('39', '3', '7', NULL, NULL),
('40', '3', '8', NULL, NULL),
('41', '3', '9', NULL, NULL),
('42', '3', '10', NULL, NULL),
('43', '3', '11', NULL, NULL),
('44', '3', '12', NULL, NULL),
('45', '3', '13', NULL, NULL),
('46', '3', '14', NULL, NULL),
('47', '3', '15', NULL, NULL),
('48', '3', '16', NULL, NULL),
('49', '4', '1', NULL, NULL),
('50', '4', '2', NULL, NULL),
('51', '4', '3', NULL, NULL),
('52', '4', '4', NULL, NULL),
('53', '4', '5', NULL, NULL),
('54', '4', '6', NULL, NULL),
('55', '4', '7', NULL, NULL),
('56', '4', '8', NULL, NULL),
('57', '4', '9', NULL, NULL),
('58', '4', '10', NULL, NULL),
('59', '4', '11', NULL, NULL),
('60', '4', '12', NULL, NULL),
('61', '4', '13', NULL, NULL),
('62', '4', '14', NULL, NULL),
('63', '4', '15', NULL, NULL),
('64', '4', '16', NULL, NULL),
('65', '5', '1', NULL, NULL),
('66', '5', '2', NULL, NULL),
('67', '5', '3', NULL, NULL),
('68', '5', '4', NULL, NULL),
('69', '5', '5', NULL, NULL),
('70', '5', '6', NULL, NULL),
('71', '5', '7', NULL, NULL),
('72', '5', '8', NULL, NULL),
('73', '5', '9', NULL, NULL),
('74', '5', '10', NULL, NULL),
('75', '5', '11', NULL, NULL),
('76', '5', '12', NULL, NULL),
('77', '5', '13', NULL, NULL),
('78', '5', '14', NULL, NULL),
('79', '5', '15', NULL, NULL),
('80', '5', '16', NULL, NULL),
('83', '3', '20', NULL, NULL),
('84', '4', '20', NULL, NULL),
('85', '5', '20', NULL, NULL),
('86', '5', '17', NULL, NULL),
('87', '5', '18', NULL, NULL),
('89', '5', '21', NULL, NULL),
('90', '5', '22', NULL, NULL),
('91', '6', '1', NULL, NULL),
('92', '6', '2', NULL, NULL),
('93', '6', '3', NULL, NULL),
('94', '6', '4', NULL, NULL),
('95', '6', '5', NULL, NULL),
('96', '6', '6', NULL, NULL),
('97', '6', '7', NULL, NULL),
('98', '6', '8', NULL, NULL),
('99', '6', '9', NULL, NULL),
('100', '6', '10', NULL, NULL),
('101', '6', '11', NULL, NULL),
('102', '6', '12', NULL, NULL),
('103', '6', '13', NULL, NULL),
('104', '6', '14', NULL, NULL),
('105', '6', '15', NULL, NULL),
('106', '6', '16', NULL, NULL),
('107', '6', '17', NULL, NULL),
('108', '6', '20', NULL, NULL),
('109', '6', '22', NULL, NULL),
('110', '7', '1', NULL, NULL),
('111', '7', '2', NULL, NULL),
('112', '7', '3', NULL, NULL),
('113', '7', '4', NULL, NULL),
('114', '7', '5', NULL, NULL),
('115', '7', '6', NULL, NULL),
('116', '7', '7', NULL, NULL),
('117', '7', '8', NULL, NULL),
('118', '7', '9', NULL, NULL),
('119', '7', '10', NULL, NULL),
('120', '7', '11', NULL, NULL),
('121', '7', '12', NULL, NULL),
('122', '7', '13', NULL, NULL),
('123', '7', '14', NULL, NULL),
('124', '7', '15', NULL, NULL),
('125', '7', '16', NULL, NULL),
('126', '7', '17', NULL, NULL),
('127', '7', '18', NULL, NULL),
('128', '7', '20', NULL, NULL),
('129', '7', '21', NULL, NULL),
('130', '7', '22', NULL, NULL);


-- Table structure for table `packages`
CREATE TABLE `packages` (
  `id` bigint unsigned NOT NULL AUTO_INCREMENT,
  `package_name` varchar(191) COLLATE utf8mb4_unicode_ci NOT NULL,
  `price` decimal(16,2) NOT NULL,
  `created_at` timestamp NULL DEFAULT NULL,
  `updated_at` timestamp NULL DEFAULT NULL,
  `currency_id` bigint unsigned DEFAULT NULL,
  `description` text COLLATE utf8mb4_unicode_ci NOT NULL,
  `annual_price` decimal(16,2) DEFAULT NULL,
  `monthly_price` decimal(16,2) DEFAULT NULL,
  `monthly_status` varchar(191) COLLATE utf8mb4_unicode_ci DEFAULT '1',
  `annual_status` varchar(191) COLLATE utf8mb4_unicode_ci DEFAULT '1',
  `stripe_annual_plan_id` varchar(191) COLLATE utf8mb4_unicode_ci DEFAULT NULL,
  `stripe_monthly_plan_id` varchar(191) COLLATE utf8mb4_unicode_ci DEFAULT NULL,
  `razorpay_annual_plan_id` varchar(191) COLLATE utf8mb4_unicode_ci DEFAULT NULL,
  `razorpay_monthly_plan_id` varchar(191) COLLATE utf8mb4_unicode_ci DEFAULT NULL,
  `flutterwave_annual_plan_id` varchar(191) COLLATE utf8mb4_unicode_ci DEFAULT NULL,
  `flutterwave_monthly_plan_id` varchar(191) COLLATE utf8mb4_unicode_ci DEFAULT NULL,
  `paystack_annual_plan_id` varchar(191) COLLATE utf8mb4_unicode_ci DEFAULT NULL,
  `paystack_monthly_plan_id` varchar(191) COLLATE utf8mb4_unicode_ci DEFAULT NULL,
  `xendit_annual_plan_id` varchar(191) COLLATE utf8mb4_unicode_ci DEFAULT NULL,
  `xendit_monthly_plan_id` varchar(191) COLLATE utf8mb4_unicode_ci DEFAULT NULL,
  `paddle_annual_price_id` varchar(191) COLLATE utf8mb4_unicode_ci DEFAULT NULL,
  `paddle_monthly_price_id` varchar(191) COLLATE utf8mb4_unicode_ci DEFAULT NULL,
  `paddle_lifetime_price_id` varchar(191) COLLATE utf8mb4_unicode_ci DEFAULT NULL,
  `stripe_lifetime_plan_id` varchar(191) COLLATE utf8mb4_unicode_ci DEFAULT NULL,
  `razorpay_lifetime_plan_id` varchar(191) COLLATE utf8mb4_unicode_ci DEFAULT NULL,
  `billing_cycle` tinyint unsigned DEFAULT NULL,
  `sort_order` int unsigned DEFAULT NULL,
  `is_private` tinyint(1) NOT NULL DEFAULT '0',
  `is_free` tinyint(1) NOT NULL DEFAULT '0',
  `is_recommended` tinyint(1) NOT NULL DEFAULT '0',
  `package_type` varchar(191) COLLATE utf8mb4_unicode_ci NOT NULL DEFAULT 'standard',
  `trial_status` tinyint(1) DEFAULT NULL,
  `trial_days` int DEFAULT NULL,
  `trial_notification_before_days` int DEFAULT NULL,
  `trial_message` varchar(191) COLLATE utf8mb4_unicode_ci DEFAULT NULL,
  `additional_features` longtext COLLATE utf8mb4_unicode_ci,
  `branch_limit` int DEFAULT '-1',
  `multipos_limit` int DEFAULT '-1',
  `menu_items_limit` int NOT NULL DEFAULT '-1',
  `order_limit` int NOT NULL DEFAULT '-1',
  `staff_limit` int NOT NULL DEFAULT '-1',
  `sms_count` int NOT NULL DEFAULT '0',
  `carry_forward_sms` tinyint(1) NOT NULL DEFAULT '0',
  PRIMARY KEY (`id`),
  KEY `packages_currency_id_foreign` (`currency_id`),
  CONSTRAINT `packages_currency_id_foreign` FOREIGN KEY (`currency_id`) REFERENCES `global_currencies` (`id`) ON DELETE CASCADE
) ENGINE=InnoDB AUTO_INCREMENT=8 DEFAULT CHARSET=utf8mb4 COLLATE=utf8mb4_unicode_ci;

-- Dumping data for table `packages`
INSERT INTO `packages` VALUES
('1', 'Default', '0.00', '2025-11-27 00:00:50', '2025-12-03 10:45:51', '1', 'Its a default package and cannot be deleted', NULL, NULL, '0', '0', NULL, NULL, NULL, NULL, NULL, NULL, NULL, NULL, NULL, NULL, NULL, NULL, NULL, NULL, NULL, '12', '1', '0', '1', '0', 'default', NULL, NULL, NULL, NULL, '[]', '-1', '-1', '-1', '-1', '-1', '-1', '0'),
('2', 'Basic Package', '0.00', '2025-11-27 00:00:50', '2025-12-03 10:58:43', '4', 'This is a subscription package', '100.00', '10.00', '1', '1', 'price_1SXtrODgHRHlOzDszApO4Ygt', 'price_1SXtntDgHRHlOzDsxLoFWBMf', NULL, NULL, NULL, NULL, NULL, NULL, NULL, NULL, NULL, NULL, NULL, NULL, NULL, '10', '2', '0', '0', '0', 'standard', NULL, NULL, NULL, NULL, '[]', '-1', '-1', '50', '-1', '2', '-1', '0'),
('3', 'Life Time', '199.00', '2025-11-27 00:00:50', '2025-11-27 01:12:00', '1', 'This is a lifetime access package', NULL, NULL, '0', '0', NULL, NULL, NULL, NULL, NULL, NULL, NULL, NULL, NULL, NULL, NULL, NULL, NULL, NULL, NULL, '0', '3', '1', '0', '1', 'lifetime', NULL, NULL, NULL, NULL, '[\"Change Branch\",\"Export Report\",\"Table Reservation\",\"Payment Gateway Integration\",\"Theme Setting\",\"Customer Display\"]', '-1', '-1', '-1', '-1', '-1', '0', '0'),
('4', 'Private Package', '0.00', '2025-11-27 00:00:50', '2025-11-27 00:00:50', '1', 'This is a private package', '50.00', '5.00', '1', '1', NULL, NULL, NULL, NULL, NULL, NULL, NULL, NULL, NULL, NULL, NULL, NULL, NULL, NULL, NULL, '12', '4', '1', '0', '0', 'standard', NULL, NULL, NULL, NULL, NULL, '-1', '-1', '-1', '-1', '-1', '0', '0'),
('5', 'Trial Package', '0.00', '2025-11-27 00:00:50', '2025-12-03 11:01:53', '1', 'This is a trial package', NULL, NULL, '0', '0', NULL, NULL, NULL, NULL, NULL, NULL, NULL, NULL, NULL, NULL, NULL, NULL, NULL, NULL, NULL, '0', NULL, '0', '1', '0', 'trial', '1', '15', '5', '15 Days Free Trial', '[\"Change Branch\",\"Export Report\",\"Table Reservation\",\"Payment Gateway Integration\",\"Theme Setting\",\"Customer Display\"]', '-1', '-1', '-1', '-1', '-1', '-1', '0'),
('6', 'Standard Package', '0.00', '2025-12-01 08:48:14', '2025-12-03 11:12:01', '4', 'Standard Subscription Package', '300.00', '30.00', '1', '1', 'prod_TWVnc8Rr4IrTGN', 'prod_TWVmqpmXRVJG46', NULL, NULL, NULL, NULL, NULL, NULL, NULL, NULL, NULL, NULL, NULL, NULL, NULL, NULL, '6', '0', '0', '1', 'standard', NULL, NULL, NULL, NULL, '[\"Theme Setting\",\"Customer Display\"]', NULL, '1', '300', '-1', '10', '-1', '0'),
('7', 'Pro Package', '0.00', '2025-12-01 08:50:47', '2025-12-03 11:10:22', '4', 'Pro Subscription Package', '500.00', '50.00', '1', '1', 'prod_TWVpH6kdFpbPPL', 'prod_TWVpYBGtHegZkU', NULL, NULL, NULL, NULL, NULL, NULL, NULL, NULL, NULL, NULL, NULL, NULL, NULL, NULL, '7', '0', '0', '0', 'standard', NULL, NULL, NULL, NULL, '[\"Change Branch\",\"Theme Setting\",\"Export Report\",\"Customer Display\",\"Table Reservation\",\"Payment Gateway Integration\"]', '-1', '-1', '-1', '-1', '-1', '-1', '0');


-- Table structure for table `password_reset_tokens`
CREATE TABLE `password_reset_tokens` (
  `email` varchar(191) COLLATE utf8mb4_unicode_ci NOT NULL,
  `token` varchar(191) COLLATE utf8mb4_unicode_ci NOT NULL,
  `created_at` timestamp NULL DEFAULT NULL,
  PRIMARY KEY (`email`)
) ENGINE=InnoDB DEFAULT CHARSET=utf8mb4 COLLATE=utf8mb4_unicode_ci;


-- Table structure for table `payfast_payments`
CREATE TABLE `payfast_payments` (
  `id` bigint unsigned NOT NULL AUTO_INCREMENT,
  `payfast_payment_id` varchar(191) COLLATE utf8mb4_unicode_ci DEFAULT NULL,
  `order_id` bigint unsigned NOT NULL,
  `amount` decimal(10,2) NOT NULL,
  `payment_status` enum('pending','completed','failed') COLLATE utf8mb4_unicode_ci NOT NULL DEFAULT 'pending',
  `payment_date` timestamp NULL DEFAULT NULL,
  `payment_error_response` json DEFAULT NULL,
  `created_at` timestamp NULL DEFAULT NULL,
  `updated_at` timestamp NULL DEFAULT NULL,
  PRIMARY KEY (`id`),
  KEY `payfast_payments_order_id_foreign` (`order_id`),
  CONSTRAINT `payfast_payments_order_id_foreign` FOREIGN KEY (`order_id`) REFERENCES `orders` (`id`) ON DELETE CASCADE
) ENGINE=InnoDB DEFAULT CHARSET=utf8mb4 COLLATE=utf8mb4_unicode_ci;


-- Table structure for table `payment_gateway_credentials`
CREATE TABLE `payment_gateway_credentials` (
  `id` bigint unsigned NOT NULL AUTO_INCREMENT,
  `restaurant_id` bigint unsigned DEFAULT NULL,
  `razorpay_key` text COLLATE utf8mb4_unicode_ci,
  `razorpay_secret` text COLLATE utf8mb4_unicode_ci,
  `razorpay_status` tinyint(1) NOT NULL DEFAULT '0',
  `stripe_key` text COLLATE utf8mb4_unicode_ci,
  `stripe_secret` text COLLATE utf8mb4_unicode_ci,
  `stripe_status` tinyint(1) NOT NULL DEFAULT '0',
  `created_at` timestamp NULL DEFAULT NULL,
  `updated_at` timestamp NULL DEFAULT NULL,
  `is_dine_in_payment_enabled` tinyint(1) NOT NULL DEFAULT '0',
  `is_delivery_payment_enabled` tinyint(1) NOT NULL DEFAULT '0',
  `is_pickup_payment_enabled` tinyint(1) NOT NULL DEFAULT '0',
  `is_cash_payment_enabled` tinyint(1) NOT NULL DEFAULT '0',
  `is_qr_payment_enabled` tinyint(1) NOT NULL DEFAULT '0',
  `is_offline_payment_enabled` tinyint(1) NOT NULL DEFAULT '0',
  `offline_payment_detail` varchar(191) COLLATE utf8mb4_unicode_ci DEFAULT NULL,
  `qr_code_image` varchar(191) COLLATE utf8mb4_unicode_ci DEFAULT NULL,
  `flutterwave_status` tinyint(1) NOT NULL DEFAULT '0',
  `flutterwave_mode` enum('test','live') COLLATE utf8mb4_unicode_ci NOT NULL DEFAULT 'test',
  `test_flutterwave_key` varchar(191) COLLATE utf8mb4_unicode_ci DEFAULT NULL,
  `test_flutterwave_secret` varchar(191) COLLATE utf8mb4_unicode_ci DEFAULT NULL,
  `test_flutterwave_hash` varchar(191) COLLATE utf8mb4_unicode_ci DEFAULT NULL,
  `live_flutterwave_key` varchar(191) COLLATE utf8mb4_unicode_ci DEFAULT NULL,
  `live_flutterwave_secret` varchar(191) COLLATE utf8mb4_unicode_ci DEFAULT NULL,
  `live_flutterwave_hash` varchar(191) COLLATE utf8mb4_unicode_ci DEFAULT NULL,
  `flutterwave_webhook_secret_hash` varchar(191) COLLATE utf8mb4_unicode_ci DEFAULT NULL,
  `paypal_client_id` varchar(191) COLLATE utf8mb4_unicode_ci DEFAULT NULL,
  `paypal_secret` varchar(191) COLLATE utf8mb4_unicode_ci DEFAULT NULL,
  `paypal_status` tinyint(1) NOT NULL DEFAULT '0',
  `paypal_mode` enum('sandbox','live') COLLATE utf8mb4_unicode_ci NOT NULL DEFAULT 'sandbox',
  `sandbox_paypal_client_id` varchar(191) COLLATE utf8mb4_unicode_ci DEFAULT NULL,
  `sandbox_paypal_secret` varchar(191) COLLATE utf8mb4_unicode_ci DEFAULT NULL,
  `payfast_merchant_id` varchar(191) COLLATE utf8mb4_unicode_ci DEFAULT NULL,
  `payfast_merchant_key` varchar(191) COLLATE utf8mb4_unicode_ci DEFAULT NULL,
  `payfast_passphrase` varchar(191) COLLATE utf8mb4_unicode_ci DEFAULT NULL,
  `payfast_mode` enum('sandbox','live') COLLATE utf8mb4_unicode_ci NOT NULL DEFAULT 'sandbox',
  `payfast_status` tinyint(1) NOT NULL DEFAULT '0',
  `test_payfast_merchant_id` varchar(191) COLLATE utf8mb4_unicode_ci DEFAULT NULL,
  `test_payfast_merchant_key` varchar(191) COLLATE utf8mb4_unicode_ci DEFAULT NULL,
  `test_payfast_passphrase` varchar(191) COLLATE utf8mb4_unicode_ci DEFAULT NULL,
  `paystack_key` varchar(191) COLLATE utf8mb4_unicode_ci DEFAULT NULL,
  `paystack_secret` varchar(191) COLLATE utf8mb4_unicode_ci DEFAULT NULL,
  `paystack_merchant_email` varchar(191) COLLATE utf8mb4_unicode_ci DEFAULT NULL,
  `paystack_status` tinyint(1) NOT NULL DEFAULT '0',
  `paystack_mode` enum('sandbox','live') COLLATE utf8mb4_unicode_ci NOT NULL DEFAULT 'sandbox',
  `test_paystack_key` varchar(191) COLLATE utf8mb4_unicode_ci DEFAULT NULL,
  `test_paystack_secret` varchar(191) COLLATE utf8mb4_unicode_ci DEFAULT NULL,
  `test_paystack_merchant_email` varchar(191) COLLATE utf8mb4_unicode_ci DEFAULT NULL,
  `paystack_payment_url` varchar(191) COLLATE utf8mb4_unicode_ci DEFAULT 'https://api.paystack.co',
  `xendit_status` tinyint(1) NOT NULL DEFAULT '0',
  `xendit_mode` enum('sandbox','live') COLLATE utf8mb4_unicode_ci NOT NULL DEFAULT 'sandbox',
  `test_xendit_public_key` varchar(191) COLLATE utf8mb4_unicode_ci DEFAULT NULL,
  `test_xendit_secret_key` varchar(191) COLLATE utf8mb4_unicode_ci DEFAULT NULL,
  `live_xendit_public_key` varchar(191) COLLATE utf8mb4_unicode_ci DEFAULT NULL,
  `live_xendit_secret_key` varchar(191) COLLATE utf8mb4_unicode_ci DEFAULT NULL,
  `test_xendit_webhook_token` varchar(191) COLLATE utf8mb4_unicode_ci DEFAULT NULL,
  `live_xendit_webhook_token` varchar(191) COLLATE utf8mb4_unicode_ci DEFAULT NULL,
  `epay_status` tinyint(1) NOT NULL DEFAULT '0',
  `epay_mode` enum('sandbox','live') COLLATE utf8mb4_unicode_ci NOT NULL DEFAULT 'sandbox',
  `epay_client_id` varchar(191) COLLATE utf8mb4_unicode_ci DEFAULT NULL,
  `epay_client_secret` varchar(191) COLLATE utf8mb4_unicode_ci DEFAULT NULL,
  `epay_terminal_id` varchar(191) COLLATE utf8mb4_unicode_ci DEFAULT NULL,
  `test_epay_client_id` varchar(191) COLLATE utf8mb4_unicode_ci DEFAULT NULL,
  `test_epay_client_secret` varchar(191) COLLATE utf8mb4_unicode_ci DEFAULT NULL,
  `test_epay_terminal_id` varchar(191) COLLATE utf8mb4_unicode_ci DEFAULT NULL,
  PRIMARY KEY (`id`),
  KEY `payment_gateway_credentials_restaurant_id_foreign` (`restaurant_id`),
  CONSTRAINT `payment_gateway_credentials_restaurant_id_foreign` FOREIGN KEY (`restaurant_id`) REFERENCES `restaurants` (`id`) ON DELETE CASCADE ON UPDATE CASCADE
) ENGINE=InnoDB AUTO_INCREMENT=6 DEFAULT CHARSET=utf8mb4 COLLATE=utf8mb4_unicode_ci;

-- Dumping data for table `payment_gateway_credentials`
INSERT INTO `payment_gateway_credentials` VALUES
('1', '1', NULL, NULL, '0', NULL, NULL, '0', '2025-11-27 00:00:51', '2025-11-27 00:00:51', '0', '0', '0', '0', '0', '0', NULL, NULL, '0', 'test', NULL, NULL, NULL, NULL, NULL, NULL, NULL, NULL, NULL, '0', 'sandbox', NULL, NULL, NULL, NULL, NULL, 'sandbox', '0', NULL, NULL, NULL, NULL, NULL, NULL, '0', 'sandbox', NULL, NULL, NULL, 'https://api.paystack.co', '0', 'sandbox', NULL, NULL, NULL, NULL, NULL, NULL, '0', 'sandbox', NULL, NULL, NULL, NULL, NULL, NULL),
('2', '1', NULL, NULL, '0', NULL, NULL, '0', '2025-11-27 00:00:54', '2025-11-27 00:00:54', '0', '0', '0', '0', '0', '0', NULL, NULL, '0', 'test', NULL, NULL, NULL, NULL, NULL, NULL, NULL, NULL, NULL, '0', 'sandbox', NULL, NULL, NULL, NULL, NULL, 'sandbox', '0', NULL, NULL, NULL, NULL, NULL, NULL, '0', 'sandbox', NULL, NULL, NULL, 'https://api.paystack.co', '0', 'sandbox', NULL, NULL, NULL, NULL, NULL, NULL, '0', 'sandbox', NULL, NULL, NULL, NULL, NULL, NULL),
('3', '2', NULL, NULL, '0', NULL, NULL, '0', '2025-11-27 01:20:35', '2025-11-27 01:20:35', '0', '0', '0', '0', '0', '0', NULL, NULL, '0', 'test', NULL, NULL, NULL, NULL, NULL, NULL, NULL, NULL, NULL, '0', 'sandbox', NULL, NULL, NULL, NULL, NULL, 'sandbox', '0', NULL, NULL, NULL, NULL, NULL, NULL, '0', 'sandbox', NULL, NULL, NULL, 'https://api.paystack.co', '0', 'sandbox', NULL, NULL, NULL, NULL, NULL, NULL, '0', 'sandbox', NULL, NULL, NULL, NULL, NULL, NULL),
('4', '3', NULL, NULL, '0', NULL, NULL, '0', '2025-11-27 10:17:19', '2025-11-27 10:17:19', '0', '0', '0', '0', '0', '0', NULL, NULL, '0', 'test', NULL, NULL, NULL, NULL, NULL, NULL, NULL, NULL, NULL, '0', 'sandbox', NULL, NULL, NULL, NULL, NULL, 'sandbox', '0', NULL, NULL, NULL, NULL, NULL, NULL, '0', 'sandbox', NULL, NULL, NULL, 'https://api.paystack.co', '0', 'sandbox', NULL, NULL, NULL, NULL, NULL, NULL, '0', 'sandbox', NULL, NULL, NULL, NULL, NULL, NULL),
('5', '4', NULL, NULL, '0', NULL, NULL, '0', '2025-12-01 11:34:12', '2025-12-01 11:34:12', '0', '0', '0', '0', '0', '0', NULL, NULL, '0', 'test', NULL, NULL, NULL, NULL, NULL, NULL, NULL, NULL, NULL, '0', 'sandbox', NULL, NULL, NULL, NULL, NULL, 'sandbox', '0', NULL, NULL, NULL, NULL, NULL, NULL, '0', 'sandbox', NULL, NULL, NULL, 'https://api.paystack.co', '0', 'sandbox', NULL, NULL, NULL, NULL, NULL, NULL, '0', 'sandbox', NULL, NULL, NULL, NULL, NULL, NULL);


-- Table structure for table `payments`
CREATE TABLE `payments` (
  `id` bigint unsigned NOT NULL AUTO_INCREMENT,
  `branch_id` bigint unsigned DEFAULT NULL,
  `order_id` bigint unsigned NOT NULL,
  `payment_method` varchar(191) COLLATE utf8mb4_unicode_ci NOT NULL DEFAULT 'cash',
  `amount` decimal(16,2) NOT NULL,
  `balance` decimal(16,2) DEFAULT '0.00',
  `transaction_id` varchar(191) COLLATE utf8mb4_unicode_ci DEFAULT NULL,
  `created_at` timestamp NULL DEFAULT NULL,
  `updated_at` timestamp NULL DEFAULT NULL,
  PRIMARY KEY (`id`),
  KEY `payments_order_id_foreign` (`order_id`),
  KEY `payments_branch_id_foreign` (`branch_id`),
  CONSTRAINT `payments_branch_id_foreign` FOREIGN KEY (`branch_id`) REFERENCES `branches` (`id`) ON DELETE CASCADE ON UPDATE CASCADE,
  CONSTRAINT `payments_order_id_foreign` FOREIGN KEY (`order_id`) REFERENCES `orders` (`id`) ON DELETE CASCADE
) ENGINE=InnoDB AUTO_INCREMENT=136 DEFAULT CHARSET=utf8mb4 COLLATE=utf8mb4_unicode_ci;

-- Dumping data for table `payments`
INSERT INTO `payments` VALUES
('1', '4', '3', 'cash', '3.00', '2.00', NULL, '2025-11-27 16:09:31', '2025-11-27 16:09:31'),
('2', '4', '4', 'cash', '3.00', '0.00', NULL, '2025-11-27 16:30:20', '2025-11-27 16:30:20'),
('3', '4', '6', 'cash', '3.00', '0.00', NULL, '2025-11-27 18:51:39', '2025-11-27 18:51:39'),
('4', '3', '2', 'cash', '10.00', '0.00', NULL, '2025-11-27 20:07:07', '2025-11-27 20:07:07'),
('5', '4', '11', 'card', '5.00', '0.00', NULL, '2025-11-28 20:38:03', '2025-11-28 20:38:03'),
('6', '4', '12', 'cash', '32.00', '0.00', NULL, '2025-11-28 23:06:53', '2025-11-28 23:06:53'),
('7', '4', '13', 'cash', '18.00', '0.00', NULL, '2025-11-29 00:25:47', '2025-11-29 00:25:47'),
('8', '4', '14', 'card', '97.00', '0.00', NULL, '2025-11-29 04:12:41', '2025-11-29 04:12:41'),
('9', '4', '15', 'cash', '11.00', '0.00', NULL, '2025-11-29 22:32:32', '2025-11-29 22:32:32'),
('10', '4', '16', 'cash', '15.00', '0.00', NULL, '2025-11-29 22:37:39', '2025-11-29 22:37:39'),
('11', '4', '17', 'cash', '16.00', '0.00', NULL, '2025-11-29 22:40:34', '2025-11-29 22:40:34'),
('12', '4', '18', 'cash', '3.00', '0.00', NULL, '2025-11-29 22:59:26', '2025-11-29 22:59:26'),
('13', '4', '19', 'cash', '39.00', '0.00', NULL, '2025-11-29 23:08:40', '2025-11-29 23:08:40'),
('14', '4', '20', 'cash', '35.00', '0.00', NULL, '2025-11-30 00:18:23', '2025-11-30 00:18:23'),
('15', '4', '21', 'card', '60.00', '0.00', NULL, '2025-11-30 00:31:21', '2025-11-30 00:31:21'),
('16', '4', '22', 'cash', '8.00', '0.00', NULL, '2025-11-30 00:47:07', '2025-11-30 00:47:07'),
('17', '4', '23', 'cash', '5.00', '0.00', NULL, '2025-11-30 00:48:03', '2025-11-30 00:48:03'),
('18', '4', '24', 'card', '35.00', '0.00', NULL, '2025-11-30 01:17:00', '2025-11-30 01:17:00'),
('19', '4', '25', 'card', '48.00', '0.00', NULL, '2025-11-30 01:19:12', '2025-11-30 01:19:12'),
('21', '4', '28', 'cash', '12.00', '0.00', NULL, '2025-11-30 21:45:00', '2025-11-30 21:45:00'),
('22', '4', '29', 'cash', '12.00', '0.00', NULL, '2025-11-30 22:29:31', '2025-11-30 22:29:31'),
('23', '4', '30', 'cash', '4.00', '0.00', NULL, '2025-11-30 22:36:08', '2025-11-30 22:36:08'),
('24', '4', '31', 'cash', '6.00', '0.00', NULL, '2025-11-30 22:51:56', '2025-11-30 22:51:56'),
('25', '4', '32', 'card', '21.00', '0.00', NULL, '2025-12-01 00:48:44', '2025-12-01 00:48:44'),
('26', '4', '33', 'cash', '18.00', '0.00', NULL, '2025-12-01 00:49:15', '2025-12-01 00:49:15'),
('27', '4', '34', 'cash', '68.00', '0.00', NULL, '2025-12-01 00:53:07', '2025-12-01 00:53:07'),
('28', '4', '35', 'cash', '34.00', '0.00', NULL, '2025-12-01 02:06:42', '2025-12-01 02:06:42'),
('29', '4', '10', 'cash', '1120.00', '0.00', NULL, '2025-12-02 18:21:47', '2025-12-02 18:21:47'),
('30', '4', '7', 'cash', '3.00', '0.00', NULL, '2025-12-02 18:22:16', '2025-12-02 18:22:16'),
('31', '4', '5', 'cash', '0.00', '0.00', NULL, '2025-12-02 18:23:32', '2025-12-02 18:23:32'),
('32', '4', '36', 'cash', '8.00', '0.00', NULL, '2025-12-02 18:24:57', '2025-12-02 18:24:57'),
('33', '4', '37', 'cash', '41.00', '0.00', NULL, '2025-12-02 20:52:50', '2025-12-02 20:52:50'),
('34', '3', '39', 'cash', '10.00', '0.00', NULL, '2025-12-03 09:19:11', '2025-12-03 09:19:11'),
('35', '3', '8', 'cash', '10.00', '0.00', NULL, '2025-12-03 09:22:03', '2025-12-03 09:22:03'),
('36', '3', '40', 'cash', '20.00', '0.00', NULL, '2025-12-03 09:33:41', '2025-12-03 09:33:41'),
('37', '4', '41', 'cash', '11.00', '0.00', NULL, '2025-12-05 20:56:05', '2025-12-05 20:56:05'),
('38', '4', '42', 'cash', '79.00', '0.00', NULL, '2025-12-05 21:48:25', '2025-12-05 21:48:25'),
('39', '4', '43', 'card', '15.00', '0.00', NULL, '2025-12-05 22:16:26', '2025-12-05 22:16:26'),
('40', '4', '44', 'card', '15.00', '0.00', NULL, '2025-12-05 22:29:00', '2025-12-05 22:29:00'),
('41', '4', '45', 'cash', '7.00', '0.00', NULL, '2025-12-05 22:31:48', '2025-12-05 22:31:48'),
('42', '4', '46', 'cash', '30.00', '0.00', NULL, '2025-12-05 22:35:00', '2025-12-05 22:35:00'),
('43', '4', '47', 'cash', '6.00', '0.00', NULL, '2025-12-05 22:36:03', '2025-12-05 22:36:03'),
('44', '4', '48', 'cash', '8.00', '0.00', NULL, '2025-12-05 22:46:11', '2025-12-05 22:46:11'),
('45', '4', '49', 'card', '15.00', '0.00', NULL, '2025-12-05 22:54:21', '2025-12-05 22:54:26'),
('46', '4', '50', 'cash', '12.00', '0.00', NULL, '2025-12-05 22:55:17', '2025-12-05 22:55:17'),
('47', '4', '51', 'cash', '17.00', '0.00', NULL, '2025-12-05 22:59:39', '2025-12-05 22:59:39'),
('48', '4', '52', 'cash', '7.00', '0.00', NULL, '2025-12-05 23:11:14', '2025-12-05 23:11:14'),
('49', '4', '53', 'cash', '10.00', '0.00', NULL, '2025-12-05 23:18:21', '2025-12-05 23:18:21'),
('50', '4', '54', 'cash', '3.00', '0.00', NULL, '2025-12-05 23:22:21', '2025-12-05 23:22:21'),
('51', '4', '55', 'cash', '64.00', '0.00', NULL, '2025-12-05 23:27:11', '2025-12-05 23:27:11'),
('52', '4', '56', 'cash', '41.00', '0.00', NULL, '2025-12-05 23:50:37', '2025-12-05 23:50:37'),
('53', '4', '57', 'cash', '12.00', '0.00', NULL, '2025-12-06 01:23:18', '2025-12-06 01:23:18'),
('54', '4', '58', 'card', '30.00', '0.00', NULL, '2025-12-06 01:25:49', '2025-12-06 01:25:49'),
('55', '4', '59', 'card', '3.00', '0.00', NULL, '2025-12-06 18:24:10', '2025-12-06 18:24:10'),
('56', '4', '60', 'cash', '237.00', '0.00', NULL, '2025-12-06 20:24:40', '2025-12-06 20:24:40'),
('57', '4', '61', 'cash', '23.00', '0.00', NULL, '2025-12-06 20:27:31', '2025-12-06 20:27:31'),
('58', '4', '62', 'cash', '6.00', '0.00', NULL, '2025-12-06 20:54:10', '2025-12-06 20:54:10'),
('59', '4', '63', 'cash', '126.00', '0.00', NULL, '2025-12-06 21:15:32', '2025-12-06 21:15:32'),
('60', '4', '64', 'cash', '5.00', '0.00', NULL, '2025-12-06 21:18:21', '2025-12-06 21:18:21'),
('61', '4', '65', 'cash', '40.00', '0.00', NULL, '2025-12-06 21:35:44', '2025-12-06 21:35:44'),
('62', '4', '66', 'card', '36.00', '0.00', NULL, '2025-12-06 21:42:57', '2025-12-06 21:42:57'),
('63', '4', '67', 'cash', '7.00', '0.00', NULL, '2025-12-06 21:44:00', '2025-12-06 21:44:00'),
('64', '4', '68', 'card', '22.00', '0.00', NULL, '2025-12-06 22:00:03', '2025-12-06 22:00:03'),
('65', '4', '69', 'cash', '8.00', '0.00', NULL, '2025-12-06 22:05:25', '2025-12-06 22:05:25'),
('66', '4', '70', 'cash', '50.00', '0.00', NULL, '2025-12-06 22:12:45', '2025-12-06 22:12:45'),
('67', '4', '71', 'cash', '6.00', '0.00', NULL, '2025-12-06 22:15:26', '2025-12-06 22:15:26'),
('68', '4', '72', 'card', '8.00', '0.00', NULL, '2025-12-06 22:17:20', '2025-12-06 22:17:20'),
('69', '4', '73', 'cash', '40.00', '0.00', NULL, '2025-12-06 22:20:27', '2025-12-06 22:20:27'),
('70', '4', '74', 'card', '8.00', '0.00', NULL, '2025-12-06 22:35:49', '2025-12-06 22:35:49'),
('71', '4', '75', 'cash', '18.00', '0.00', NULL, '2025-12-06 22:44:30', '2025-12-06 22:44:30'),
('72', '4', '76', 'cash', '20.00', '0.00', NULL, '2025-12-06 23:12:50', '2025-12-06 23:12:50'),
('73', '4', '77', 'cash', '6.00', '0.00', NULL, '2025-12-06 23:15:20', '2025-12-06 23:15:20'),
('74', '4', '78', 'cash', '36.00', '0.00', NULL, '2025-12-06 23:41:22', '2025-12-06 23:41:22'),
('75', '4', '79', 'cash', '4.00', '0.00', NULL, '2025-12-06 23:46:18', '2025-12-06 23:46:18'),
('76', '4', '80', 'cash', '105.00', '0.00', NULL, '2025-12-07 00:18:57', '2025-12-07 00:18:57'),
('77', '4', '81', 'cash', '12.00', '0.00', NULL, '2025-12-07 01:38:14', '2025-12-07 01:38:14'),
('78', '4', '82', 'cash', '4.00', '0.00', NULL, '2025-12-07 03:13:37', '2025-12-07 03:13:37'),
('79', '4', '83', 'cash', '37.00', '0.00', NULL, '2025-12-07 19:33:12', '2025-12-07 19:33:12'),
('80', '4', '84', 'cash', '14.00', '0.00', NULL, '2025-12-07 22:32:17', '2025-12-07 22:32:17'),
('81', '4', '85', 'cash', '10.00', '0.00', NULL, '2025-12-07 22:32:36', '2025-12-07 22:32:36'),
('82', '4', '86', 'cash', '132.00', '0.00', NULL, '2025-12-08 19:26:31', '2025-12-08 19:26:31'),
('83', '4', '87', 'cash', '8.00', '0.00', NULL, '2025-12-08 19:43:28', '2025-12-08 19:43:28'),
('84', '4', '88', 'cash', '20.00', '0.00', NULL, '2025-12-08 19:55:47', '2025-12-08 19:55:47'),
('85', '4', '89', 'cash', '12.00', '0.00', NULL, '2025-12-08 20:10:27', '2025-12-08 20:10:27'),
('86', '4', '90', 'cash', '8.00', '0.00', NULL, '2025-12-08 20:23:11', '2025-12-08 20:23:11'),
('87', '4', '91', 'card', '171.00', '0.00', NULL, '2025-12-08 22:39:36', '2025-12-08 22:39:36'),
('88', '4', '92', 'cash', '4.00', '0.00', NULL, '2025-12-08 22:48:54', '2025-12-08 22:48:54'),
('89', '4', '93', 'cash', '43.00', '0.00', NULL, '2025-12-08 23:50:17', '2025-12-08 23:50:17'),
('90', '3', '94', 'cash', '40.00', '10.00', NULL, '2025-12-11 05:48:47', '2025-12-11 05:48:47'),
('91', '3', '95', 'cash', '18.00', '32.00', NULL, '2025-12-11 05:51:33', '2025-12-11 05:51:33'),
('92', '3', '26', 'card', '30.00', '20.00', NULL, '2025-12-11 05:55:18', '2025-12-11 05:55:24'),
('93', '4', '97', 'card', '3.30', '0.00', NULL, '2025-12-11 19:23:47', '2025-12-11 19:23:47'),
('94', '4', '98', 'cash', '5.00', '0.00', NULL, '2025-12-11 19:27:44', '2025-12-11 19:27:44'),
('95', '4', '96', 'cash', '3.00', '0.00', NULL, '2025-12-11 19:28:08', '2025-12-11 19:28:08'),
('96', '4', '100', 'cash', '13.00', '0.00', NULL, '2025-12-11 19:30:42', '2025-12-11 19:30:42'),
('97', '4', '102', 'cash', '115.00', '0.00', NULL, '2025-12-11 23:16:30', '2025-12-11 23:16:30'),
('98', '4', '103', 'cash', '12.00', '0.00', NULL, '2025-12-11 23:17:08', '2025-12-11 23:17:08'),
('99', '4', '104', 'cash', '12.00', '0.00', NULL, '2025-12-11 23:38:52', '2025-12-11 23:38:52'),
('100', '4', '105', 'cash', '16.00', '0.00', NULL, '2025-12-12 00:56:36', '2025-12-12 00:56:36'),
('101', '4', '106', 'card', '15.00', '0.00', NULL, '2025-12-12 21:31:14', '2025-12-12 21:31:14'),
('102', '4', '107', 'cash', '29.00', '0.00', NULL, '2025-12-12 21:35:41', '2025-12-12 21:35:41'),
('103', '4', '108', 'cash', '20.00', '0.00', NULL, '2025-12-12 22:33:37', '2025-12-12 22:33:37'),
('104', '4', '109', 'cash', '34.00', '0.00', NULL, '2025-12-13 00:04:04', '2025-12-13 00:04:04'),
('105', '4', '110', 'cash', '20.00', '0.00', NULL, '2025-12-13 00:54:41', '2025-12-13 00:54:41'),
('106', '4', '111', 'cash', '16.00', '0.00', NULL, '2025-12-13 01:25:05', '2025-12-13 01:25:05'),
('107', '4', '112', 'cash', '8.00', '0.00', NULL, '2025-12-13 01:27:46', '2025-12-13 01:27:46'),
('108', '4', '113', 'cash', '20.00', '0.00', NULL, '2025-12-13 01:36:58', '2025-12-13 01:36:58'),
('109', '4', '114', 'cash', '20.00', '0.00', NULL, '2025-12-13 01:41:36', '2025-12-13 01:41:36'),
('110', '4', '115', 'cash', '6.00', '0.00', NULL, '2025-12-13 01:47:16', '2025-12-13 01:47:16'),
('111', '4', '116', 'cash', '27.00', '0.00', NULL, '2025-12-13 02:11:46', '2025-12-13 02:11:46'),
('112', '4', '117', 'cash', '43.00', '0.00', NULL, '2025-12-13 02:55:55', '2025-12-13 02:55:55'),
('113', '4', '119', 'card', '144.00', '0.00', NULL, '2025-12-13 03:11:04', '2025-12-13 03:11:04'),
('114', '4', '120', 'cash', '8.00', '0.00', NULL, '2025-12-13 22:06:23', '2025-12-13 22:06:23'),
('115', '4', '121', 'cash', '15.00', '0.00', NULL, '2025-12-13 22:13:19', '2025-12-13 22:13:19'),
('116', '4', '122', 'cash', '19.00', '0.00', NULL, '2025-12-13 22:13:47', '2025-12-13 22:13:47'),
('117', '4', '123', 'cash', '10.00', '0.00', NULL, '2025-12-13 22:17:41', '2025-12-13 22:17:41'),
('118', '4', '124', 'cash', '202.00', '0.00', NULL, '2025-12-13 22:27:10', '2025-12-13 22:27:10'),
('119', '4', '125', 'card', '17.00', '0.00', NULL, '2025-12-13 22:50:24', '2025-12-13 22:50:24'),
('120', '4', '126', 'cash', '8.00', '0.00', NULL, '2025-12-13 22:50:43', '2025-12-13 22:50:43'),
('121', '4', '127', 'cash', '12.00', '0.00', NULL, '2025-12-13 23:06:05', '2025-12-13 23:06:05'),
('122', '4', '128', 'card', '13.00', '0.00', NULL, '2025-12-14 01:20:22', '2025-12-14 01:20:22'),
('123', '4', '129', 'cash', '7.00', '0.00', NULL, '2025-12-14 01:23:18', '2025-12-14 01:23:18'),
('124', '4', '130', 'card', '89.00', '0.00', NULL, '2025-12-14 01:28:09', '2025-12-14 01:28:09'),
('125', '4', '131', 'cash', '12.00', '0.00', NULL, '2025-12-14 02:31:55', '2025-12-14 02:31:55'),
('126', '4', '132', 'cash', '12.00', '0.00', NULL, '2025-12-14 03:20:14', '2025-12-14 03:20:14'),
('127', '4', '133', 'cash', '90.00', '0.00', NULL, '2025-12-14 03:22:20', '2025-12-14 03:22:20'),
('128', '4', '134', 'card', '108.00', '0.00', NULL, '2025-12-14 23:56:33', '2025-12-14 23:56:33'),
('129', '4', '135', 'cash', '173.00', '0.00', NULL, '2025-12-16 00:12:58', '2025-12-16 00:12:58'),
('130', '4', '136', 'cash', '70.00', '0.00', NULL, '2025-12-16 23:47:19', '2025-12-16 23:47:19'),
('131', '4', '137', 'cash', '64.00', '0.00', NULL, '2025-12-17 20:22:56', '2025-12-17 20:22:56'),
('132', '4', '138', 'cash', '30.00', '0.00', NULL, '2025-12-17 22:00:08', '2025-12-17 22:00:08'),
('133', '4', '139', 'cash', '39.00', '0.00', NULL, '2025-12-18 22:47:51', '2025-12-18 22:47:51'),
('134', '4', '140', 'cash', '284.00', '0.00', NULL, '2025-12-18 22:48:57', '2025-12-18 22:48:57'),
('135', '5', '141', 'card', '23.97', '0.00', NULL, '2025-12-19 18:32:04', '2025-12-19 18:32:04');


-- Table structure for table `paypal_payments`
CREATE TABLE `paypal_payments` (
  `id` bigint unsigned NOT NULL AUTO_INCREMENT,
  `paypal_payment_id` varchar(191) COLLATE utf8mb4_unicode_ci DEFAULT NULL,
  `order_id` bigint unsigned NOT NULL,
  `amount` decimal(10,2) NOT NULL,
  `payment_status` enum('pending','completed','failed') COLLATE utf8mb4_unicode_ci NOT NULL DEFAULT 'pending',
  `payment_date` timestamp NULL DEFAULT NULL,
  `payment_error_response` json DEFAULT NULL,
  `created_at` timestamp NULL DEFAULT NULL,
  `updated_at` timestamp NULL DEFAULT NULL,
  PRIMARY KEY (`id`),
  KEY `paypal_payments_order_id_foreign` (`order_id`),
  CONSTRAINT `paypal_payments_order_id_foreign` FOREIGN KEY (`order_id`) REFERENCES `orders` (`id`) ON DELETE CASCADE
) ENGINE=InnoDB DEFAULT CHARSET=utf8mb4 COLLATE=utf8mb4_unicode_ci;


-- Table structure for table `paystack_payments`
CREATE TABLE `paystack_payments` (
  `id` bigint unsigned NOT NULL AUTO_INCREMENT,
  `paystack_payment_id` varchar(191) COLLATE utf8mb4_unicode_ci DEFAULT NULL,
  `order_id` bigint unsigned NOT NULL,
  `amount` decimal(10,2) NOT NULL,
  `payment_status` enum('pending','completed','failed') COLLATE utf8mb4_unicode_ci NOT NULL DEFAULT 'pending',
  `payment_date` timestamp NULL DEFAULT NULL,
  `payment_error_response` json DEFAULT NULL,
  `created_at` timestamp NULL DEFAULT NULL,
  `updated_at` timestamp NULL DEFAULT NULL,
  PRIMARY KEY (`id`),
  KEY `paystack_payments_order_id_foreign` (`order_id`),
  CONSTRAINT `paystack_payments_order_id_foreign` FOREIGN KEY (`order_id`) REFERENCES `orders` (`id`) ON DELETE CASCADE
) ENGINE=InnoDB DEFAULT CHARSET=utf8mb4 COLLATE=utf8mb4_unicode_ci;


-- Table structure for table `permissions`
CREATE TABLE `permissions` (
  `id` bigint unsigned NOT NULL AUTO_INCREMENT,
  `name` varchar(191) COLLATE utf8mb4_unicode_ci NOT NULL,
  `guard_name` varchar(191) COLLATE utf8mb4_unicode_ci NOT NULL,
  `module_id` bigint unsigned NOT NULL,
  `created_at` timestamp NULL DEFAULT NULL,
  `updated_at` timestamp NULL DEFAULT NULL,
  PRIMARY KEY (`id`),
  UNIQUE KEY `permissions_name_guard_name_unique` (`name`,`guard_name`),
  KEY `permissions_module_id_foreign` (`module_id`),
  CONSTRAINT `permissions_module_id_foreign` FOREIGN KEY (`module_id`) REFERENCES `modules` (`id`) ON DELETE CASCADE
) ENGINE=InnoDB AUTO_INCREMENT=93 DEFAULT CHARSET=utf8mb4 COLLATE=utf8mb4_unicode_ci;

-- Dumping data for table `permissions`
INSERT INTO `permissions` VALUES
('1', 'Create Menu', 'web', '1', NULL, NULL),
('2', 'Show Menu', 'web', '1', NULL, NULL),
('3', 'Update Menu', 'web', '1', NULL, NULL),
('4', 'Delete Menu', 'web', '1', NULL, NULL),
('5', 'Create Menu Item', 'web', '2', NULL, NULL),
('6', 'Show Menu Item', 'web', '2', NULL, NULL),
('7', 'Update Menu Item', 'web', '2', NULL, NULL),
('8', 'Delete Menu Item', 'web', '2', NULL, NULL),
('9', 'Create Item Category', 'web', '3', NULL, NULL),
('10', 'Show Item Category', 'web', '3', NULL, NULL),
('11', 'Update Item Category', 'web', '3', NULL, NULL),
('12', 'Delete Item Category', 'web', '3', NULL, NULL),
('13', 'Create Area', 'web', '4', NULL, NULL),
('14', 'Show Area', 'web', '4', NULL, NULL),
('15', 'Update Area', 'web', '4', NULL, NULL),
('16', 'Delete Area', 'web', '4', NULL, NULL),
('17', 'Create Table', 'web', '5', NULL, NULL),
('18', 'Show Table', 'web', '5', NULL, NULL),
('19', 'Update Table', 'web', '5', NULL, NULL),
('20', 'Delete Table', 'web', '5', NULL, NULL),
('21', 'Create Reservation', 'web', '6', NULL, NULL),
('22', 'Show Reservation', 'web', '6', NULL, NULL),
('23', 'Update Reservation', 'web', '6', NULL, NULL),
('24', 'Delete Reservation', 'web', '6', NULL, NULL),
('25', 'Manage KOT', 'web', '7', NULL, NULL),
('26', 'Create Order', 'web', '8', NULL, NULL),
('27', 'Show Order', 'web', '8', NULL, NULL),
('28', 'Update Order', 'web', '8', NULL, NULL),
('29', 'Delete Order', 'web', '8', NULL, NULL),
('30', 'Add Discount on POS', 'web', '8', NULL, NULL),
('31', 'Create Customer', 'web', '9', NULL, NULL),
('32', 'Show Customer', 'web', '9', NULL, NULL),
('33', 'Update Customer', 'web', '9', NULL, NULL),
('34', 'Delete Customer', 'web', '9', NULL, NULL),
('35', 'Create Staff Member', 'web', '10', NULL, NULL),
('36', 'Show Staff Member', 'web', '10', NULL, NULL),
('37', 'Update Staff Member', 'web', '10', NULL, NULL),
('38', 'Delete Staff Member', 'web', '10', NULL, NULL),
('39', 'Create Delivery Executive', 'web', '14', NULL, NULL),
('40', 'Show Delivery Executive', 'web', '14', NULL, NULL),
('41', 'Update Delivery Executive', 'web', '14', NULL, NULL),
('42', 'Delete Delivery Executive', 'web', '14', NULL, NULL),
('43', 'Show Payments', 'web', '11', NULL, NULL),
('44', 'Show Reports', 'web', '12', NULL, NULL),
('45', 'Manage Settings', 'web', '13', NULL, NULL),
('46', 'Manage Waiter Request', 'web', '15', NULL, NULL),
('47', 'Create Expense', 'web', '16', NULL, NULL),
('48', 'Show Expense', 'web', '16', NULL, NULL),
('49', 'Update Expense', 'web', '16', NULL, NULL),
('50', 'Delete Expense', 'web', '16', NULL, NULL),
('51', 'Create Expense Category', 'web', '16', NULL, NULL),
('52', 'Show Expense Category', 'web', '16', NULL, NULL),
('53', 'Update Expense Category', 'web', '16', NULL, NULL),
('54', 'Delete Expense Category', 'web', '16', NULL, NULL),
('55', 'Create Inventory Item', 'web', '17', NULL, NULL),
('56', 'Show Inventory Item', 'web', '17', NULL, NULL),
('57', 'Update Inventory Item', 'web', '17', NULL, NULL),
('58', 'Delete Inventory Item', 'web', '17', NULL, NULL),
('59', 'Create Inventory Movement', 'web', '17', NULL, NULL),
('60', 'Show Inventory Movement', 'web', '17', NULL, NULL),
('61', 'Update Inventory Movement', 'web', '17', NULL, NULL),
('62', 'Delete Inventory Movement', 'web', '17', NULL, NULL),
('63', 'Show Inventory Stock', 'web', '17', NULL, NULL),
('64', 'Create Unit', 'web', '17', NULL, NULL),
('65', 'Show Unit', 'web', '17', NULL, NULL),
('66', 'Update Unit', 'web', '17', NULL, NULL),
('67', 'Delete Unit', 'web', '17', NULL, NULL),
('68', 'Create Recipe', 'web', '17', NULL, NULL),
('69', 'Show Recipe', 'web', '17', NULL, NULL),
('70', 'Update Recipe', 'web', '17', NULL, NULL),
('71', 'Delete Recipe', 'web', '17', NULL, NULL),
('72', 'Create Purchase Order', 'web', '17', NULL, NULL),
('73', 'Show Purchase Order', 'web', '17', NULL, NULL),
('74', 'Update Purchase Order', 'web', '17', NULL, NULL),
('75', 'Delete Purchase Order', 'web', '17', NULL, NULL),
('76', 'Show Inventory Report', 'web', '17', NULL, NULL),
('77', 'Update Inventory Settings', 'web', '17', NULL, NULL),
('78', 'Show Supplier', 'web', '17', NULL, NULL),
('79', 'Create Supplier', 'web', '17', NULL, NULL),
('80', 'Update Supplier', 'web', '17', NULL, NULL),
('81', 'Delete Supplier', 'web', '17', NULL, NULL),
('82', 'Show Kitchen Place', 'web', '18', '2025-11-27 00:59:55', '2025-11-27 00:59:55'),
('83', 'Create Kitchen Place', 'web', '18', '2025-11-27 00:59:55', '2025-11-27 00:59:55'),
('84', 'Update Kitchen Place', 'web', '18', '2025-11-27 00:59:55', '2025-11-27 00:59:55'),
('85', 'Delete Kitchen Place', 'web', '18', '2025-11-27 00:59:55', '2025-11-27 00:59:55'),
('86', 'Update Sms Setting', 'web', '19', '2025-11-27 01:00:55', '2025-11-27 01:00:55'),
('87', 'Manage MultiPOS Machines', 'web', '20', '2025-11-27 01:01:04', '2025-11-27 01:01:04'),
('88', 'Manage Cash Register Settings', 'web', '22', '2025-11-27 01:01:32', '2025-11-27 01:01:33'),
('89', 'View Cash Register Reports', 'web', '22', '2025-11-27 01:01:32', '2025-11-27 01:01:32'),
('90', 'Manage Cash Denominations', 'web', '22', '2025-11-27 01:01:32', '2025-11-27 01:01:33'),
('91', 'Approve Cash Register', 'web', '22', '2025-11-27 01:01:32', '2025-11-27 01:01:32'),
('92', 'Open Cash Register', 'web', '22', '2025-11-27 01:01:33', '2025-11-27 01:01:33');


-- Table structure for table `personal_access_tokens`
CREATE TABLE `personal_access_tokens` (
  `id` bigint unsigned NOT NULL AUTO_INCREMENT,
  `tokenable_type` varchar(191) COLLATE utf8mb4_unicode_ci NOT NULL,
  `tokenable_id` bigint unsigned NOT NULL,
  `name` varchar(191) COLLATE utf8mb4_unicode_ci NOT NULL,
  `token` varchar(64) COLLATE utf8mb4_unicode_ci NOT NULL,
  `abilities` text COLLATE utf8mb4_unicode_ci,
  `last_used_at` timestamp NULL DEFAULT NULL,
  `expires_at` timestamp NULL DEFAULT NULL,
  `created_at` timestamp NULL DEFAULT NULL,
  `updated_at` timestamp NULL DEFAULT NULL,
  PRIMARY KEY (`id`),
  UNIQUE KEY `personal_access_tokens_token_unique` (`token`),
  KEY `personal_access_tokens_tokenable_type_tokenable_id_index` (`tokenable_type`,`tokenable_id`)
) ENGINE=InnoDB DEFAULT CHARSET=utf8mb4 COLLATE=utf8mb4_unicode_ci;


-- Table structure for table `pos_machines`
CREATE TABLE `pos_machines` (
  `id` bigint unsigned NOT NULL AUTO_INCREMENT,
  `branch_id` bigint unsigned NOT NULL,
  `alias` varchar(191) COLLATE utf8mb4_unicode_ci DEFAULT NULL,
  `public_id` varchar(191) COLLATE utf8mb4_unicode_ci NOT NULL,
  `token` varchar(191) COLLATE utf8mb4_unicode_ci NOT NULL,
  `device_id` varchar(191) COLLATE utf8mb4_unicode_ci DEFAULT NULL,
  `status` enum('pending','active','declined') COLLATE utf8mb4_unicode_ci NOT NULL DEFAULT 'pending',
  `last_seen_at` timestamp NULL DEFAULT NULL,
  `created_by` bigint unsigned DEFAULT NULL,
  `approved_by` bigint unsigned DEFAULT NULL,
  `approved_at` timestamp NULL DEFAULT NULL,
  `notes` text COLLATE utf8mb4_unicode_ci,
  `created_at` timestamp NULL DEFAULT NULL,
  `updated_at` timestamp NULL DEFAULT NULL,
  PRIMARY KEY (`id`),
  UNIQUE KEY `pos_machines_public_id_unique` (`public_id`),
  UNIQUE KEY `pos_machines_token_unique` (`token`),
  KEY `pos_machines_created_by_foreign` (`created_by`),
  KEY `pos_machines_approved_by_foreign` (`approved_by`),
  KEY `pos_machines_branch_id_status_index` (`branch_id`,`status`),
  KEY `pos_machines_status_index` (`status`),
  KEY `pos_machines_device_id_branch_id_index` (`device_id`,`branch_id`),
  CONSTRAINT `pos_machines_approved_by_foreign` FOREIGN KEY (`approved_by`) REFERENCES `users` (`id`) ON DELETE SET NULL,
  CONSTRAINT `pos_machines_branch_id_foreign` FOREIGN KEY (`branch_id`) REFERENCES `branches` (`id`) ON DELETE CASCADE,
  CONSTRAINT `pos_machines_created_by_foreign` FOREIGN KEY (`created_by`) REFERENCES `users` (`id`) ON DELETE SET NULL
) ENGINE=InnoDB AUTO_INCREMENT=9 DEFAULT CHARSET=utf8mb4 COLLATE=utf8mb4_unicode_ci;

-- Dumping data for table `pos_machines`
INSERT INTO `pos_machines` VALUES
('1', '3', 'Counetr 1', '01KB1F7XZT4CVN2CKP2NH27SN1', 'rgOgr754shJb1yikaRIOguCJ7BCtJCweUkpEuGJbFiFAjMPsY1bMX6wDY02Z9CA6', 'et0jkokfdEya5PeEuyK3oyookdngswDFfkwLekP6ZtmRoXD5OzAGaQO22z9R4BDD', 'active', '2025-11-28 05:28:02', '4', '4', '2025-11-27 01:36:04', NULL, '2025-11-27 01:35:59', '2025-11-28 05:28:02'),
('2', '3', 'Phone', '01KB1WWGD6A8RAZM0WAEFY89E0', 'FoIHwJFRCiNsDfFvpgNWpjY2DSBxknpXwcjmMXolmrK76gJVbeyQrjFaZAfbLzYr', '5MTes4KvQn5d4SZUkoHZVAvuKlKghaPLs0C8vrEafFYKXmsb1eSGqr5uUeSX2bVm', 'active', '2025-12-01 05:48:29', '4', '4', '2025-11-27 05:34:31', NULL, '2025-11-27 05:34:25', '2025-12-01 05:48:29'),
('3', '4', 'Bar', '01KB2E6H225A5AY0DSB9SVCKRB', 'BqkE47K4Udee87G6TFAJY6RsnmhBWfgBp8hpFnj6TQolH8J0KpHKoJuyCYs8DzPO', 'V0tbKn6PwWXj7qsXLCqsTbujhuT2rvjabfWqN1kHyQrcppIRYqh0wY8pvVVcyfvw', 'active', '2025-12-03 15:03:27', '5', '5', '2025-11-27 10:37:04', NULL, '2025-11-27 10:36:59', '2025-12-03 15:03:27'),
('4', '4', 'POS1', '01KB312Z517BKTXMCD3R09XW8F', 'B1UNY75J6ziiyQKKEdH4k5A5XvuhSAv21OzqmQ18OVOyadVXVteqJxJFij46QpAj', 'evYEyxdqh5bXLycB6L3UtjIdygDYkTRkzXLAJj14vWCac25gAUNfo3AGL3dl6WT5', 'active', '2025-12-18 19:00:56', '6', '5', '2025-11-27 16:08:25', NULL, '2025-11-27 16:07:06', '2025-12-18 19:00:56'),
('5', '3', 'Grafix POS 1764492401', '01KB9Z2PPPJ4W03DXE64BWQCD4', '7FNaiDcpfW9Mf16ccYXKvN4FVTDYgvEudJgnMe2YQdCLjh18JvkH0uIBEE1CqbJL', 'QskWUIdDYdEmlwKTxtwkNgY7xx25egj0ndV5VGQOjE2uBpxsllG6V48weUna53vt', 'active', '2025-12-03 09:39:23', '4', '4', '2025-11-30 08:46:44', NULL, '2025-11-30 08:46:41', '2025-12-03 09:39:23'),
('6', '5', 'Amant Iztok POS 1764589906', '01KBCW2AXF2J09WGK33BV3GWNS', 'MhxT9acfh4LHFbB02khaJUIpPHr86o9lM4mdEGvANLABC9s47dkdmPna1fUh2Mfh', 'uul3E6oiMH7G2y9YXqkCSdV9o6dDMVHpnEFvBFYLlKinxttZu5TYnXPYI2Cqgaki', 'active', '2025-12-19 19:43:12', '7', '7', '2025-12-01 11:53:14', NULL, '2025-12-01 11:51:46', '2025-12-19 19:43:12'),
('7', '3', 'Grafix POS 1765431934', '01KC5Z2ZP9M3GKYSFQN4XGN970', 'g9kVb2t5mnwTpwz0IeYSuBZurVomNOTV0yvE1OmwTVqXXHnDoEfdUmMx9NM2HO6V', 'CRjbfufo2L7CUyqIxvuIX3KMYfklNkY3rVOLnezmE66VEEdNKEu5C32v4JgC28h7', 'active', '2025-12-11 05:55:03', '4', '4', '2025-12-11 05:45:37', NULL, '2025-12-11 05:45:34', '2025-12-11 05:55:03'),
('8', '3', 'Grafix POS 1766169176', '01KCVY5T9DK5F567D33SS8W493', '8wG2OTmjhpTnAmhmxEhsIWWQ8iksdVTRoDezPlLBS6sYQ3WxpODWJTqBImgwA012', 'XxpOGnFNvthTmU11va6xNNYWm9uCOxzJrTLmrS9XhWmyWns2ihZEfD4dGdk9heeO', 'active', '2025-12-19 18:45:45', '4', '4', '2025-12-19 18:32:58', NULL, '2025-12-19 18:32:56', '2025-12-19 18:45:45');


-- Table structure for table `predefined_amounts`
CREATE TABLE `predefined_amounts` (
  `id` bigint unsigned NOT NULL AUTO_INCREMENT,
  `restaurant_id` bigint unsigned NOT NULL,
  `amount` decimal(10,2) NOT NULL,
  `created_at` timestamp NULL DEFAULT NULL,
  `updated_at` timestamp NULL DEFAULT NULL,
  PRIMARY KEY (`id`),
  KEY `predefined_amounts_restaurant_id_foreign` (`restaurant_id`),
  CONSTRAINT `predefined_amounts_restaurant_id_foreign` FOREIGN KEY (`restaurant_id`) REFERENCES `restaurants` (`id`) ON DELETE CASCADE
) ENGINE=InnoDB AUTO_INCREMENT=17 DEFAULT CHARSET=utf8mb4 COLLATE=utf8mb4_unicode_ci;

-- Dumping data for table `predefined_amounts`
INSERT INTO `predefined_amounts` VALUES
('1', '1', '50.00', '2025-11-27 00:00:51', '2025-11-27 00:00:51'),
('2', '1', '100.00', '2025-11-27 00:00:51', '2025-11-27 00:00:51'),
('3', '1', '500.00', '2025-11-27 00:00:51', '2025-11-27 00:00:51'),
('4', '1', '1000.00', '2025-11-27 00:00:51', '2025-11-27 00:00:51'),
('5', '2', '50.00', '2025-11-27 01:20:35', '2025-11-27 01:20:35'),
('6', '2', '100.00', '2025-11-27 01:20:35', '2025-11-27 01:20:35'),
('7', '2', '500.00', '2025-11-27 01:20:35', '2025-11-27 01:20:35'),
('8', '2', '1000.00', '2025-11-27 01:20:35', '2025-11-27 01:20:35'),
('9', '3', '50.00', '2025-11-27 10:17:19', '2025-11-27 10:17:19'),
('10', '3', '100.00', '2025-11-27 10:17:19', '2025-11-27 10:17:19'),
('11', '3', '500.00', '2025-11-27 10:17:19', '2025-11-27 10:17:19'),
('12', '3', '1000.00', '2025-11-27 10:17:19', '2025-11-27 10:17:19'),
('13', '4', '50.00', '2025-12-01 11:34:12', '2025-12-01 11:34:12'),
('14', '4', '100.00', '2025-12-01 11:34:12', '2025-12-01 11:34:12'),
('15', '4', '500.00', '2025-12-01 11:34:12', '2025-12-01 11:34:12'),
('16', '4', '1000.00', '2025-12-01 11:34:12', '2025-12-01 11:34:12');


-- Table structure for table `print_jobs`
CREATE TABLE `print_jobs` (
  `id` bigint unsigned NOT NULL AUTO_INCREMENT,
  `printer_id` bigint unsigned DEFAULT NULL,
  `restaurant_id` bigint unsigned DEFAULT NULL,
  `branch_id` bigint unsigned DEFAULT NULL,
  `status` enum('done','failed','printing','pending') COLLATE utf8mb4_unicode_ci DEFAULT 'pending',
  `error` text COLLATE utf8mb4_unicode_ci,
  `response_printer` varchar(191) COLLATE utf8mb4_unicode_ci DEFAULT NULL,
  `image_filename` varchar(191) COLLATE utf8mb4_unicode_ci DEFAULT NULL,
  `printed_at` timestamp NULL DEFAULT NULL,
  `created_at` timestamp NULL DEFAULT NULL,
  `updated_at` timestamp NULL DEFAULT NULL,
  PRIMARY KEY (`id`),
  KEY `print_jobs_printer_id_foreign` (`printer_id`),
  KEY `print_jobs_restaurant_id_foreign` (`restaurant_id`),
  KEY `print_jobs_branch_id_foreign` (`branch_id`),
  CONSTRAINT `print_jobs_branch_id_foreign` FOREIGN KEY (`branch_id`) REFERENCES `branches` (`id`) ON DELETE CASCADE,
  CONSTRAINT `print_jobs_printer_id_foreign` FOREIGN KEY (`printer_id`) REFERENCES `printers` (`id`) ON DELETE CASCADE,
  CONSTRAINT `print_jobs_restaurant_id_foreign` FOREIGN KEY (`restaurant_id`) REFERENCES `restaurants` (`id`) ON DELETE CASCADE
) ENGINE=InnoDB DEFAULT CHARSET=utf8mb4 COLLATE=utf8mb4_unicode_ci;


-- Table structure for table `printers`
CREATE TABLE `printers` (
  `id` bigint unsigned NOT NULL AUTO_INCREMENT,
  `restaurant_id` bigint unsigned DEFAULT NULL,
  `branch_id` bigint unsigned DEFAULT NULL,
  `name` varchar(191) COLLATE utf8mb4_unicode_ci NOT NULL,
  `printing_choice` varchar(191) COLLATE utf8mb4_unicode_ci DEFAULT NULL,
  `print_type` enum('image','pdf') COLLATE utf8mb4_unicode_ci NOT NULL DEFAULT 'image',
  `kots` text COLLATE utf8mb4_unicode_ci,
  `orders` text COLLATE utf8mb4_unicode_ci,
  `print_format` varchar(191) COLLATE utf8mb4_unicode_ci DEFAULT NULL,
  `invoice_qr_code` int DEFAULT NULL,
  `open_cash_drawer` enum('yes','no') COLLATE utf8mb4_unicode_ci DEFAULT NULL,
  `share_name` varchar(191) COLLATE utf8mb4_unicode_ci DEFAULT NULL,
  `type` enum('network','windows','linux','default') COLLATE utf8mb4_unicode_ci DEFAULT NULL,
  `is_active` tinyint(1) NOT NULL DEFAULT '1',
  `is_default` tinyint(1) NOT NULL DEFAULT '0',
  `printer_name` varchar(191) COLLATE utf8mb4_unicode_ci DEFAULT NULL,
  `created_at` timestamp NULL DEFAULT NULL,
  `updated_at` timestamp NULL DEFAULT NULL,
  PRIMARY KEY (`id`),
  KEY `printers_restaurant_id_foreign` (`restaurant_id`),
  KEY `printers_branch_id_foreign` (`branch_id`),
  CONSTRAINT `printers_branch_id_foreign` FOREIGN KEY (`branch_id`) REFERENCES `branches` (`id`) ON DELETE CASCADE,
  CONSTRAINT `printers_restaurant_id_foreign` FOREIGN KEY (`restaurant_id`) REFERENCES `restaurants` (`id`) ON DELETE CASCADE
) ENGINE=InnoDB AUTO_INCREMENT=6 DEFAULT CHARSET=utf8mb4 COLLATE=utf8mb4_unicode_ci;

-- Dumping data for table `printers`
INSERT INTO `printers` VALUES
('1', '1', '1', 'Default Printer', 'browserPopupPrint', 'image', '[1]', '[1]', NULL, NULL, NULL, NULL, NULL, '1', '1', NULL, '2025-11-27 00:00:54', '2025-11-27 00:00:54'),
('2', '1', '2', 'Default Printer', 'browserPopupPrint', 'image', '[2]', '[2]', NULL, NULL, NULL, NULL, NULL, '1', '1', NULL, '2025-11-27 00:00:54', '2025-11-27 00:00:54'),
('3', '2', '3', 'Default Printer', 'directPrint', 'image', '[]', '[3]', 'thermal112mm', NULL, NULL, NULL, NULL, '1', '1', NULL, '2025-11-27 01:20:35', '2025-12-19 18:48:49'),
('4', '3', '4', 'Default Printer', 'directPrint', 'pdf', '[]', '[4]', 'thermal56mm', NULL, NULL, NULL, NULL, '1', '1', NULL, '2025-11-27 10:17:22', '2025-12-03 09:19:59'),
('5', '4', '5', 'Default Printer', 'directPrint', 'image', '[5]', '[5]', 'thermal56mm', NULL, NULL, NULL, NULL, '1', '1', NULL, '2025-12-01 11:34:16', '2025-12-19 19:42:17');


-- Table structure for table `purchase_order_items`
CREATE TABLE `purchase_order_items` (
  `id` bigint unsigned NOT NULL AUTO_INCREMENT,
  `purchase_order_id` bigint unsigned NOT NULL,
  `inventory_item_id` bigint unsigned NOT NULL,
  `quantity` decimal(10,2) NOT NULL,
  `received_quantity` decimal(10,2) NOT NULL DEFAULT '0.00',
  `unit_price` decimal(10,2) NOT NULL,
  `subtotal` decimal(10,2) NOT NULL,
  `created_at` timestamp NULL DEFAULT NULL,
  `updated_at` timestamp NULL DEFAULT NULL,
  PRIMARY KEY (`id`),
  KEY `purchase_order_items_purchase_order_id_foreign` (`purchase_order_id`),
  KEY `purchase_order_items_inventory_item_id_foreign` (`inventory_item_id`),
  CONSTRAINT `purchase_order_items_inventory_item_id_foreign` FOREIGN KEY (`inventory_item_id`) REFERENCES `inventory_items` (`id`) ON DELETE CASCADE,
  CONSTRAINT `purchase_order_items_purchase_order_id_foreign` FOREIGN KEY (`purchase_order_id`) REFERENCES `purchase_orders` (`id`) ON DELETE CASCADE
) ENGINE=InnoDB DEFAULT CHARSET=utf8mb4 COLLATE=utf8mb4_unicode_ci;


-- Table structure for table `purchase_order_payments`
CREATE TABLE `purchase_order_payments` (
  `id` bigint unsigned NOT NULL AUTO_INCREMENT,
  `purchase_order_id` bigint unsigned NOT NULL,
  `branch_id` bigint unsigned NOT NULL,
  `amount` decimal(12,2) NOT NULL,
  `payment_method` varchar(191) COLLATE utf8mb4_unicode_ci DEFAULT NULL,
  `paid_at` date DEFAULT NULL,
  `reference` varchar(191) COLLATE utf8mb4_unicode_ci DEFAULT NULL,
  `notes` text COLLATE utf8mb4_unicode_ci,
  `created_by` bigint unsigned DEFAULT NULL,
  `created_at` timestamp NULL DEFAULT NULL,
  `updated_at` timestamp NULL DEFAULT NULL,
  PRIMARY KEY (`id`),
  KEY `purchase_order_payments_purchase_order_id_foreign` (`purchase_order_id`),
  KEY `purchase_order_payments_branch_id_foreign` (`branch_id`),
  KEY `purchase_order_payments_created_by_foreign` (`created_by`),
  CONSTRAINT `purchase_order_payments_branch_id_foreign` FOREIGN KEY (`branch_id`) REFERENCES `branches` (`id`) ON DELETE CASCADE,
  CONSTRAINT `purchase_order_payments_created_by_foreign` FOREIGN KEY (`created_by`) REFERENCES `users` (`id`) ON DELETE SET NULL,
  CONSTRAINT `purchase_order_payments_purchase_order_id_foreign` FOREIGN KEY (`purchase_order_id`) REFERENCES `purchase_orders` (`id`) ON DELETE CASCADE
) ENGINE=InnoDB DEFAULT CHARSET=utf8mb4 COLLATE=utf8mb4_unicode_ci;


-- Table structure for table `purchase_orders`
CREATE TABLE `purchase_orders` (
  `id` bigint unsigned NOT NULL AUTO_INCREMENT,
  `po_number` varchar(191) COLLATE utf8mb4_unicode_ci NOT NULL,
  `branch_id` bigint unsigned NOT NULL,
  `supplier_id` bigint unsigned NOT NULL,
  `order_date` date NOT NULL,
  `expected_delivery_date` date DEFAULT NULL,
  `total_amount` decimal(10,2) NOT NULL DEFAULT '0.00',
  `status` enum('draft','sent','received','partially_received','cancelled') COLLATE utf8mb4_unicode_ci NOT NULL DEFAULT 'draft',
  `notes` text COLLATE utf8mb4_unicode_ci,
  `created_by` bigint unsigned DEFAULT NULL,
  `created_at` timestamp NULL DEFAULT NULL,
  `updated_at` timestamp NULL DEFAULT NULL,
  PRIMARY KEY (`id`),
  UNIQUE KEY `purchase_orders_po_number_unique` (`po_number`),
  KEY `purchase_orders_branch_id_foreign` (`branch_id`),
  KEY `purchase_orders_supplier_id_foreign` (`supplier_id`),
  KEY `purchase_orders_created_by_foreign` (`created_by`),
  CONSTRAINT `purchase_orders_branch_id_foreign` FOREIGN KEY (`branch_id`) REFERENCES `branches` (`id`) ON DELETE CASCADE,
  CONSTRAINT `purchase_orders_created_by_foreign` FOREIGN KEY (`created_by`) REFERENCES `users` (`id`) ON DELETE CASCADE,
  CONSTRAINT `purchase_orders_supplier_id_foreign` FOREIGN KEY (`supplier_id`) REFERENCES `suppliers` (`id`) ON DELETE CASCADE
) ENGINE=InnoDB DEFAULT CHARSET=utf8mb4 COLLATE=utf8mb4_unicode_ci;


-- Table structure for table `pusher_settings`
CREATE TABLE `pusher_settings` (
  `id` bigint unsigned NOT NULL AUTO_INCREMENT,
  `beamer_status` tinyint(1) NOT NULL DEFAULT '0',
  `instance_id` varchar(191) COLLATE utf8mb4_unicode_ci DEFAULT NULL,
  `beam_secret` varchar(191) COLLATE utf8mb4_unicode_ci DEFAULT NULL,
  `created_at` timestamp NULL DEFAULT NULL,
  `updated_at` timestamp NULL DEFAULT NULL,
  `pusher_broadcast` tinyint(1) NOT NULL DEFAULT '0',
  `pusher_app_id` varchar(191) COLLATE utf8mb4_unicode_ci DEFAULT NULL,
  `pusher_key` varchar(191) COLLATE utf8mb4_unicode_ci DEFAULT NULL,
  `pusher_secret` varchar(191) COLLATE utf8mb4_unicode_ci DEFAULT NULL,
  `pusher_cluster` varchar(191) COLLATE utf8mb4_unicode_ci DEFAULT NULL,
  PRIMARY KEY (`id`)
) ENGINE=InnoDB AUTO_INCREMENT=3 DEFAULT CHARSET=utf8mb4 COLLATE=utf8mb4_unicode_ci;

-- Dumping data for table `pusher_settings`
INSERT INTO `pusher_settings` VALUES
('1', '0', NULL, NULL, '2025-11-27 00:00:26', '2025-11-27 00:00:26', '0', NULL, NULL, NULL, NULL),
('2', '0', NULL, NULL, '2025-11-27 00:00:54', '2025-11-27 00:00:54', '0', NULL, NULL, NULL, NULL);


-- Table structure for table `razorpay_payments`
CREATE TABLE `razorpay_payments` (
  `id` bigint unsigned NOT NULL AUTO_INCREMENT,
  `order_id` bigint unsigned NOT NULL,
  `payment_date` datetime DEFAULT NULL,
  `amount` decimal(16,2) DEFAULT NULL,
  `payment_status` enum('pending','requested','declined','completed') COLLATE utf8mb4_unicode_ci NOT NULL DEFAULT 'pending',
  `payment_error_response` text COLLATE utf8mb4_unicode_ci,
  `razorpay_order_id` varchar(191) COLLATE utf8mb4_unicode_ci DEFAULT NULL,
  `razorpay_payment_id` varchar(191) COLLATE utf8mb4_unicode_ci DEFAULT NULL,
  `razorpay_signature` varchar(191) COLLATE utf8mb4_unicode_ci DEFAULT NULL,
  `created_at` timestamp NULL DEFAULT NULL,
  `updated_at` timestamp NULL DEFAULT NULL,
  PRIMARY KEY (`id`),
  KEY `razorpay_payments_order_id_foreign` (`order_id`),
  CONSTRAINT `razorpay_payments_order_id_foreign` FOREIGN KEY (`order_id`) REFERENCES `orders` (`id`) ON DELETE CASCADE
) ENGINE=InnoDB DEFAULT CHARSET=utf8mb4 COLLATE=utf8mb4_unicode_ci;


-- Table structure for table `receipt_settings`
CREATE TABLE `receipt_settings` (
  `id` bigint unsigned NOT NULL AUTO_INCREMENT,
  `restaurant_id` bigint unsigned DEFAULT NULL,
  `show_customer_name` tinyint(1) NOT NULL DEFAULT '0',
  `show_customer_address` tinyint(1) NOT NULL DEFAULT '0',
  `show_customer_phone` tinyint(1) NOT NULL DEFAULT '0',
  `show_table_number` tinyint(1) NOT NULL DEFAULT '0',
  `payment_qr_code` varchar(191) COLLATE utf8mb4_unicode_ci DEFAULT NULL,
  `show_payment_qr_code` tinyint(1) NOT NULL DEFAULT '0',
  `show_waiter` tinyint(1) NOT NULL DEFAULT '0',
  `show_total_guest` tinyint(1) NOT NULL DEFAULT '0',
  `show_restaurant_logo` tinyint(1) NOT NULL DEFAULT '0',
  `show_tax` tinyint(1) NOT NULL DEFAULT '0',
  `show_payment_details` tinyint(1) NOT NULL DEFAULT '1',
  `show_payment_status` tinyint(1) NOT NULL DEFAULT '0',
  `show_order_type` tinyint(1) DEFAULT '0',
  `created_at` timestamp NULL DEFAULT NULL,
  `updated_at` timestamp NULL DEFAULT NULL,
  PRIMARY KEY (`id`),
  KEY `receipt_settings_restaurant_id_foreign` (`restaurant_id`),
  CONSTRAINT `receipt_settings_restaurant_id_foreign` FOREIGN KEY (`restaurant_id`) REFERENCES `restaurants` (`id`) ON DELETE CASCADE ON UPDATE CASCADE
) ENGINE=InnoDB AUTO_INCREMENT=5 DEFAULT CHARSET=utf8mb4 COLLATE=utf8mb4_unicode_ci;

-- Dumping data for table `receipt_settings`
INSERT INTO `receipt_settings` VALUES
('1', '1', '0', '0', '0', '0', NULL, '0', '0', '0', '0', '0', '1', '0', '0', '2025-11-27 00:00:51', '2025-11-27 00:00:51'),
('2', '2', '0', '0', '0', '0', NULL, '0', '0', '0', '1', '0', '1', '0', '0', '2025-11-27 01:20:35', '2025-11-27 05:39:39'),
('3', '3', '0', '0', '0', '0', NULL, '0', '0', '0', '0', '0', '1', '0', '0', '2025-11-27 10:17:19', '2025-11-27 10:17:19'),
('4', '4', '0', '0', '0', '0', NULL, '0', '0', '0', '0', '0', '1', '0', '0', '2025-12-01 11:34:12', '2025-12-01 11:34:12');


-- Table structure for table `recipes`
CREATE TABLE `recipes` (
  `id` bigint unsigned NOT NULL AUTO_INCREMENT,
  `menu_item_id` bigint unsigned DEFAULT NULL,
  `menu_item_variation_id` bigint unsigned DEFAULT NULL,
  `modifier_option_id` bigint unsigned DEFAULT NULL,
  `inventory_item_id` bigint unsigned NOT NULL,
  `quantity` decimal(16,2) NOT NULL DEFAULT '0.00',
  `unit_id` bigint unsigned NOT NULL,
  `created_at` timestamp NULL DEFAULT NULL,
  `updated_at` timestamp NULL DEFAULT NULL,
  PRIMARY KEY (`id`),
  KEY `recipes_menu_item_id_foreign` (`menu_item_id`),
  KEY `recipes_inventory_item_id_foreign` (`inventory_item_id`),
  KEY `recipes_unit_id_foreign` (`unit_id`),
  KEY `recipes_menu_item_variation_id_foreign` (`menu_item_variation_id`),
  KEY `recipes_modifier_option_id_foreign` (`modifier_option_id`),
  CONSTRAINT `recipes_inventory_item_id_foreign` FOREIGN KEY (`inventory_item_id`) REFERENCES `inventory_items` (`id`) ON DELETE CASCADE ON UPDATE CASCADE,
  CONSTRAINT `recipes_menu_item_id_foreign` FOREIGN KEY (`menu_item_id`) REFERENCES `menu_items` (`id`) ON DELETE CASCADE ON UPDATE CASCADE,
  CONSTRAINT `recipes_menu_item_variation_id_foreign` FOREIGN KEY (`menu_item_variation_id`) REFERENCES `menu_item_variations` (`id`) ON DELETE CASCADE ON UPDATE CASCADE,
  CONSTRAINT `recipes_modifier_option_id_foreign` FOREIGN KEY (`modifier_option_id`) REFERENCES `modifier_options` (`id`) ON DELETE CASCADE ON UPDATE CASCADE,
  CONSTRAINT `recipes_unit_id_foreign` FOREIGN KEY (`unit_id`) REFERENCES `units` (`id`) ON DELETE CASCADE ON UPDATE CASCADE
) ENGINE=InnoDB DEFAULT CHARSET=utf8mb4 COLLATE=utf8mb4_unicode_ci;


-- Table structure for table `reservation_settings`
CREATE TABLE `reservation_settings` (
  `id` bigint unsigned NOT NULL AUTO_INCREMENT,
  `branch_id` bigint unsigned DEFAULT NULL,
  `day_of_week` enum('Monday','Tuesday','Wednesday','Thursday','Friday','Saturday','Sunday') COLLATE utf8mb4_unicode_ci NOT NULL,
  `time_slot_start` time NOT NULL,
  `time_slot_end` time NOT NULL,
  `time_slot_difference` int NOT NULL,
  `slot_type` enum('Breakfast','Lunch','Dinner') COLLATE utf8mb4_unicode_ci NOT NULL,
  `available` tinyint(1) NOT NULL DEFAULT '1',
  `created_at` timestamp NULL DEFAULT NULL,
  `updated_at` timestamp NULL DEFAULT NULL,
  PRIMARY KEY (`id`),
  KEY `reservation_settings_branch_id_foreign` (`branch_id`),
  CONSTRAINT `reservation_settings_branch_id_foreign` FOREIGN KEY (`branch_id`) REFERENCES `branches` (`id`) ON DELETE CASCADE ON UPDATE CASCADE
) ENGINE=InnoDB AUTO_INCREMENT=127 DEFAULT CHARSET=utf8mb4 COLLATE=utf8mb4_unicode_ci;

-- Dumping data for table `reservation_settings`
INSERT INTO `reservation_settings` VALUES
('1', '1', 'Monday', '08:00:00', '11:00:00', '30', 'Breakfast', '1', '2025-11-27 00:00:54', '2025-11-27 00:00:54'),
('2', '1', 'Monday', '12:00:00', '17:00:00', '60', 'Lunch', '1', '2025-11-27 00:00:54', '2025-11-27 00:00:54'),
('3', '1', 'Monday', '18:00:00', '22:00:00', '60', 'Dinner', '1', '2025-11-27 00:00:54', '2025-11-27 00:00:54'),
('4', '1', 'Tuesday', '08:00:00', '11:00:00', '30', 'Breakfast', '1', '2025-11-27 00:00:54', '2025-11-27 00:00:54'),
('5', '1', 'Tuesday', '12:00:00', '17:00:00', '60', 'Lunch', '1', '2025-11-27 00:00:54', '2025-11-27 00:00:54'),
('6', '1', 'Tuesday', '18:00:00', '22:00:00', '60', 'Dinner', '1', '2025-11-27 00:00:54', '2025-11-27 00:00:54'),
('7', '1', 'Wednesday', '08:00:00', '11:00:00', '30', 'Breakfast', '1', '2025-11-27 00:00:54', '2025-11-27 00:00:54'),
('8', '1', 'Wednesday', '12:00:00', '17:00:00', '60', 'Lunch', '1', '2025-11-27 00:00:54', '2025-11-27 00:00:54'),
('9', '1', 'Wednesday', '18:00:00', '22:00:00', '60', 'Dinner', '1', '2025-11-27 00:00:54', '2025-11-27 00:00:54'),
('10', '1', 'Thursday', '08:00:00', '11:00:00', '30', 'Breakfast', '1', '2025-11-27 00:00:54', '2025-11-27 00:00:54'),
('11', '1', 'Thursday', '12:00:00', '17:00:00', '60', 'Lunch', '1', '2025-11-27 00:00:54', '2025-11-27 00:00:54'),
('12', '1', 'Thursday', '18:00:00', '22:00:00', '60', 'Dinner', '1', '2025-11-27 00:00:54', '2025-11-27 00:00:54'),
('13', '1', 'Friday', '08:00:00', '11:00:00', '30', 'Breakfast', '1', '2025-11-27 00:00:54', '2025-11-27 00:00:54'),
('14', '1', 'Friday', '12:00:00', '17:00:00', '60', 'Lunch', '1', '2025-11-27 00:00:54', '2025-11-27 00:00:54'),
('15', '1', 'Friday', '18:00:00', '22:00:00', '60', 'Dinner', '1', '2025-11-27 00:00:54', '2025-11-27 00:00:54'),
('16', '1', 'Saturday', '08:00:00', '11:00:00', '30', 'Breakfast', '1', '2025-11-27 00:00:54', '2025-11-27 00:00:54'),
('17', '1', 'Saturday', '12:00:00', '17:00:00', '60', 'Lunch', '1', '2025-11-27 00:00:54', '2025-11-27 00:00:54'),
('18', '1', 'Saturday', '18:00:00', '22:00:00', '60', 'Dinner', '1', '2025-11-27 00:00:54', '2025-11-27 00:00:54'),
('19', '1', 'Sunday', '08:00:00', '11:00:00', '30', 'Breakfast', '1', '2025-11-27 00:00:54', '2025-11-27 00:00:54'),
('20', '1', 'Sunday', '12:00:00', '17:00:00', '60', 'Lunch', '1', '2025-11-27 00:00:54', '2025-11-27 00:00:54'),
('21', '1', 'Sunday', '18:00:00', '22:00:00', '60', 'Dinner', '1', '2025-11-27 00:00:54', '2025-11-27 00:00:54'),
('22', '2', 'Monday', '08:00:00', '11:00:00', '30', 'Breakfast', '1', '2025-11-27 00:00:54', '2025-11-27 00:00:54'),
('23', '2', 'Monday', '12:00:00', '17:00:00', '60', 'Lunch', '1', '2025-11-27 00:00:54', '2025-11-27 00:00:54'),
('24', '2', 'Monday', '18:00:00', '22:00:00', '60', 'Dinner', '1', '2025-11-27 00:00:54', '2025-11-27 00:00:54'),
('25', '2', 'Tuesday', '08:00:00', '11:00:00', '30', 'Breakfast', '1', '2025-11-27 00:00:54', '2025-11-27 00:00:54'),
('26', '2', 'Tuesday', '12:00:00', '17:00:00', '60', 'Lunch', '1', '2025-11-27 00:00:54', '2025-11-27 00:00:54'),
('27', '2', 'Tuesday', '18:00:00', '22:00:00', '60', 'Dinner', '1', '2025-11-27 00:00:54', '2025-11-27 00:00:54'),
('28', '2', 'Wednesday', '08:00:00', '11:00:00', '30', 'Breakfast', '1', '2025-11-27 00:00:54', '2025-11-27 00:00:54'),
('29', '2', 'Wednesday', '12:00:00', '17:00:00', '60', 'Lunch', '1', '2025-11-27 00:00:54', '2025-11-27 00:00:54'),
('30', '2', 'Wednesday', '18:00:00', '22:00:00', '60', 'Dinner', '1', '2025-11-27 00:00:54', '2025-11-27 00:00:54'),
('31', '2', 'Thursday', '08:00:00', '11:00:00', '30', 'Breakfast', '1', '2025-11-27 00:00:54', '2025-11-27 00:00:54'),
('32', '2', 'Thursday', '12:00:00', '17:00:00', '60', 'Lunch', '1', '2025-11-27 00:00:54', '2025-11-27 00:00:54'),
('33', '2', 'Thursday', '18:00:00', '22:00:00', '60', 'Dinner', '1', '2025-11-27 00:00:54', '2025-11-27 00:00:54'),
('34', '2', 'Friday', '08:00:00', '11:00:00', '30', 'Breakfast', '1', '2025-11-27 00:00:54', '2025-11-27 00:00:54'),
('35', '2', 'Friday', '12:00:00', '17:00:00', '60', 'Lunch', '1', '2025-11-27 00:00:54', '2025-11-27 00:00:54'),
('36', '2', 'Friday', '18:00:00', '22:00:00', '60', 'Dinner', '1', '2025-11-27 00:00:54', '2025-11-27 00:00:54'),
('37', '2', 'Saturday', '08:00:00', '11:00:00', '30', 'Breakfast', '1', '2025-11-27 00:00:54', '2025-11-27 00:00:54'),
('38', '2', 'Saturday', '12:00:00', '17:00:00', '60', 'Lunch', '1', '2025-11-27 00:00:54', '2025-11-27 00:00:54'),
('39', '2', 'Saturday', '18:00:00', '22:00:00', '60', 'Dinner', '1', '2025-11-27 00:00:54', '2025-11-27 00:00:54'),
('40', '2', 'Sunday', '08:00:00', '11:00:00', '30', 'Breakfast', '1', '2025-11-27 00:00:54', '2025-11-27 00:00:54'),
('41', '2', 'Sunday', '12:00:00', '17:00:00', '60', 'Lunch', '1', '2025-11-27 00:00:54', '2025-11-27 00:00:54'),
('42', '2', 'Sunday', '18:00:00', '22:00:00', '60', 'Dinner', '1', '2025-11-27 00:00:54', '2025-11-27 00:00:54'),
('43', '1', 'Monday', '08:00:00', '11:00:00', '30', 'Breakfast', '1', '2025-11-27 00:00:55', '2025-11-27 00:00:55'),
('44', '1', 'Monday', '12:00:00', '17:00:00', '60', 'Lunch', '1', '2025-11-27 00:00:55', '2025-11-27 00:00:55'),
('45', '1', 'Monday', '18:00:00', '22:00:00', '60', 'Dinner', '1', '2025-11-27 00:00:55', '2025-11-27 00:00:55'),
('46', '1', 'Tuesday', '08:00:00', '11:00:00', '30', 'Breakfast', '1', '2025-11-27 00:00:55', '2025-11-27 00:00:55'),
('47', '1', 'Tuesday', '12:00:00', '17:00:00', '60', 'Lunch', '1', '2025-11-27 00:00:55', '2025-11-27 00:00:55'),
('48', '1', 'Tuesday', '18:00:00', '22:00:00', '60', 'Dinner', '1', '2025-11-27 00:00:55', '2025-11-27 00:00:55'),
('49', '1', 'Wednesday', '08:00:00', '11:00:00', '30', 'Breakfast', '1', '2025-11-27 00:00:55', '2025-11-27 00:00:55'),
('50', '1', 'Wednesday', '12:00:00', '17:00:00', '60', 'Lunch', '1', '2025-11-27 00:00:55', '2025-11-27 00:00:55'),
('51', '1', 'Wednesday', '18:00:00', '22:00:00', '60', 'Dinner', '1', '2025-11-27 00:00:55', '2025-11-27 00:00:55'),
('52', '1', 'Thursday', '08:00:00', '11:00:00', '30', 'Breakfast', '1', '2025-11-27 00:00:55', '2025-11-27 00:00:55'),
('53', '1', 'Thursday', '12:00:00', '17:00:00', '60', 'Lunch', '1', '2025-11-27 00:00:55', '2025-11-27 00:00:55'),
('54', '1', 'Thursday', '18:00:00', '22:00:00', '60', 'Dinner', '1', '2025-11-27 00:00:55', '2025-11-27 00:00:55'),
('55', '1', 'Friday', '08:00:00', '11:00:00', '30', 'Breakfast', '1', '2025-11-27 00:00:55', '2025-11-27 00:00:55'),
('56', '1', 'Friday', '12:00:00', '17:00:00', '60', 'Lunch', '1', '2025-11-27 00:00:55', '2025-11-27 00:00:55'),
('57', '1', 'Friday', '18:00:00', '22:00:00', '60', 'Dinner', '1', '2025-11-27 00:00:55', '2025-11-27 00:00:55'),
('58', '1', 'Saturday', '08:00:00', '11:00:00', '30', 'Breakfast', '1', '2025-11-27 00:00:55', '2025-11-27 00:00:55'),
('59', '1', 'Saturday', '12:00:00', '17:00:00', '60', 'Lunch', '1', '2025-11-27 00:00:55', '2025-11-27 00:00:55'),
('60', '1', 'Saturday', '18:00:00', '22:00:00', '60', 'Dinner', '1', '2025-11-27 00:00:55', '2025-11-27 00:00:55'),
('61', '1', 'Sunday', '08:00:00', '11:00:00', '30', 'Breakfast', '1', '2025-11-27 00:00:55', '2025-11-27 00:00:55'),
('62', '1', 'Sunday', '12:00:00', '17:00:00', '60', 'Lunch', '1', '2025-11-27 00:00:55', '2025-11-27 00:00:55'),
('63', '1', 'Sunday', '18:00:00', '22:00:00', '60', 'Dinner', '1', '2025-11-27 00:00:55', '2025-11-27 00:00:55'),
('64', '3', 'Monday', '08:00:00', '11:00:00', '30', 'Breakfast', '1', '2025-11-27 01:20:35', '2025-11-27 01:20:35'),
('65', '3', 'Monday', '12:00:00', '17:00:00', '60', 'Lunch', '1', '2025-11-27 01:20:35', '2025-11-27 01:20:35'),
('66', '3', 'Monday', '18:00:00', '22:00:00', '60', 'Dinner', '1', '2025-11-27 01:20:35', '2025-11-27 01:20:35'),
('67', '3', 'Tuesday', '08:00:00', '11:00:00', '30', 'Breakfast', '1', '2025-11-27 01:20:35', '2025-11-27 01:20:35'),
('68', '3', 'Tuesday', '12:00:00', '17:00:00', '60', 'Lunch', '1', '2025-11-27 01:20:35', '2025-11-27 01:20:35'),
('69', '3', 'Tuesday', '18:00:00', '22:00:00', '60', 'Dinner', '1', '2025-11-27 01:20:35', '2025-11-27 01:20:35'),
('70', '3', 'Wednesday', '08:00:00', '11:00:00', '30', 'Breakfast', '1', '2025-11-27 01:20:35', '2025-11-27 01:20:35'),
('71', '3', 'Wednesday', '12:00:00', '17:00:00', '60', 'Lunch', '1', '2025-11-27 01:20:35', '2025-11-27 01:20:35'),
('72', '3', 'Wednesday', '18:00:00', '22:00:00', '60', 'Dinner', '1', '2025-11-27 01:20:35', '2025-11-27 01:20:35'),
('73', '3', 'Thursday', '08:00:00', '11:00:00', '30', 'Breakfast', '1', '2025-11-27 01:20:35', '2025-11-27 01:20:35'),
('74', '3', 'Thursday', '12:00:00', '17:00:00', '60', 'Lunch', '1', '2025-11-27 01:20:35', '2025-11-27 01:20:35'),
('75', '3', 'Thursday', '18:00:00', '22:00:00', '60', 'Dinner', '1', '2025-11-27 01:20:35', '2025-11-27 01:20:35'),
('76', '3', 'Friday', '08:00:00', '11:00:00', '30', 'Breakfast', '1', '2025-11-27 01:20:35', '2025-11-27 01:20:35'),
('77', '3', 'Friday', '12:00:00', '17:00:00', '60', 'Lunch', '1', '2025-11-27 01:20:35', '2025-11-27 01:20:35'),
('78', '3', 'Friday', '18:00:00', '22:00:00', '60', 'Dinner', '1', '2025-11-27 01:20:35', '2025-11-27 01:20:35'),
('79', '3', 'Saturday', '08:00:00', '11:00:00', '30', 'Breakfast', '1', '2025-11-27 01:20:35', '2025-11-27 01:20:35'),
('80', '3', 'Saturday', '12:00:00', '17:00:00', '60', 'Lunch', '1', '2025-11-27 01:20:35', '2025-11-27 01:20:35'),
('81', '3', 'Saturday', '18:00:00', '22:00:00', '60', 'Dinner', '1', '2025-11-27 01:20:35', '2025-11-27 01:20:35'),
('82', '3', 'Sunday', '08:00:00', '11:00:00', '30', 'Breakfast', '1', '2025-11-27 01:20:35', '2025-11-27 01:20:35'),
('83', '3', 'Sunday', '12:00:00', '17:00:00', '60', 'Lunch', '1', '2025-11-27 01:20:35', '2025-11-27 01:20:35'),
('84', '3', 'Sunday', '18:00:00', '22:00:00', '60', 'Dinner', '1', '2025-11-27 01:20:35', '2025-11-27 01:20:35'),
('85', '4', 'Monday', '08:00:00', '11:00:00', '30', 'Breakfast', '1', '2025-11-27 10:17:22', '2025-11-27 10:17:22'),
('86', '4', 'Monday', '12:00:00', '17:00:00', '60', 'Lunch', '1', '2025-11-27 10:17:22', '2025-11-27 10:17:22'),
('87', '4', 'Monday', '18:00:00', '22:00:00', '60', 'Dinner', '1', '2025-11-27 10:17:22', '2025-11-27 10:17:22'),
('88', '4', 'Tuesday', '08:00:00', '11:00:00', '30', 'Breakfast', '1', '2025-11-27 10:17:22', '2025-11-27 10:17:22'),
('89', '4', 'Tuesday', '12:00:00', '17:00:00', '60', 'Lunch', '1', '2025-11-27 10:17:22', '2025-11-27 10:17:22'),
('90', '4', 'Tuesday', '18:00:00', '22:00:00', '60', 'Dinner', '1', '2025-11-27 10:17:22', '2025-11-27 10:17:22'),
('91', '4', 'Wednesday', '08:00:00', '11:00:00', '30', 'Breakfast', '1', '2025-11-27 10:17:22', '2025-11-27 10:17:22'),
('92', '4', 'Wednesday', '12:00:00', '17:00:00', '60', 'Lunch', '1', '2025-11-27 10:17:22', '2025-11-27 10:17:22'),
('93', '4', 'Wednesday', '18:00:00', '22:00:00', '60', 'Dinner', '1', '2025-11-27 10:17:22', '2025-11-27 10:17:22'),
('94', '4', 'Thursday', '08:00:00', '11:00:00', '30', 'Breakfast', '1', '2025-11-27 10:17:22', '2025-11-27 10:17:22'),
('95', '4', 'Thursday', '12:00:00', '17:00:00', '60', 'Lunch', '1', '2025-11-27 10:17:22', '2025-11-27 10:17:22'),
('96', '4', 'Thursday', '18:00:00', '22:00:00', '60', 'Dinner', '1', '2025-11-27 10:17:22', '2025-11-27 10:17:22'),
('97', '4', 'Friday', '08:00:00', '11:00:00', '30', 'Breakfast', '1', '2025-11-27 10:17:22', '2025-11-27 10:17:22'),
('98', '4', 'Friday', '12:00:00', '17:00:00', '60', 'Lunch', '1', '2025-11-27 10:17:22', '2025-11-27 10:17:22'),
('99', '4', 'Friday', '18:00:00', '22:00:00', '60', 'Dinner', '1', '2025-11-27 10:17:22', '2025-11-27 10:17:22'),
('100', '4', 'Saturday', '08:00:00', '11:00:00', '30', 'Breakfast', '1', '2025-11-27 10:17:22', '2025-11-27 10:17:22'),
('101', '4', 'Saturday', '12:00:00', '17:00:00', '60', 'Lunch', '1', '2025-11-27 10:17:22', '2025-11-27 10:17:22'),
('102', '4', 'Saturday', '18:00:00', '22:00:00', '60', 'Dinner', '1', '2025-11-27 10:17:22', '2025-11-27 10:17:22'),
('103', '4', 'Sunday', '08:00:00', '11:00:00', '30', 'Breakfast', '1', '2025-11-27 10:17:22', '2025-11-27 10:17:22'),
('104', '4', 'Sunday', '12:00:00', '17:00:00', '60', 'Lunch', '1', '2025-11-27 10:17:22', '2025-11-27 10:17:22'),
('105', '4', 'Sunday', '18:00:00', '22:00:00', '60', 'Dinner', '1', '2025-11-27 10:17:22', '2025-11-27 10:17:22'),
('106', '5', 'Monday', '08:00:00', '11:00:00', '30', 'Breakfast', '1', '2025-12-01 11:34:16', '2025-12-01 11:34:16'),
('107', '5', 'Monday', '12:00:00', '17:00:00', '60', 'Lunch', '1', '2025-12-01 11:34:16', '2025-12-01 11:34:16'),
('108', '5', 'Monday', '18:00:00', '22:00:00', '60', 'Dinner', '1', '2025-12-01 11:34:16', '2025-12-01 11:34:16'),
('109', '5', 'Tuesday', '08:00:00', '11:00:00', '30', 'Breakfast', '1', '2025-12-01 11:34:16', '2025-12-01 11:34:16'),
('110', '5', 'Tuesday', '12:00:00', '17:00:00', '60', 'Lunch', '1', '2025-12-01 11:34:16', '2025-12-01 11:34:16'),
('111', '5', 'Tuesday', '18:00:00', '22:00:00', '60', 'Dinner', '1', '2025-12-01 11:34:16', '2025-12-01 11:34:16'),
('112', '5', 'Wednesday', '08:00:00', '11:00:00', '30', 'Breakfast', '1', '2025-12-01 11:34:16', '2025-12-01 11:34:16'),
('113', '5', 'Wednesday', '12:00:00', '17:00:00', '60', 'Lunch', '1', '2025-12-01 11:34:16', '2025-12-01 11:34:16'),
('114', '5', 'Wednesday', '18:00:00', '22:00:00', '60', 'Dinner', '1', '2025-12-01 11:34:16', '2025-12-01 11:34:16'),
('115', '5', 'Thursday', '08:00:00', '11:00:00', '30', 'Breakfast', '1', '2025-12-01 11:34:16', '2025-12-01 11:34:16'),
('116', '5', 'Thursday', '12:00:00', '17:00:00', '60', 'Lunch', '1', '2025-12-01 11:34:16', '2025-12-01 11:34:16'),
('117', '5', 'Thursday', '18:00:00', '22:00:00', '60', 'Dinner', '1', '2025-12-01 11:34:16', '2025-12-01 11:34:16'),
('118', '5', 'Friday', '08:00:00', '11:00:00', '30', 'Breakfast', '1', '2025-12-01 11:34:16', '2025-12-01 11:34:16'),
('119', '5', 'Friday', '12:00:00', '17:00:00', '60', 'Lunch', '1', '2025-12-01 11:34:16', '2025-12-01 11:34:16'),
('120', '5', 'Friday', '18:00:00', '22:00:00', '60', 'Dinner', '1', '2025-12-01 11:34:16', '2025-12-01 11:34:16'),
('121', '5', 'Saturday', '08:00:00', '11:00:00', '30', 'Breakfast', '1', '2025-12-01 11:34:16', '2025-12-01 11:34:16'),
('122', '5', 'Saturday', '12:00:00', '17:00:00', '60', 'Lunch', '1', '2025-12-01 11:34:16', '2025-12-01 11:34:16'),
('123', '5', 'Saturday', '18:00:00', '22:00:00', '60', 'Dinner', '1', '2025-12-01 11:34:16', '2025-12-01 11:34:16'),
('124', '5', 'Sunday', '08:00:00', '11:00:00', '30', 'Breakfast', '1', '2025-12-01 11:34:16', '2025-12-01 11:34:16'),
('125', '5', 'Sunday', '12:00:00', '17:00:00', '60', 'Lunch', '1', '2025-12-01 11:34:16', '2025-12-01 11:34:16'),
('126', '5', 'Sunday', '18:00:00', '22:00:00', '60', 'Dinner', '1', '2025-12-01 11:34:16', '2025-12-01 11:34:16');


-- Table structure for table `reservations`
CREATE TABLE `reservations` (
  `id` bigint unsigned NOT NULL AUTO_INCREMENT,
  `branch_id` bigint unsigned DEFAULT NULL,
  `table_id` bigint unsigned DEFAULT NULL,
  `customer_id` bigint unsigned DEFAULT NULL,
  `reservation_date_time` datetime NOT NULL,
  `party_size` int NOT NULL,
  `special_requests` text COLLATE utf8mb4_unicode_ci,
  `reservation_status` enum('Pending','Confirmed','Checked_In','Cancelled','No_Show') COLLATE utf8mb4_unicode_ci NOT NULL DEFAULT 'Confirmed',
  `reservation_slot_type` enum('Breakfast','Lunch','Dinner') COLLATE utf8mb4_unicode_ci NOT NULL,
  `created_at` timestamp NULL DEFAULT NULL,
  `updated_at` timestamp NULL DEFAULT NULL,
  `slot_time_difference` int DEFAULT NULL,
  PRIMARY KEY (`id`),
  KEY `reservations_table_id_foreign` (`table_id`),
  KEY `reservations_customer_id_foreign` (`customer_id`),
  KEY `reservations_branch_id_foreign` (`branch_id`),
  CONSTRAINT `reservations_branch_id_foreign` FOREIGN KEY (`branch_id`) REFERENCES `branches` (`id`) ON DELETE CASCADE ON UPDATE CASCADE,
  CONSTRAINT `reservations_customer_id_foreign` FOREIGN KEY (`customer_id`) REFERENCES `customers` (`id`) ON DELETE SET NULL ON UPDATE CASCADE,
  CONSTRAINT `reservations_table_id_foreign` FOREIGN KEY (`table_id`) REFERENCES `tables` (`id`) ON DELETE CASCADE ON UPDATE CASCADE
) ENGINE=InnoDB DEFAULT CHARSET=utf8mb4 COLLATE=utf8mb4_unicode_ci;


-- Table structure for table `restaurant_charges`
CREATE TABLE `restaurant_charges` (
  `id` bigint unsigned NOT NULL AUTO_INCREMENT,
  `restaurant_id` bigint unsigned DEFAULT NULL,
  `charge_name` varchar(191) COLLATE utf8mb4_unicode_ci NOT NULL,
  `charge_type` enum('percent','fixed') COLLATE utf8mb4_unicode_ci NOT NULL DEFAULT 'fixed',
  `charge_value` decimal(16,2) DEFAULT NULL,
  `order_types` json NOT NULL COMMENT 'Supported order types: DineIn, Delivery, PickUp',
  `is_enabled` tinyint(1) NOT NULL DEFAULT '1',
  `created_at` timestamp NULL DEFAULT NULL,
  `updated_at` timestamp NULL DEFAULT NULL,
  PRIMARY KEY (`id`),
  KEY `restaurant_charges_restaurant_id_foreign` (`restaurant_id`),
  KEY `restaurant_charges_charge_name_index` (`charge_name`),
  CONSTRAINT `restaurant_charges_restaurant_id_foreign` FOREIGN KEY (`restaurant_id`) REFERENCES `restaurants` (`id`) ON DELETE CASCADE ON UPDATE CASCADE
) ENGINE=InnoDB DEFAULT CHARSET=utf8mb4 COLLATE=utf8mb4_unicode_ci;


-- Table structure for table `restaurant_payments`
CREATE TABLE `restaurant_payments` (
  `id` bigint unsigned NOT NULL AUTO_INCREMENT,
  `restaurant_id` bigint unsigned NOT NULL,
  `amount` decimal(16,2) NOT NULL,
  `status` enum('pending','paid','failed') COLLATE utf8mb4_unicode_ci NOT NULL DEFAULT 'pending',
  `payment_source` enum('official_site','app_sumo') COLLATE utf8mb4_unicode_ci NOT NULL DEFAULT 'official_site',
  `razorpay_order_id` varchar(191) COLLATE utf8mb4_unicode_ci DEFAULT NULL,
  `razorpay_payment_id` varchar(191) COLLATE utf8mb4_unicode_ci DEFAULT NULL,
  `razorpay_signature` varchar(191) COLLATE utf8mb4_unicode_ci DEFAULT NULL,
  `transaction_id` varchar(191) COLLATE utf8mb4_unicode_ci DEFAULT NULL,
  `reference_id` varchar(191) COLLATE utf8mb4_unicode_ci DEFAULT NULL,
  `payment_date_time` varchar(191) COLLATE utf8mb4_unicode_ci DEFAULT NULL,
  `created_at` timestamp NULL DEFAULT NULL,
  `updated_at` timestamp NULL DEFAULT NULL,
  `stripe_payment_intent` varchar(191) COLLATE utf8mb4_unicode_ci DEFAULT NULL,
  `stripe_session_id` text COLLATE utf8mb4_unicode_ci,
  `package_id` bigint unsigned DEFAULT NULL,
  `package_type` varchar(191) COLLATE utf8mb4_unicode_ci DEFAULT NULL,
  `currency_id` varchar(191) COLLATE utf8mb4_unicode_ci DEFAULT NULL,
  `flutterwave_transaction_id` varchar(191) COLLATE utf8mb4_unicode_ci DEFAULT NULL,
  `flutterwave_payment_ref` varchar(191) COLLATE utf8mb4_unicode_ci DEFAULT NULL,
  `paypal_payment_id` varchar(191) COLLATE utf8mb4_unicode_ci DEFAULT NULL,
  PRIMARY KEY (`id`),
  KEY `restaurant_payments_restaurant_id_foreign` (`restaurant_id`),
  KEY `restaurant_payments_package_id_foreign` (`package_id`),
  CONSTRAINT `restaurant_payments_package_id_foreign` FOREIGN KEY (`package_id`) REFERENCES `packages` (`id`) ON DELETE CASCADE,
  CONSTRAINT `restaurant_payments_restaurant_id_foreign` FOREIGN KEY (`restaurant_id`) REFERENCES `restaurants` (`id`) ON DELETE CASCADE
) ENGINE=InnoDB AUTO_INCREMENT=5 DEFAULT CHARSET=utf8mb4 COLLATE=utf8mb4_unicode_ci;

-- Dumping data for table `restaurant_payments`
INSERT INTO `restaurant_payments` VALUES
('1', '2', '10.00', 'pending', 'official_site', NULL, NULL, NULL, NULL, NULL, NULL, '2025-11-27 01:40:41', '2025-11-27 01:40:41', NULL, NULL, '2', 'monthly', '4', NULL, NULL, NULL),
('2', '2', '10.00', 'pending', 'official_site', NULL, NULL, NULL, NULL, NULL, NULL, '2025-11-27 01:43:19', '2025-11-27 01:43:21', NULL, 'cs_live_a1Y1476DE6snN8osrXXZ3eqiN4DsnoqfZ347DV34VfetkZLgiT3GbAHYZs', '2', 'monthly', '4', NULL, NULL, NULL),
('3', '2', '10.00', 'pending', 'official_site', NULL, NULL, NULL, NULL, NULL, NULL, '2025-11-27 01:45:59', '2025-11-27 01:46:00', NULL, 'cs_live_a1WIrkLbHtE0b016DrcpYhDnV62Of7bqoThIPIP6GSVzIkZMLZDLGBBfpj', '2', 'monthly', '4', NULL, NULL, NULL),
('4', '2', '10.00', 'pending', 'official_site', NULL, NULL, NULL, NULL, NULL, NULL, '2025-12-03 09:46:22', '2025-12-03 09:46:24', NULL, 'cs_live_a1HSnQmBRFQzPTOqK0YVyPFLp3CZCKH1VA9FarpCPRBmGFIxZVGjXcSaMP', '2', 'monthly', '4', NULL, NULL, NULL);


-- Table structure for table `restaurant_taxes`
CREATE TABLE `restaurant_taxes` (
  `id` bigint unsigned NOT NULL AUTO_INCREMENT,
  `restaurant_id` bigint unsigned NOT NULL,
  `tax_id` varchar(191) COLLATE utf8mb4_unicode_ci DEFAULT NULL,
  `tax_name` varchar(191) COLLATE utf8mb4_unicode_ci DEFAULT NULL,
  `created_at` timestamp NULL DEFAULT NULL,
  `updated_at` timestamp NULL DEFAULT NULL,
  PRIMARY KEY (`id`),
  KEY `restaurant_taxes_restaurant_id_foreign` (`restaurant_id`),
  CONSTRAINT `restaurant_taxes_restaurant_id_foreign` FOREIGN KEY (`restaurant_id`) REFERENCES `restaurants` (`id`) ON DELETE CASCADE
) ENGINE=InnoDB DEFAULT CHARSET=utf8mb4 COLLATE=utf8mb4_unicode_ci;


-- Table structure for table `restaurants`
CREATE TABLE `restaurants` (
  `id` bigint unsigned NOT NULL AUTO_INCREMENT,
  `sub_domain` varchar(191) COLLATE utf8mb4_unicode_ci DEFAULT NULL,
  `name` varchar(191) COLLATE utf8mb4_unicode_ci NOT NULL,
  `hash` varchar(191) COLLATE utf8mb4_unicode_ci DEFAULT NULL,
  `address` varchar(191) COLLATE utf8mb4_unicode_ci DEFAULT NULL,
  `phone_number` varchar(191) COLLATE utf8mb4_unicode_ci DEFAULT NULL,
  `phone_code` varchar(191) COLLATE utf8mb4_unicode_ci DEFAULT NULL,
  `email` varchar(191) COLLATE utf8mb4_unicode_ci DEFAULT NULL,
  `timezone` varchar(191) COLLATE utf8mb4_unicode_ci NOT NULL,
  `theme_hex` varchar(191) COLLATE utf8mb4_unicode_ci NOT NULL,
  `theme_rgb` varchar(191) COLLATE utf8mb4_unicode_ci NOT NULL,
  `logo` varchar(191) COLLATE utf8mb4_unicode_ci DEFAULT NULL,
  `country_id` bigint unsigned NOT NULL,
  `hide_new_orders` tinyint(1) NOT NULL DEFAULT '0',
  `hide_new_reservations` tinyint(1) NOT NULL DEFAULT '0',
  `hide_new_waiter_request` tinyint(1) NOT NULL DEFAULT '0',
  `currency_id` bigint unsigned DEFAULT NULL,
  `license_type` enum('free','paid') COLLATE utf8mb4_unicode_ci NOT NULL DEFAULT 'free',
  `is_active` tinyint(1) NOT NULL DEFAULT '1',
  `created_at` timestamp NULL DEFAULT NULL,
  `updated_at` timestamp NULL DEFAULT NULL,
  `customer_login_required` tinyint(1) NOT NULL DEFAULT '0',
  `about_us` longtext COLLATE utf8mb4_unicode_ci,
  `allow_customer_delivery_orders` tinyint(1) NOT NULL DEFAULT '1',
  `allow_customer_pickup_orders` tinyint(1) NOT NULL DEFAULT '1',
  `pickup_days_range` int DEFAULT '7',
  `allow_customer_orders` tinyint(1) NOT NULL DEFAULT '1',
  `allow_dine_in_orders` tinyint(1) NOT NULL DEFAULT '1',
  `show_veg` tinyint(1) NOT NULL DEFAULT '1',
  `show_halal` tinyint(1) NOT NULL DEFAULT '0',
  `package_id` bigint unsigned DEFAULT NULL,
  `package_type` varchar(191) COLLATE utf8mb4_unicode_ci DEFAULT NULL,
  `status` enum('active','inactive','license_expired') COLLATE utf8mb4_unicode_ci NOT NULL DEFAULT 'active',
  `license_expire_on` datetime DEFAULT NULL,
  `count_sms` int NOT NULL DEFAULT '0',
  `total_sms` int NOT NULL DEFAULT '-1',
  `trial_ends_at` datetime DEFAULT NULL,
  `license_updated_at` datetime DEFAULT NULL,
  `subscription_updated_at` datetime DEFAULT NULL,
  `stripe_id` varchar(191) COLLATE utf8mb4_unicode_ci DEFAULT NULL,
  `pm_type` varchar(191) COLLATE utf8mb4_unicode_ci DEFAULT NULL,
  `pm_last_four` varchar(4) COLLATE utf8mb4_unicode_ci DEFAULT NULL,
  `is_waiter_request_enabled` tinyint(1) NOT NULL DEFAULT '1',
  `default_table_reservation_status` varchar(191) COLLATE utf8mb4_unicode_ci NOT NULL DEFAULT 'Confirmed',
  `disable_slot_minutes` int NOT NULL DEFAULT '30',
  `approval_status` enum('Pending','Approved','Rejected') COLLATE utf8mb4_unicode_ci NOT NULL DEFAULT 'Approved',
  `rejection_reason` text COLLATE utf8mb4_unicode_ci,
  `facebook_link` varchar(255) COLLATE utf8mb4_unicode_ci DEFAULT NULL,
  `instagram_link` varchar(255) COLLATE utf8mb4_unicode_ci DEFAULT NULL,
  `twitter_link` varchar(255) COLLATE utf8mb4_unicode_ci DEFAULT NULL,
  `yelp_link` varchar(255) COLLATE utf8mb4_unicode_ci DEFAULT NULL,
  `table_required` tinyint(1) NOT NULL DEFAULT '0',
  `show_logo_text` tinyint(1) NOT NULL DEFAULT '1',
  `meta_keyword` text COLLATE utf8mb4_unicode_ci,
  `meta_description` longtext COLLATE utf8mb4_unicode_ci,
  `upload_fav_icon_android_chrome_192` varchar(191) COLLATE utf8mb4_unicode_ci DEFAULT NULL,
  `upload_fav_icon_android_chrome_512` varchar(191) COLLATE utf8mb4_unicode_ci DEFAULT NULL,
  `upload_fav_icon_apple_touch_icon` varchar(191) COLLATE utf8mb4_unicode_ci DEFAULT NULL,
  `upload_favicon_16` varchar(191) COLLATE utf8mb4_unicode_ci DEFAULT NULL,
  `upload_favicon_32` varchar(191) COLLATE utf8mb4_unicode_ci DEFAULT NULL,
  `favicon` varchar(191) COLLATE utf8mb4_unicode_ci DEFAULT NULL,
  `is_waiter_request_enabled_on_desktop` tinyint(1) NOT NULL DEFAULT '1',
  `is_waiter_request_enabled_on_mobile` tinyint(1) NOT NULL DEFAULT '1',
  `is_waiter_request_enabled_open_by_qr` tinyint(1) NOT NULL DEFAULT '0',
  `webmanifest` varchar(191) COLLATE utf8mb4_unicode_ci DEFAULT NULL,
  `enable_tip_shop` tinyint(1) NOT NULL DEFAULT '1',
  `enable_tip_pos` tinyint(1) NOT NULL DEFAULT '1',
  `is_pwa_install_alert_show` tinyint(1) NOT NULL DEFAULT '0',
  `auto_confirm_orders` tinyint(1) NOT NULL DEFAULT '0',
  `restrict_qr_order_by_location` tinyint(1) NOT NULL DEFAULT '0',
  `qr_order_radius_meters` int unsigned DEFAULT NULL,
  `show_order_type_options` tinyint(1) NOT NULL DEFAULT '1',
  `disable_order_type_popup` tinyint(1) NOT NULL DEFAULT '0',
  `default_order_type_id` bigint unsigned DEFAULT NULL,
  `hide_menu_item_image_on_pos` tinyint(1) NOT NULL DEFAULT '0',
  `hide_menu_item_image_on_customer_site` tinyint(1) NOT NULL DEFAULT '0',
  `tax_mode` enum('order','item') COLLATE utf8mb4_unicode_ci NOT NULL DEFAULT 'order',
  `tax_inclusive` tinyint(1) NOT NULL DEFAULT '0',
  `customer_site_language` varchar(191) COLLATE utf8mb4_unicode_ci DEFAULT NULL,
  `enable_admin_reservation` tinyint(1) NOT NULL DEFAULT '1',
  `enable_customer_reservation` tinyint(1) NOT NULL DEFAULT '1',
  `minimum_party_size` int NOT NULL DEFAULT '1',
  `table_lock_timeout_minutes` int NOT NULL DEFAULT '10',
  PRIMARY KEY (`id`),
  KEY `restaurant_settings_country_id_foreign` (`country_id`),
  KEY `restaurant_settings_currency_id_foreign` (`currency_id`),
  KEY `restaurants_package_id_foreign` (`package_id`),
  KEY `restaurants_default_order_type_id_foreign` (`default_order_type_id`),
  CONSTRAINT `restaurant_settings_country_id_foreign` FOREIGN KEY (`country_id`) REFERENCES `countries` (`id`) ON DELETE CASCADE,
  CONSTRAINT `restaurant_settings_currency_id_foreign` FOREIGN KEY (`currency_id`) REFERENCES `currencies` (`id`) ON DELETE CASCADE,
  CONSTRAINT `restaurants_default_order_type_id_foreign` FOREIGN KEY (`default_order_type_id`) REFERENCES `order_types` (`id`) ON DELETE SET NULL ON UPDATE CASCADE,
  CONSTRAINT `restaurants_package_id_foreign` FOREIGN KEY (`package_id`) REFERENCES `packages` (`id`) ON DELETE SET NULL ON UPDATE CASCADE
) ENGINE=InnoDB AUTO_INCREMENT=5 DEFAULT CHARSET=utf8mb4 COLLATE=utf8mb4_unicode_ci;

-- Dumping data for table `restaurants`
INSERT INTO `restaurants` VALUES
('1', 'demo.hellopos.online', 'Demo Restaurant', 'demo-restaurant', '2633 Hiram Pike\nHaucktown, FL 42406-2321', '+13166020782', NULL, 'demo.restaurant@example.com', 'America/New_York', '#A78BFA', '167, 139, 250', NULL, '236', '0', '0', '0', '1', 'free', '1', '2025-11-27 00:00:51', '2025-11-27 01:00:13', '0', '<p class=\"text-lg text-gray-600 mb-6\">\n          Welcome to our restaurant, where great food and good vibes come together! We\'re a local, family-owned spot that loves bringing people together over delicious meals and unforgettable moments. Whether you\'re here for a quick bite, a family dinner, or a celebration, we\'re all about making your time with us special.\n        </p>\n        <p class=\"text-lg text-gray-600 mb-6\">\n          Our menu is packed with dishes made from fresh, quality ingredients because we believe food should taste as\n          good as it makes you feel. From our signature dishes to seasonal specials, there\'s always something to excite\n          your taste buds.\n        </p>\n        <p class=\"text-lg text-gray-600 mb-6\">\n          But we\'re not just about the food—we\'re about community. We love seeing familiar faces and welcoming new ones.\n          Our team is a fun, friendly bunch dedicated to serving you with a smile and making sure every visit feels like\n          coming home.\n        </p>\n        <p class=\"text-lg text-gray-600\">\n          So, come on in, grab a seat, and let us take care of the rest. We can\'t wait to share our love of food with\n          you!\n        </p>\n        <p class=\"text-lg text-gray-800 font-semibold mt-6\">See you soon! 🍽️✨</p>', '1', '1', '7', '1', '1', '1', '0', '5', 'trial', 'active', '2025-12-27 00:00:51', '0', '-1', '2025-12-27 00:00:51', '2025-11-27 00:00:51', '2025-11-27 00:00:51', NULL, NULL, NULL, '1', 'Confirmed', '30', 'Approved', NULL, 'https://www.facebook.com/', 'https://www.instagram.com/', 'https://www.twitter.com/', NULL, '0', '1', NULL, NULL, NULL, NULL, NULL, NULL, NULL, NULL, '1', '1', '0', NULL, '1', '1', '0', '0', '0', NULL, '1', '0', NULL, '0', '0', 'order', '0', 'en', '1', '1', '1', '10'),
('2', 'grafix.hellopos.online', 'Grafix', 'grafix', 'Plovdiv', '7999973384', '359', 'hsidzhimov@googlemail.com', 'Europe/Sofia', '#2563EB', '37, 99, 235', 'e2bcd87c8c2ad09c8c7569a7312161d5.png', '35', '0', '0', '0', '8', 'free', '1', '2025-11-27 01:20:35', '2025-12-11 05:45:00', '0', '<p class=\"text-lg text-gray-600 mb-6\">\n          Welcome to our restaurant, where great food and good vibes come together! We\'re a local, family-owned spot that loves bringing people together over delicious meals and unforgettable moments. Whether you\'re here for a quick bite, a family dinner, or a celebration, we\'re all about making your time with us special.\n        </p>\n        <p class=\"text-lg text-gray-600 mb-6\">\n          Our menu is packed with dishes made from fresh, quality ingredients because we believe food should taste as\n          good as it makes you feel. From our signature dishes to seasonal specials, there\'s always something to excite\n          your taste buds.\n        </p>\n        <p class=\"text-lg text-gray-600 mb-6\">\n          But we\'re not just about the food—we\'re about community. We love seeing familiar faces and welcoming new ones.\n          Our team is a fun, friendly bunch dedicated to serving you with a smile and making sure every visit feels like\n          coming home.\n        </p>\n        <p class=\"text-lg text-gray-600\">\n          So, come on in, grab a seat, and let us take care of the rest. We can\'t wait to share our love of food with\n          you!\n        </p>\n        <p class=\"text-lg text-gray-800 font-semibold mt-6\">See you soon! 🍽️✨</p>', '0', '0', '7', '0', '0', '0', '0', '3', 'lifetime', 'active', NULL, '0', '0', NULL, '2025-11-27 00:00:00', '2025-11-27 01:20:35', 'cus_TUu0ODezf802hJ', NULL, NULL, '0', 'Confirmed', '30', 'Approved', NULL, NULL, NULL, NULL, NULL, '0', '1', NULL, NULL, NULL, NULL, NULL, NULL, NULL, NULL, '1', '1', '1', NULL, '0', '0', '0', '0', '0', NULL, '1', '0', NULL, '0', '0', 'order', '0', 'en', '0', '0', '1', '10'),
('3', 'alcapone.hellopos.online', 'AL CAPONE CLUB', 'al-capone-club', '3 Evlogi Georgiev \nKapana\nPlovdiv', '877022773', '359', 'vip.zakov@gmail.com', 'Europe/Sofia', '#2563EB', '37, 99, 235', 'ad90bcb29c74651348a06547370745eb.png', '35', '0', '0', '0', '12', 'free', '1', '2025-11-27 10:17:19', '2025-12-03 15:02:46', '0', '<p class=\"text-lg text-gray-600 mb-6\">\n          Welcome to our restaurant, where great food and good vibes come together! We\'re a local, family-owned spot that loves bringing people together over delicious meals and unforgettable moments. Whether you\'re here for a quick bite, a family dinner, or a celebration, we\'re all about making your time with us special.\n        </p>\n        <p class=\"text-lg text-gray-600 mb-6\">\n          Our menu is packed with dishes made from fresh, quality ingredients because we believe food should taste as\n          good as it makes you feel. From our signature dishes to seasonal specials, there\'s always something to excite\n          your taste buds.\n        </p>\n        <p class=\"text-lg text-gray-600 mb-6\">\n          But we\'re not just about the food—we\'re about community. We love seeing familiar faces and welcoming new ones.\n          Our team is a fun, friendly bunch dedicated to serving you with a smile and making sure every visit feels like\n          coming home.\n        </p>\n        <p class=\"text-lg text-gray-600\">\n          So, come on in, grab a seat, and let us take care of the rest. We can\'t wait to share our love of food with\n          you!\n        </p>\n        <p class=\"text-lg text-gray-800 font-semibold mt-6\">See you soon! 🍽️✨</p>', '1', '1', '7', '1', '1', '1', '0', '6', 'annual', 'active', '2027-01-03 00:00:00', '0', '0', NULL, '2025-12-03 00:00:00', '2025-11-27 10:17:19', NULL, NULL, NULL, '1', 'Confirmed', '30', 'Approved', NULL, NULL, NULL, NULL, NULL, '0', '1', NULL, NULL, NULL, NULL, NULL, NULL, NULL, NULL, '1', '1', '0', NULL, '1', '1', '0', '0', '0', NULL, '1', '0', NULL, '0', '0', 'order', '0', 'en', '1', '1', '1', '10'),
('4', 'amant1.hellopos.online', 'Amant Wine And Craft Beer', 'amant-wine-and-craft-beer', 'Nikolay Haytov 6, Sofia', '884909605', '359', 'nicolas@abv.bg', 'Europe/Sofia', '#2563EB', '37, 99, 235', NULL, '35', '0', '0', '0', '16', 'free', '1', '2025-12-01 11:34:12', '2025-12-19 18:36:12', '0', '<p class=\"text-lg text-gray-600 mb-6\">\n          Welcome to our restaurant, where great food and good vibes come together! We\'re a local, family-owned spot that loves bringing people together over delicious meals and unforgettable moments. Whether you\'re here for a quick bite, a family dinner, or a celebration, we\'re all about making your time with us special.\n        </p>\n        <p class=\"text-lg text-gray-600 mb-6\">\n          Our menu is packed with dishes made from fresh, quality ingredients because we believe food should taste as\n          good as it makes you feel. From our signature dishes to seasonal specials, there\'s always something to excite\n          your taste buds.\n        </p>\n        <p class=\"text-lg text-gray-600 mb-6\">\n          But we\'re not just about the food—we\'re about community. We love seeing familiar faces and welcoming new ones.\n          Our team is a fun, friendly bunch dedicated to serving you with a smile and making sure every visit feels like\n          coming home.\n        </p>\n        <p class=\"text-lg text-gray-600\">\n          So, come on in, grab a seat, and let us take care of the rest. We can\'t wait to share our love of food with\n          you!\n        </p>\n        <p class=\"text-lg text-gray-800 font-semibold mt-6\">See you soon! 🍽️✨</p>', '1', '1', '7', '1', '1', '1', '0', '5', 'trial', 'active', '2025-12-31 11:34:12', '0', '-1', '2025-12-31 11:34:12', '2025-12-01 11:34:12', '2025-12-01 11:34:12', NULL, NULL, NULL, '1', 'Confirmed', '30', 'Approved', NULL, NULL, NULL, NULL, NULL, '0', '1', NULL, NULL, NULL, NULL, NULL, NULL, NULL, NULL, '1', '1', '0', NULL, '1', '1', '0', '0', '0', NULL, '1', '0', NULL, '0', '0', 'order', '0', 'en', '1', '1', '1', '10');


-- Table structure for table `role_has_permissions`
CREATE TABLE `role_has_permissions` (
  `permission_id` bigint unsigned NOT NULL,
  `role_id` bigint unsigned NOT NULL,
  PRIMARY KEY (`permission_id`,`role_id`),
  KEY `role_has_permissions_role_id_foreign` (`role_id`),
  CONSTRAINT `role_has_permissions_permission_id_foreign` FOREIGN KEY (`permission_id`) REFERENCES `permissions` (`id`) ON DELETE CASCADE,
  CONSTRAINT `role_has_permissions_role_id_foreign` FOREIGN KEY (`role_id`) REFERENCES `roles` (`id`) ON DELETE CASCADE
) ENGINE=InnoDB DEFAULT CHARSET=utf8mb4 COLLATE=utf8mb4_unicode_ci;

-- Dumping data for table `role_has_permissions`
INSERT INTO `role_has_permissions` VALUES
('1', '2'),
('2', '2'),
('3', '2'),
('4', '2'),
('5', '2'),
('6', '2'),
('7', '2'),
('8', '2'),
('9', '2'),
('10', '2'),
('11', '2'),
('12', '2'),
('13', '2'),
('14', '2'),
('15', '2'),
('16', '2'),
('17', '2'),
('18', '2'),
('19', '2'),
('20', '2'),
('21', '2'),
('22', '2'),
('23', '2'),
('24', '2'),
('25', '2'),
('26', '2'),
('27', '2'),
('28', '2'),
('29', '2'),
('30', '2'),
('31', '2'),
('32', '2'),
('33', '2'),
('34', '2'),
('35', '2'),
('36', '2'),
('37', '2'),
('38', '2'),
('39', '2'),
('40', '2'),
('41', '2'),
('42', '2'),
('43', '2'),
('44', '2'),
('45', '2'),
('46', '2'),
('47', '2'),
('48', '2'),
('49', '2'),
('50', '2'),
('51', '2'),
('52', '2'),
('53', '2'),
('54', '2'),
('55', '2'),
('56', '2'),
('57', '2'),
('58', '2'),
('59', '2'),
('60', '2'),
('61', '2'),
('62', '2'),
('63', '2'),
('64', '2'),
('65', '2'),
('66', '2'),
('67', '2'),
('68', '2'),
('69', '2'),
('70', '2'),
('71', '2'),
('72', '2'),
('73', '2'),
('74', '2'),
('75', '2'),
('76', '2'),
('77', '2'),
('78', '2'),
('79', '2'),
('80', '2'),
('81', '2'),
('82', '2'),
('83', '2'),
('84', '2'),
('85', '2'),
('86', '2'),
('87', '2'),
('88', '2'),
('89', '2'),
('90', '2'),
('91', '2'),
('92', '2'),
('1', '3'),
('2', '3'),
('3', '3'),
('4', '3'),
('5', '3'),
('6', '3'),
('7', '3'),
('8', '3'),
('9', '3'),
('10', '3'),
('11', '3'),
('12', '3'),
('13', '3'),
('14', '3'),
('15', '3'),
('16', '3'),
('17', '3'),
('18', '3'),
('19', '3'),
('20', '3'),
('21', '3'),
('22', '3'),
('23', '3'),
('24', '3'),
('25', '3'),
('26', '3'),
('27', '3'),
('28', '3'),
('29', '3'),
('30', '3'),
('31', '3'),
('32', '3'),
('33', '3'),
('34', '3'),
('35', '3'),
('36', '3'),
('37', '3'),
('38', '3'),
('39', '3'),
('40', '3'),
('41', '3'),
('42', '3'),
('43', '3'),
('44', '3'),
('45', '3'),
('46', '3'),
('47', '3'),
('48', '3'),
('49', '3'),
('50', '3'),
('51', '3'),
('52', '3'),
('53', '3'),
('54', '3'),
('55', '3'),
('56', '3'),
('57', '3'),
('58', '3'),
('59', '3'),
('60', '3'),
('61', '3'),
('62', '3'),
('63', '3'),
('64', '3'),
('65', '3'),
('66', '3'),
('67', '3'),
('68', '3'),
('69', '3'),
('70', '3'),
('71', '3'),
('72', '3'),
('73', '3'),
('74', '3'),
('75', '3'),
('76', '3'),
('77', '3'),
('78', '3'),
('79', '3'),
('80', '3'),
('81', '3'),
('82', '3'),
('83', '3'),
('84', '3'),
('85', '3'),
('86', '3'),
('87', '3'),
('88', '3'),
('89', '3'),
('90', '3'),
('91', '3'),
('92', '3'),
('1', '6'),
('2', '6'),
('3', '6'),
('4', '6'),
('5', '6'),
('6', '6'),
('7', '6'),
('8', '6'),
('9', '6'),
('10', '6'),
('11', '6'),
('12', '6'),
('13', '6'),
('14', '6'),
('15', '6'),
('16', '6'),
('17', '6'),
('18', '6'),
('19', '6'),
('20', '6'),
('21', '6'),
('22', '6'),
('23', '6'),
('24', '6'),
('25', '6'),
('26', '6'),
('27', '6'),
('28', '6'),
('29', '6'),
('30', '6'),
('31', '6'),
('32', '6'),
('33', '6'),
('34', '6'),
('35', '6'),
('36', '6'),
('37', '6'),
('38', '6'),
('39', '6'),
('40', '6'),
('41', '6'),
('42', '6'),
('43', '6'),
('44', '6'),
('45', '6'),
('46', '6'),
('47', '6'),
('48', '6'),
('49', '6'),
('50', '6'),
('51', '6'),
('52', '6'),
('53', '6'),
('54', '6'),
('55', '6'),
('56', '6'),
('57', '6'),
('58', '6'),
('59', '6'),
('60', '6'),
('61', '6'),
('62', '6'),
('63', '6'),
('64', '6'),
('65', '6'),
('66', '6'),
('67', '6'),
('68', '6'),
('69', '6'),
('70', '6'),
('71', '6'),
('72', '6'),
('73', '6'),
('74', '6'),
('75', '6'),
('76', '6'),
('77', '6'),
('78', '6'),
('79', '6'),
('80', '6'),
('81', '6'),
('82', '6'),
('83', '6'),
('84', '6'),
('85', '6'),
('86', '6'),
('87', '6'),
('88', '6'),
('89', '6'),
('90', '6'),
('91', '6'),
('92', '6'),
('1', '7'),
('2', '7'),
('3', '7'),
('4', '7'),
('5', '7'),
('6', '7'),
('7', '7'),
('8', '7'),
('9', '7'),
('10', '7'),
('11', '7'),
('12', '7'),
('13', '7'),
('14', '7'),
('15', '7'),
('16', '7'),
('17', '7'),
('18', '7'),
('19', '7'),
('20', '7'),
('21', '7'),
('22', '7'),
('23', '7'),
('24', '7'),
('25', '7'),
('26', '7'),
('27', '7'),
('28', '7'),
('29', '7'),
('30', '7'),
('31', '7'),
('32', '7'),
('33', '7'),
('34', '7'),
('35', '7'),
('36', '7'),
('37', '7'),
('38', '7'),
('39', '7'),
('40', '7'),
('41', '7'),
('42', '7'),
('43', '7'),
('44', '7'),
('45', '7'),
('46', '7'),
('47', '7'),
('48', '7'),
('49', '7'),
('50', '7'),
('51', '7'),
('52', '7'),
('53', '7'),
('54', '7'),
('55', '7'),
('56', '7'),
('57', '7'),
('58', '7'),
('59', '7'),
('60', '7'),
('61', '7'),
('62', '7'),
('63', '7'),
('64', '7'),
('65', '7'),
('66', '7'),
('67', '7'),
('68', '7'),
('69', '7'),
('70', '7'),
('71', '7'),
('72', '7'),
('73', '7'),
('74', '7'),
('75', '7'),
('76', '7'),
('77', '7'),
('78', '7'),
('79', '7'),
('80', '7'),
('81', '7'),
('82', '7'),
('83', '7'),
('84', '7'),
('85', '7'),
('86', '7'),
('87', '7'),
('88', '7'),
('89', '7'),
('90', '7'),
('91', '7'),
('92', '7'),
('1', '10'),
('2', '10'),
('3', '10'),
('4', '10'),
('5', '10'),
('6', '10'),
('7', '10'),
('8', '10'),
('9', '10'),
('10', '10'),
('11', '10'),
('12', '10'),
('13', '10'),
('14', '10'),
('15', '10'),
('16', '10'),
('17', '10'),
('18', '10'),
('19', '10'),
('20', '10'),
('21', '10'),
('22', '10'),
('23', '10'),
('24', '10'),
('25', '10'),
('26', '10'),
('27', '10'),
('28', '10'),
('29', '10'),
('30', '10'),
('31', '10'),
('32', '10'),
('33', '10'),
('34', '10'),
('35', '10'),
('36', '10'),
('37', '10'),
('38', '10'),
('39', '10'),
('40', '10'),
('41', '10'),
('42', '10'),
('43', '10'),
('44', '10'),
('45', '10'),
('46', '10'),
('47', '10'),
('48', '10'),
('49', '10'),
('50', '10'),
('51', '10'),
('52', '10'),
('53', '10'),
('54', '10'),
('55', '10'),
('56', '10'),
('57', '10'),
('58', '10'),
('59', '10'),
('60', '10'),
('61', '10'),
('62', '10'),
('63', '10'),
('64', '10'),
('65', '10'),
('66', '10'),
('67', '10'),
('68', '10'),
('69', '10'),
('70', '10'),
('71', '10'),
('72', '10'),
('73', '10'),
('74', '10'),
('75', '10'),
('76', '10'),
('77', '10'),
('78', '10'),
('79', '10'),
('80', '10'),
('81', '10'),
('82', '10'),
('83', '10'),
('84', '10'),
('85', '10'),
('86', '10'),
('87', '10'),
('88', '10'),
('89', '10'),
('90', '10'),
('91', '10'),
('92', '10'),
('1', '11'),
('2', '11'),
('3', '11'),
('4', '11'),
('5', '11'),
('6', '11'),
('7', '11'),
('8', '11'),
('9', '11'),
('10', '11'),
('11', '11'),
('12', '11'),
('13', '11'),
('14', '11'),
('15', '11'),
('16', '11'),
('17', '11'),
('18', '11'),
('19', '11'),
('20', '11'),
('21', '11'),
('22', '11'),
('23', '11'),
('24', '11'),
('25', '11'),
('26', '11'),
('27', '11'),
('28', '11'),
('29', '11'),
('30', '11'),
('31', '11'),
('32', '11'),
('33', '11'),
('34', '11'),
('35', '11'),
('36', '11'),
('37', '11'),
('38', '11'),
('39', '11'),
('40', '11'),
('41', '11'),
('42', '11'),
('43', '11'),
('44', '11'),
('45', '11'),
('46', '11'),
('47', '11'),
('48', '11'),
('49', '11'),
('50', '11'),
('51', '11'),
('52', '11'),
('53', '11'),
('54', '11'),
('55', '11'),
('56', '11'),
('57', '11'),
('58', '11'),
('59', '11'),
('60', '11'),
('61', '11'),
('62', '11'),
('63', '11'),
('64', '11'),
('65', '11'),
('66', '11'),
('67', '11'),
('68', '11'),
('69', '11'),
('70', '11'),
('71', '11'),
('72', '11'),
('73', '11'),
('74', '11'),
('75', '11'),
('76', '11'),
('77', '11'),
('78', '11'),
('79', '11'),
('80', '11'),
('81', '11'),
('82', '11'),
('83', '11'),
('84', '11'),
('85', '11'),
('86', '11'),
('87', '11'),
('88', '11'),
('89', '11'),
('90', '11'),
('91', '11'),
('92', '11'),
('2', '14'),
('6', '14'),
('10', '14'),
('14', '14'),
('18', '14'),
('25', '14'),
('26', '14'),
('27', '14'),
('28', '14'),
('30', '14'),
('31', '14'),
('32', '14'),
('33', '14'),
('34', '14'),
('43', '14'),
('46', '14'),
('1', '15'),
('2', '15'),
('3', '15'),
('4', '15'),
('5', '15'),
('6', '15'),
('7', '15'),
('8', '15'),
('9', '15'),
('10', '15'),
('11', '15'),
('12', '15'),
('13', '15'),
('14', '15'),
('15', '15'),
('16', '15'),
('17', '15'),
('18', '15'),
('19', '15'),
('20', '15'),
('21', '15'),
('22', '15'),
('23', '15'),
('24', '15'),
('25', '15'),
('26', '15'),
('27', '15'),
('28', '15'),
('29', '15'),
('30', '15'),
('31', '15'),
('32', '15'),
('33', '15'),
('34', '15'),
('35', '15'),
('36', '15'),
('37', '15'),
('38', '15'),
('39', '15'),
('40', '15'),
('41', '15'),
('42', '15'),
('43', '15'),
('44', '15'),
('45', '15'),
('46', '15'),
('47', '15'),
('48', '15'),
('49', '15'),
('50', '15'),
('51', '15'),
('52', '15'),
('53', '15'),
('54', '15'),
('55', '15'),
('56', '15'),
('57', '15'),
('58', '15'),
('59', '15'),
('60', '15'),
('61', '15'),
('62', '15'),
('63', '15'),
('64', '15'),
('65', '15'),
('66', '15'),
('67', '15'),
('68', '15'),
('69', '15'),
('70', '15'),
('71', '15'),
('72', '15'),
('73', '15'),
('74', '15'),
('75', '15'),
('76', '15'),
('77', '15'),
('78', '15'),
('79', '15'),
('80', '15'),
('81', '15'),
('82', '15'),
('83', '15'),
('84', '15'),
('85', '15'),
('86', '15'),
('87', '15'),
('88', '15'),
('89', '15'),
('90', '15'),
('91', '15'),
('92', '15'),
('1', '16'),
('2', '16'),
('3', '16'),
('4', '16'),
('5', '16'),
('6', '16'),
('7', '16'),
('8', '16'),
('9', '16'),
('10', '16'),
('11', '16'),
('12', '16'),
('13', '16'),
('14', '16'),
('15', '16'),
('16', '16'),
('17', '16'),
('18', '16'),
('19', '16'),
('20', '16'),
('21', '16'),
('22', '16'),
('23', '16'),
('24', '16'),
('25', '16'),
('26', '16'),
('27', '16'),
('28', '16'),
('29', '16'),
('30', '16'),
('31', '16'),
('32', '16'),
('33', '16'),
('34', '16'),
('35', '16'),
('36', '16'),
('37', '16'),
('38', '16'),
('39', '16'),
('40', '16'),
('41', '16'),
('42', '16'),
('43', '16'),
('44', '16'),
('45', '16'),
('46', '16'),
('47', '16'),
('48', '16'),
('49', '16'),
('50', '16'),
('51', '16'),
('52', '16'),
('53', '16'),
('54', '16'),
('55', '16'),
('56', '16'),
('57', '16'),
('58', '16'),
('59', '16'),
('60', '16'),
('61', '16'),
('62', '16'),
('63', '16'),
('64', '16'),
('65', '16'),
('66', '16'),
('67', '16'),
('68', '16'),
('69', '16'),
('70', '16'),
('71', '16'),
('72', '16'),
('73', '16'),
('74', '16'),
('75', '16'),
('76', '16'),
('77', '16'),
('78', '16'),
('79', '16'),
('80', '16'),
('81', '16'),
('82', '16'),
('83', '16'),
('84', '16'),
('85', '16'),
('86', '16'),
('87', '16'),
('88', '16'),
('89', '16'),
('90', '16'),
('91', '16'),
('92', '16');


-- Table structure for table `roles`
CREATE TABLE `roles` (
  `id` bigint unsigned NOT NULL AUTO_INCREMENT,
  `name` varchar(191) COLLATE utf8mb4_unicode_ci NOT NULL,
  `display_name` varchar(191) COLLATE utf8mb4_unicode_ci DEFAULT NULL,
  `guard_name` varchar(191) COLLATE utf8mb4_unicode_ci NOT NULL,
  `created_at` timestamp NULL DEFAULT NULL,
  `updated_at` timestamp NULL DEFAULT NULL,
  `restaurant_id` bigint unsigned DEFAULT NULL,
  PRIMARY KEY (`id`),
  UNIQUE KEY `roles_name_guard_name_unique` (`name`,`guard_name`),
  KEY `roles_restaurant_id_foreign` (`restaurant_id`),
  CONSTRAINT `roles_restaurant_id_foreign` FOREIGN KEY (`restaurant_id`) REFERENCES `restaurants` (`id`) ON DELETE CASCADE
) ENGINE=InnoDB AUTO_INCREMENT=19 DEFAULT CHARSET=utf8mb4 COLLATE=utf8mb4_unicode_ci;

-- Dumping data for table `roles`
INSERT INTO `roles` VALUES
('1', 'Super Admin', 'Super Admin', 'web', '2025-11-27 00:00:50', '2025-11-27 00:00:50', NULL),
('2', 'Admin_1', 'Admin', 'web', '2025-11-27 00:00:54', '2025-11-27 00:00:54', '1'),
('3', 'Branch Head_1', 'Branch Head', 'web', '2025-11-27 00:00:54', '2025-11-27 00:00:54', '1'),
('4', 'Waiter_1', 'Waiter', 'web', '2025-11-27 00:00:54', '2025-11-27 00:00:54', '1'),
('5', 'Chef_1', 'Chef', 'web', '2025-11-27 00:00:54', '2025-11-27 00:00:54', '1'),
('6', 'Admin_2', 'Admin', 'web', '2025-11-27 01:20:35', '2025-11-27 01:20:35', '2'),
('7', 'Branch Head_2', 'Branch Head', 'web', '2025-11-27 01:20:35', '2025-11-27 01:20:35', '2'),
('8', 'Waiter_2', 'Waiter', 'web', '2025-11-27 01:20:35', '2025-11-27 01:20:35', '2'),
('9', 'Chef_2', 'Chef', 'web', '2025-11-27 01:20:35', '2025-11-27 01:20:35', '2'),
('10', 'Admin_3', 'Admin', 'web', '2025-11-27 10:17:23', '2025-11-27 10:17:23', '3'),
('11', 'Branch Head_3', 'Branch Head', 'web', '2025-11-27 10:17:23', '2025-11-27 10:17:23', '3'),
('12', 'Waiter_3', 'Waiter', 'web', '2025-11-27 10:17:23', '2025-11-27 10:17:23', '3'),
('13', 'Chef_3', 'Chef', 'web', '2025-11-27 10:17:23', '2025-11-27 10:17:23', '3'),
('14', 'Barman_3', 'Barman', 'web', '2025-11-27 15:59:51', '2025-11-27 15:59:51', '3'),
('15', 'Admin_4', 'Admin', 'web', '2025-12-01 11:34:16', '2025-12-01 11:34:16', '4'),
('16', 'Branch Head_4', 'Branch Head', 'web', '2025-12-01 11:34:16', '2025-12-01 11:34:16', '4'),
('17', 'Waiter_4', 'Waiter', 'web', '2025-12-01 11:34:17', '2025-12-01 11:34:17', '4'),
('18', 'Chef_4', 'Chef', 'web', '2025-12-01 11:34:17', '2025-12-01 11:34:17', '4');


-- Table structure for table `sessions`
CREATE TABLE `sessions` (
  `id` varchar(191) COLLATE utf8mb4_unicode_ci NOT NULL,
  `user_id` bigint unsigned DEFAULT NULL,
  `ip_address` varchar(45) COLLATE utf8mb4_unicode_ci DEFAULT NULL,
  `user_agent` text COLLATE utf8mb4_unicode_ci,
  `payload` longtext COLLATE utf8mb4_unicode_ci NOT NULL,
  `last_activity` int NOT NULL,
  PRIMARY KEY (`id`),
  KEY `sessions_user_id_index` (`user_id`),
  KEY `sessions_last_activity_index` (`last_activity`)
) ENGINE=InnoDB DEFAULT CHARSET=utf8mb4 COLLATE=utf8mb4_unicode_ci;

-- Dumping data for table `sessions`
INSERT INTO `sessions` VALUES
('2x1xctDssC7TAkhqEVnUOgkGP36FixiPFOJN4sXB', NULL, '138.246.253.7', 'quic-go-HTTP/3', 'YTo2OntzOjY6Il90b2tlbiI7czo0MDoibFhNd3ZGZmgzVmNvSmNNeVVJeUhxS082ak1lZXdISWR2QmhMSlVJcyI7czoyMDoiY2hlY2tfbWlncmF0ZV9zdGF0dXMiO3M6NDoiR29vZCI7czoxNToiY3VzdG9tZXJfaXNfcnRsIjtiOjA7czozMToiZ2xvYmFsX2N1cnJlbmN5X2Zvcm1hdF9zZXR0aW5nNCI7TzoyNToiQXBwXE1vZGVsc1xHbG9iYWxDdXJyZW5jeSI6MzQ6e3M6MTM6IgAqAGNvbm5lY3Rpb24iO3M6NToibXlzcWwiO3M6ODoiACoAdGFibGUiO3M6MTc6Imdsb2JhbF9jdXJyZW5jaWVzIjtzOjEzOiIAKgBwcmltYXJ5S2V5IjtzOjI6ImlkIjtzOjEwOiIAKgBrZXlUeXBlIjtzOjM6ImludCI7czoxMjoiaW5jcmVtZW50aW5nIjtiOjE7czo3OiIAKgB3aXRoIjthOjA6e31zOjEyOiIAKgB3aXRoQ291bnQiO2E6MDp7fXM6MTk6InByZXZlbnRzTGF6eUxvYWRpbmciO2I6MDtzOjEwOiIAKgBwZXJQYWdlIjtpOjE1O3M6NjoiZXhpc3RzIjtiOjE7czoxODoid2FzUmVjZW50bHlDcmVhdGVkIjtiOjA7czoyODoiACoAZXNjYXBlV2hlbkNhc3RpbmdUb1N0cmluZyI7YjowO3M6MTM6IgAqAGF0dHJpYnV0ZXMiO2E6MTU6e3M6MjoiaWQiO2k6NDtzOjEzOiJjdXJyZW5jeV9uYW1lIjtzOjU6IkV1cm9zIjtzOjE1OiJjdXJyZW5jeV9zeW1ib2wiO3M6Mzoi4oKsIjtzOjEzOiJjdXJyZW5jeV9jb2RlIjtzOjM6IkVVUiI7czoxMzoiZXhjaGFuZ2VfcmF0ZSI7TjtzOjk6InVzZF9wcmljZSI7TjtzOjE3OiJpc19jcnlwdG9jdXJyZW5jeSI7czoyOiJubyI7czoxNzoiY3VycmVuY3lfcG9zaXRpb24iO3M6NDoibGVmdCI7czoxMzoibm9fb2ZfZGVjaW1hbCI7aToyO3M6MTg6InRob3VzYW5kX3NlcGFyYXRvciI7czoxOiIsIjtzOjE3OiJkZWNpbWFsX3NlcGFyYXRvciI7czoxOiIuIjtzOjY6InN0YXR1cyI7czo2OiJlbmFibGUiO3M6MTA6ImNyZWF0ZWRfYXQiO3M6MTk6IjIwMjUtMTEtMjcgMDA6MDA6MjYiO3M6MTA6InVwZGF0ZWRfYXQiO3M6MTk6IjIwMjUtMTEtMjcgMDA6MDA6MjYiO3M6MTA6ImRlbGV0ZWRfYXQiO047fXM6MTE6IgAqAG9yaWdpbmFsIjthOjE1OntzOjI6ImlkIjtpOjQ7czoxMzoiY3VycmVuY3lfbmFtZSI7czo1OiJFdXJvcyI7czoxNToiY3VycmVuY3lfc3ltYm9sIjtzOjM6IuKCrCI7czoxMzoiY3VycmVuY3lfY29kZSI7czozOiJFVVIiO3M6MTM6ImV4Y2hhbmdlX3JhdGUiO047czo5OiJ1c2RfcHJpY2UiO047czoxNzoiaXNfY3J5cHRvY3VycmVuY3kiO3M6Mjoibm8iO3M6MTc6ImN1cnJlbmN5X3Bvc2l0aW9uIjtzOjQ6ImxlZnQiO3M6MTM6Im5vX29mX2RlY2ltYWwiO2k6MjtzOjE4OiJ0aG91c2FuZF9zZXBhcmF0b3IiO3M6MToiLCI7czoxNzoiZGVjaW1hbF9zZXBhcmF0b3IiO3M6MToiLiI7czo2OiJzdGF0dXMiO3M6NjoiZW5hYmxlIjtzOjEwOiJjcmVhdGVkX2F0IjtzOjE5OiIyMDI1LTExLTI3IDAwOjAwOjI2IjtzOjEwOiJ1cGRhdGVkX2F0IjtzOjE5OiIyMDI1LTExLTI3IDAwOjAwOjI2IjtzOjEwOiJkZWxldGVkX2F0IjtOO31zOjEwOiIAKgBjaGFuZ2VzIjthOjA6e31zOjExOiIAKgBwcmV2aW91cyI7YTowOnt9czo4OiIAKgBjYXN0cyI7YToyOntzOjE3OiJpc19jcnlwdG9jdXJyZW5jeSI7czo3OiJib29sZWFuIjtzOjEwOiJkZWxldGVkX2F0IjtzOjg6ImRhdGV0aW1lIjt9czoxNzoiACoAY2xhc3NDYXN0Q2FjaGUiO2E6MDp7fXM6MjE6IgAqAGF0dHJpYnV0ZUNhc3RDYWNoZSI7YTowOnt9czoxMzoiACoAZGF0ZUZvcm1hdCI7TjtzOjEwOiIAKgBhcHBlbmRzIjthOjA6e31zOjE5OiIAKgBkaXNwYXRjaGVzRXZlbnRzIjthOjA6e31zOjE0OiIAKgBvYnNlcnZhYmxlcyI7YTowOnt9czoxMjoiACoAcmVsYXRpb25zIjthOjA6e31zOjEwOiIAKgB0b3VjaGVzIjthOjA6e31zOjI3OiIAKgByZWxhdGlvbkF1dG9sb2FkQ2FsbGJhY2siO047czoyNjoiACoAcmVsYXRpb25BdXRvbG9hZENvbnRleHQiO047czoxMDoidGltZXN0YW1wcyI7YjoxO3M6MTM6InVzZXNVbmlxdWVJZHMiO2I6MDtzOjk6IgAqAGhpZGRlbiI7YTowOnt9czoxMDoiACoAdmlzaWJsZSI7YTowOnt9czoxMToiACoAZmlsbGFibGUiO2E6MTE6e2k6MDtzOjEzOiJjdXJyZW5jeV9uYW1lIjtpOjE7czoxNToiY3VycmVuY3lfc3ltYm9sIjtpOjI7czoxMzoiY3VycmVuY3lfY29kZSI7aTozO3M6MTM6ImV4Y2hhbmdlX3JhdGUiO2k6NDtzOjk6InVzZF9wcmljZSI7aTo1O3M6MTc6ImlzX2NyeXB0b2N1cnJlbmN5IjtpOjY7czoxNzoiY3VycmVuY3lfcG9zaXRpb24iO2k6NztzOjEzOiJub19vZl9kZWNpbWFsIjtpOjg7czoxODoidGhvdXNhbmRfc2VwYXJhdG9yIjtpOjk7czoxNzoiZGVjaW1hbF9zZXBhcmF0b3IiO2k6MTA7czo2OiJzdGF0dXMiO31zOjEwOiIAKgBndWFyZGVkIjthOjE6e2k6MDtzOjE6IioiO31zOjE2OiIAKgBmb3JjZURlbGV0aW5nIjtiOjA7fXM6NDoidXNlciI7TjtzOjY6Il9mbGFzaCI7YToyOntzOjM6Im9sZCI7YTowOnt9czozOiJuZXciO2E6MDp7fX19', '1766166568'),
('4769WGdqSNEvozEgNKNXHiHn1IoPNQK7EKkoyWU0', '7', '212.104.118.127', 'Mozilla/5.0 (Windows NT 10.0; Win64; x64) AppleWebKit/537.36 (KHTML, like Gecko) Chrome/143.0.0.0 Safari/537.36', '[encoded data, 159560 characters]', '1766173261'),
('53UyskGSzWRxUk8DfmZLkIqb7P4fuzNxINaUnNoF', NULL, '87.97.194.130', 'Mozilla/5.0 (Windows NT 10.0; Win64; x64) AppleWebKit/537.36 (KHTML, like Gecko) Chrome/143.0.0.0 Safari/537.36', '[encoded data, 15412 characters]', '1766168182'),
('6pvf0Y5M7cLKMfMDCFCehmg0OjgLiLN6SEsWnqEH', '4', '212.104.118.127', 'Mozilla/5.0 (Windows NT 10.0; Win64; x64) AppleWebKit/537.36 (KHTML, like Gecko) Chrome/143.0.0.0 Safari/537.36', '[encoded data, 84047 characters]